000
CXUS55 KBOU 300758
CF6APA
PRELIMINARY LOCAL CLIMATOLOGICAL DATA (WS FORM: F-6)

                                          STATION:   CENTENNIAL CO
                                          MONTH:     SEPTEMBER
                                          YEAR:      2016
                                          LATITUDE:   39 33 N
                                          LONGITUDE: 104 51 W

  TEMPERATURE IN F:       :PCPN:    SNOW:  WIND      :SUNSHINE: SKY     :PK WND
================================================================================
1   2   3   4   5  6A  6B    7    8   9   10  11  12  13   14  15   16   17  18
                                     12Z  AVG MX 2MIN
DY MAX MIN AVG DEP HDD CDD  WTR  SNW DPTH SPD SPD DIR MIN PSBL S-S WX    SPD DR
================================================================================

 1  83  55  69   2   0   4 0.00    M    M 10.9 26 170   M    M   4        31 180
 2  83  60  72   6   0   7    T    M    M  7.3 20 170   M    M   6        24 160
 3  87  57  72   6   0   7    T    M    M  6.7 22 340   M    M   5        25  10
 4  86  56  71   5   0   6    T    M    M 10.1 35 240   M    M   3        43 210
 5  89  49  69   3   0   4 0.00    M    M  8.6 24 220   M    M   2        33 180
 6  80  58  69   4   0   4 0.01    M    M  5.8 16  80   M    M   7 1      23 220
 7  86  55  71   6   0   6 0.00    M    M  5.2 18  90   M    M   7 18     24  80
 8  86  49  68   3   0   3 0.00    M    M  5.5 15 170   M    M   2        19 170
 9  74  44  59  -5   6   0 0.00    M    M  8.4 25  20   M    M   3        30  20
10  78  40  59  -5   6   0 0.00    M    M  9.5 20 140   M    M   1        25 160
11  89  53  71   7   0   6 0.00    M    M  8.0 16 230   M    M   5        21 210
12  76  53  65   2   0   0 0.20    M    M  9.1 22 210   M    M   6 1      28 240
13  67  48  58  -5   7   0 0.01    M    M  7.5 20 310   M    M   8 3      26 310
14  79  49  64   2   1   0    T    M    M 10.4 30 210   M    M   6 3      37 210
15  76  47  62   0   3   0 0.00    M    M  5.8 22  20   M    M   4        28  10
16  72  43  58  -4   7   0 0.01    M    M  7.1 20 190   M    M   3 3      24 200
17  76  48  62   1   3   0 0.00    M    M  6.6 15 170   M    M   1        21 190
18  86  50  68   7   0   3 0.00    M    M  6.1 16 250   M    M   1        20 260
19  88  51  70  10   0   5 0.00    M    M  7.5 17 170   M    M   2        22 170
20  87  60  74  14   0   9 0.00    M    M  5.8 30 230   M    M   8        37 230
21  81  62  72  12   0   7 0.00    M    M  8.5 20 220   M    M   7        27 230
22  77  52  65   6   0   0 0.00    M    M  6.3 18 340   M    M   6 1      21 340
23  85  50  68   9   0   3 0.00    M    M 15.5 32 170   M    M   5        40 240
24  69  44  57  -1   8   0 0.00    M    M  7.6 22 310   M    M   4        31 310
25  66  39  53  -5  12   0 0.00    M    M  5.9 10 160   M    M   3        16  40
26  76  41  59   1   6   0 0.00    M    M  6.2 13 170   M    M   1        19  90
27  80  43  62   5   3   0 0.00    M    M  4.3 12  10   M    M   1 8      15 360
28  81  45  63   6   2   0 0.00    M    M  5.8 16  90   M    M   1        22  70
29  84  49  67  11   0   2 0.00    M    M  7.9 20 160   M    M   2        26 160
================================================================================
SM 2327 1450        64  76  0.23    M    219.9          M      114
================================================================================
AV 80.2 50.0                               7.6 FASTST   M    M   4    MAX(MPH)
                                 MISC ---->  # 35 240               # 43  210
================================================================================
NOTES:
# LAST OF SEVERAL OCCURRENCES

COLUMN 17 PEAK WIND IN M.P.H.

PRELIMINARY LOCAL CLIMATOLOGICAL DATA (WS FORM: F-6) , PAGE 2

                                          STATION:  CENTENNIAL CO
                                          MONTH:    SEPTEMBER
                                          YEAR:     2016
                                          LATITUDE:   39 33 N
                                          LONGITUDE: 104 51 W

[TEMPERATURE DATA]      [PRECIPITATION DATA]       SYMBOLS USED IN COLUMN 16

AVERAGE MONTHLY: 65.1   TOTAL FOR MONTH:   0.23    1 = FOG OR MIST
DPTR FM NORMAL:   3.3   DPTR FM NORMAL:   -0.92    2 = FOG REDUCING VISIBILITY
HIGHEST:    89 ON 11, 5 GRTST 24HR  0.21 ON 12-13      TO 1/4 MILE OR LESS
LOWEST:     39 ON 25                               3 = THUNDER
                        SNOW, ICE PELLETS, HAIL    4 = ICE PELLETS
                        TOTAL MONTH:    M          5 = HAIL
                        GRTST 24HR    M  ON   M    6 = FREEZING RAIN OR DRIZZLE
                        GRTST DEPTH:  M  ON   M    7 = DUSTSTORM OR SANDSTORM:
                                                       VSBY 1/2 MILE OR LESS
                                                   8 = SMOKE OR HAZE
[NO. OF DAYS WITH]      [WEATHER - DAYS WITH]      9 = BLOWING SNOW
                                                   X = TORNADO
MAX 32 OR BELOW:   0    0.01 INCH OR MORE:   4
MAX 90 OR ABOVE:   0    0.10 INCH OR MORE:   1
MIN 32 OR BELOW:   0    0.50 INCH OR MORE:   0
MIN  0 OR BELOW:   0    1.00 INCH OR MORE:   0

[HDD (BASE 65) ]
TOTAL THIS MO.    64    CLEAR  (SCALE 0-3)  12
DPTR FM NORMAL   -74    PTCLDY (SCALE 4-7)  16
TOTAL FM JUL 1    83    CLOUDY (SCALE 8-10)  1
DPTR FM NORMAL   -77

[CDD (BASE 65) ]
TOTAL THIS MO.    76
DPTR FM NORMAL    29    [PRESSURE DATA]
TOTAL FM JAN 1   720    HIGHEST SLP M ON M
DPTR FM NORMAL   162    LOWEST  SLP 29.48 ON 23

[REMARKS]
