000
CXUS52 KMFL 231000
CF6APF
PRELIMINARY LOCAL CLIMATOLOGICAL DATA (WS FORM: F-6)

                                          STATION:   NAPLES
                                          MONTH:     AUGUST
                                          YEAR:      2014
                                          LATITUDE:   26  8 N
                                          LONGITUDE:  81 46 W

  TEMPERATURE IN F:       :PCPN:    SNOW:  WIND      :SUNSHINE: SKY     :PK WND
================================================================================
1   2   3   4   5  6A  6B    7    8   9   10  11  12  13   14  15   16   17  18
                                     12Z  AVG MX 2MIN
DY MAX MIN AVG DEP HDD CDD  WTR  SNW DPTH SPD SPD DIR MIN PSBL S-S WX    SPD DR
================================================================================

 1  91  75  83   0   0  18 0.34  0.0    0  6.1 21  40   M    M   3 138    26  40
 2  92  75  84   1   0  19    T  0.0    0  6.6 16 270   M    M   2 3      20 310
 3  90  77  84   1   0  19 0.30  0.0    0  6.2 13  30   M    M   3 38     17  30
 4  88  74  81  -2   0  16 6.73  0.0    0  9.4 25 200   M    M   5 1238   32 220
 5  90  77  84   1   0  19    T  0.0    0  4.8 15 240   M    M   1 3      18 270
 6  90  78  84   1   0  19 0.00  0.0    0  3.5 13 270   M    M   1 3      17 260
 7  90  80  85   2   0  20 0.40  0.0    0  4.9 15  90   M    M   1 13     20 270
 8  91  77  84   1   0  19 0.00  0.0    0  6.9 18  90   M    M   2 3      23  90
 9  90  77  84   1   0  19 0.00  0.0    0  4.3 16 250   M    M   2 3      20 240
10  92  78  85   2   0  20 0.00  0.0    0  5.1 13 290   M    M   0        17 220
11  91  78  85   2   0  20 0.00  0.0    0  4.2 13 230   M    M   0        18 230
12  91  79  85   2   0  20 0.00  0.0    0  6.8 16 230   M    M   2        20 230
13  91  78  85   2   0  20 0.50  0.0    0  6.9 20 190   M    M   2 13     23 210
14  91  77  84   1   0  19 0.17  0.0    0  5.1 21 280   M    M   3 13     24 280
15  91  74  83   0   0  18 0.73  0.0    0  6.2 21 260   M    M   2 13     30 360
16  91  75  83   0   0  18 0.00  0.0    0  5.4 16 210   M    M   1 3      18 220
17  93  76  85   2   0  20 0.08  0.0    0  3.7 21  80   M    M   1 13     26  80
18  92  79  86   3   0  21 0.21  0.0    0  4.0 14 130   M    M   3 138    18 120
19  92  79  86   3   0  21 0.00  0.0    0  4.4 12 270   M    M   1 3      17 220
20  93  74  84   1   0  19 0.72  0.0    0  3.6 29 140   M    M   4 13     35 150
21  94  75  85   2   0  20 0.91  0.0    0  1.8 26 130   M    M   1 13     34 130
22  93  77  85   2   0  20 0.37  0.0    M  4.0 23  40   M    M   3 13     29  40
================================================================================
SM 2007 1689         0 424 11.46     0.0 113.9          M       43
================================================================================
AV 91.2 76.8                               5.2 FASTST   M    M   2    MAX(MPH)
                                 MISC ---->  # 29 140               # 35  150
================================================================================
NOTES:
# LAST OF SEVERAL OCCURRENCES

COLUMN 17 PEAK WIND IN M.P.H.

PRELIMINARY LOCAL CLIMATOLOGICAL DATA (WS FORM: F-6) , PAGE 2

                                          STATION:  NAPLES
                                          MONTH:    AUGUST
                                          YEAR:     2014
                                          LATITUDE:   26  8 N
                                          LONGITUDE:  81 46 W

[TEMPERATURE DATA]      [PRECIPITATION DATA]       SYMBOLS USED IN COLUMN 16

AVERAGE MONTHLY: 84.0   TOTAL FOR MONTH:  11.46    1 = FOG OR MIST
DPTR FM NORMAL:   1.0   DPTR FM NORMAL:    5.41    2 = FOG REDUCING VISIBILITY
HIGHEST:    94 ON 21    GRTST 24HR  6.93 ON  3- 4      TO 1/4 MILE OR LESS
LOWEST:     74 ON 20,15                            3 = THUNDER
                        SNOW, ICE PELLETS, HAIL    4 = ICE PELLETS
                        TOTAL MONTH:   0.0 INCH    5 = HAIL
                        GRTST 24HR     0.0         6 = FREEZING RAIN OR DRIZZLE
                        GRTST DEPTH:   0           7 = DUSTSTORM OR SANDSTORM:
                                                       VSBY 1/2 MILE OR LESS
                                                   8 = SMOKE OR HAZE
[NO. OF DAYS WITH]      [WEATHER - DAYS WITH]      9 = BLOWING SNOW
                                                   X = TORNADO
MAX 32 OR BELOW:   0    0.01 INCH OR MORE:  12
MAX 90 OR ABOVE:  21    0.10 INCH OR MORE:  11
MIN 32 OR BELOW:   0    0.50 INCH OR MORE:   5
MIN  0 OR BELOW:   0    1.00 INCH OR MORE:   1

[HDD (BASE 65) ]
TOTAL THIS MO.     0    CLEAR  (SCALE 0-3)  18
DPTR FM NORMAL     0    PTCLDY (SCALE 4-7)   4
TOTAL FM JUL 1     0    CLOUDY (SCALE 8-10)  0
DPTR FM NORMAL     0

[CDD (BASE 65) ]
TOTAL THIS MO.   424
DPTR FM NORMAL    28    [PRESSURE DATA]
TOTAL FM JAN 1  2689    HIGHEST SLP M ON M
DPTR FM NORMAL   199    LOWEST  SLP 29.88 ON  3

[REMARKS]
