000
CXUS54 KLCH 301710
CF6ARA
PRELIMINARY LOCAL CLIMATOLOGICAL DATA (WS FORM: F-6)

                                          STATION:   NEW IBERIA
                                          MONTH:     OCTOBER
                                          YEAR:      2014
                                          LATITUDE:   30  1 N
                                          LONGITUDE:  91 53 W

  TEMPERATURE IN F:       :PCPN:    SNOW:  WIND      :SUNSHINE: SKY     :PK WND
================================================================================
1   2   3   4   5  6A  6B    7    8   9   10  11  12  13   14  15   16   17  18
                                     12Z  AVG MX 2MIN
DY MAX MIN AVG DEP HDD CDD  WTR  SNW DPTH SPD SPD DIR MIN PSBL S-S WX    SPD DR
================================================================================

 1  87  75  81   6   0  16 0.84  0.0    0  6.6 14 160   M    M   4 13     18 160
 2  90  77  84  10   0  19 0.00  0.0    0  8.9 17 190   M    M   4 1      23 190
 3  84  65  75   1   0  10 0.59  0.0    0  7.1 31 320   M    M   4 13     37 310
 4  74  55  65  -9   0   0 0.00  0.0    0  8.1 22  20   M    M   0        26  20
 5  80  52  66  -7   0   1 0.00  0.0    0  6.0 16 180   M    M   0        21 180
 6  85  63  74   1   0   9 0.12  0.0    0  6.4 24 330   M    M   1 13     30 330
 7  87  63  75   2   0  10 0.00  0.0    0  4.3 13 210   M    M   1 12     15 200
 8  89  65  77   5   0  12    T  0.0    0  2.6  9 110   M    M   5 12     13 100
 9  90  73  82  10   0  17    T  0.0    0  7.4 16 190   M    M   2 1      21 190
10  90  71  81   9   0  16 0.00  0.0    0  6.5 15 200   M    M   2 12     20 190
11  88  70  79   7   0  14 0.19  0.0    0  3.8 20  40   M    M   2 138    23  40
12  89  70  80   9   0  15 0.00  0.0    0  7.1 17 190   M    M   1 1      23 170
13  89  64  77   6   0  12 0.36  0.0    0 13.4 35 240   M    M   5 13     42 230
14  76  56  66  -5   0   1 0.00  0.0    0  8.5 18 280   M    M   0        25 290
15  80  51  66  -4   0   1 0.00  0.0    0  5.3 17 320   M    M   0        23 320
16  84  53  69  -1   0   4 0.00  0.0    0  3.4 12 280   M    M   0        15 290
17  85  58  72   2   0   7 0.00  0.0    0  4.1 14 200   M    M   1 1      19 210
18  86  59  73   4   0   8 0.00  0.0    0  3.3 14  30   M    M   1 1      18  20
19  80  60  70   1   0   5 0.00  0.0    0  8.2 15  60   M    M   0        20  80
20  82  58  70   1   0   5 0.00  0.0    0  5.6 12  40   M    M   0        14  40
21  83  55  69   1   0   4 0.00  0.0    0  6.9 14  20   M    M   0        18  40
22  82  61  72   4   0   7 0.00  0.0    0  8.6 14  50   M    M   0        19  40
23  77  55  66  -2   0   1 0.00  0.0    0  7.3 13  80   M    M   0        16  80
24  78  50  64  -4   1   0 0.00  0.0    0  5.9 13  10   M    M   0        20 360
25  85  48  67   0   0   2 0.00  0.0    0  3.0  9  50   M    M   0        14  20
26  86  53  70   3   0   5 0.00  0.0    0  2.0 12 210   M    M   0 12     15 210
27  83  55  69   2   0   4 0.00  0.0    0  5.6 15 160   M    M   3 128    19 160
28  86  64  75   9   0  10 0.00  0.0    0  4.3 14 190   M    M   2 12     17 180
29  85  63  74   8   0   9 0.00  0.0    0  6.2 18  10   M    M   7 12     23 360
================================================================================
SM 2440 1762         1 224  2.10     0.0 176.4          M       45
================================================================================
AV 84.1 60.8                               6.1 FASTST   M    M   2    MAX(MPH)
                                 MISC ---->  # 35 240               # 42  230
================================================================================
NOTES:
# LAST OF SEVERAL OCCURRENCES

COLUMN 17 PEAK WIND IN M.P.H.

PRELIMINARY LOCAL CLIMATOLOGICAL DATA (WS FORM: F-6) , PAGE 2

                                          STATION:  NEW IBERIA
                                          MONTH:    OCTOBER
                                          YEAR:     2014
                                          LATITUDE:   30  1 N
                                          LONGITUDE:  91 53 W

[TEMPERATURE DATA]      [PRECIPITATION DATA]       SYMBOLS USED IN COLUMN 16

AVERAGE MONTHLY: 72.4   TOTAL FOR MONTH:   2.10    1 = FOG OR MIST
DPTR FM NORMAL:   2.1   DPTR FM NORMAL:   -2.74    2 = FOG REDUCING VISIBILITY
HIGHEST:    90 ON 10, 9 GRTST 24HR  0.84 ON  1- 1      TO 1/4 MILE OR LESS
LOWEST:     48 ON 25                               3 = THUNDER
                        SNOW, ICE PELLETS, HAIL    4 = ICE PELLETS
                        TOTAL MONTH:   0.0 INCH    5 = HAIL
                        GRTST 24HR     0.0         6 = FREEZING RAIN OR DRIZZLE
                        GRTST DEPTH:   0           7 = DUSTSTORM OR SANDSTORM:
                                                       VSBY 1/2 MILE OR LESS
                                                   8 = SMOKE OR HAZE
[NO. OF DAYS WITH]      [WEATHER - DAYS WITH]      9 = BLOWING SNOW
                                                   X = TORNADO
MAX 32 OR BELOW:   0    0.01 INCH OR MORE:   5
MAX 90 OR ABOVE:   3    0.10 INCH OR MORE:   5
MIN 32 OR BELOW:   0    0.50 INCH OR MORE:   2
MIN  0 OR BELOW:   0    1.00 INCH OR MORE:   0

[HDD (BASE 65) ]
TOTAL THIS MO.     1    CLEAR  (SCALE 0-3)  22
DPTR FM NORMAL   -25    PTCLDY (SCALE 4-7)   7
TOTAL FM JUL 1     1    CLOUDY (SCALE 8-10)  0
DPTR FM NORMAL   -26

[CDD (BASE 65) ]
TOTAL THIS MO.   224
DPTR FM NORMAL    42    [PRESSURE DATA]
TOTAL FM JAN 1  2807    HIGHEST SLP M ON M
DPTR FM NORMAL    69    LOWEST  SLP 29.74 ON 13

[REMARKS]
