670
CXUS56 KPQR 271200
CF6AST
PRELIMINARY LOCAL CLIMATOLOGICAL DATA (WS FORM: F-6)

                                          STATION:   ASTORIA OR
                                          MONTH:     FEBRUARY
                                          YEAR:      2017
                                          LATITUDE:   46  9 N
                                          LONGITUDE: 123 53 W

  TEMPERATURE IN F:       :PCPN:    SNOW:  WIND      :SUNSHINE: SKY     :PK WND
================================================================================
1   2   3   4   5  6A  6B    7    8   9   10  11  12  13   14  15   16   17  18
                                     12Z  AVG MX 2MIN
DY MAX MIN AVG DEP HDD CDD  WTR  SNW DPTH SPD SPD DIR MIN PSBL S-S WX    SPD DR
================================================================================

 1  43  34  39  -5  26   0 0.00  0.0    0 19.5 32  80   M    M   2        39  80
 2  45  34  40  -4  25   0 0.06  0.0    0 16.0 29 100   M    M   6        39 120
 3  49  35  42  -2  23   0 0.51  0.0    0 10.5 20 210   M    M  10 1      31 210
 4  50  42  46   2  19   0 1.07  0.0    0 10.5 24 260   M    M  10 1      35 210
 5  44  32  38  -6  27   0 1.42  4.0    2  5.1 26 270   M    M  10 1      33 270
 6  44  33  39  -5  26   0 0.37  0.0    0  7.7 21 260   M    M   8 1      28 260
 7  44  33  39  -5  26   0 0.04  0.0    0  6.2 16  80   M    M   4 1      18  80
 8  57  36  47   3  18   0 2.09  0.0    0  8.6 36 190   M    M  10 1      53 200
 9  57  48  53   9  12   0 1.28  0.0    0 20.5 37 200   M    M   9 18     55 210
10  49  40  45   1  20   0 0.16    M    0 12.7 28 230   M    M   9 8      43 210
11  48  34  41  -3  24   0 0.02    M    0  3.4 10  30   M    M   4 1      14 360
12  50  33  42  -2  23   0 0.00  0.0    0  4.5 13  10   M    M   0        15  90
13  64  34  49   5  16   0 0.00  0.0    0  7.2 21 110   M    M   0        29 120
14  59  33  46   2  19   0 0.17    M    0  6.4 16 160   M    M   5        23 140
15  58  48  53   9  12   0 1.47  0.0    0 17.7 39 190   M    M  10 18     64 190
16  53  44  49   5  16   0 0.14  0.0    0  7.3 25 190   M    M  10 1      38 190
17  53  39  46   2  19   0    T    M    0  5.8 12  70   M    M   2 1      14  20
18  50  41  46   2  19   0 0.17    M    0  4.7 13 220   M    M   7 1      17 230
19  48  40  44   0  21   0 1.35    M    0  9.0 21 180   M    M  10 1      29 170
20  48  42  45   1  20   0 0.55    M    0  5.3 14 220   M    M  10 1      19 220
21  50  37  44   0  21   0 0.01    M    0  6.7 17 320   M    M   7 1      22 320
22  46  30  38  -7  27   0 0.06    M    0  4.3 15 320   M    M   5 18     18 320
23  47  29  38  -7  27   0 0.02    M    0  4.1 14 260   M    M   3 16     17 290
24  43  33  38  -7  27   0 0.16    M    0  6.2 14  70   M    M   7 1      18  60
25  46  29  38  -7  27   0 0.12    M    0  4.6 14 180   M    M   3 12     18 170
26  45  32  39  -6  26   0 0.58    M    0  5.9 20 210   M    M   6 1      27 210
================================================================================
SM 1290  945       566   0 11.82     4.0 220.4          M      167
================================================================================
AV 49.6 36.4                               8.5 FASTST   M    M   6    MAX(MPH)
                                 MISC ---->  # 39 190               # 64  190
================================================================================
NOTES:
# LAST OF SEVERAL OCCURRENCES

COLUMN 17 PEAK WIND IN M.P.H.

PRELIMINARY LOCAL CLIMATOLOGICAL DATA (WS FORM: F-6) , PAGE 2

                                          STATION:  ASTORIA OR
                                          MONTH:    FEBRUARY
                                          YEAR:     2017
                                          LATITUDE:   46  9 N
                                          LONGITUDE: 123 53 W

[TEMPERATURE DATA]      [PRECIPITATION DATA]       SYMBOLS USED IN COLUMN 16

AVERAGE MONTHLY: 43.0   TOTAL FOR MONTH:  11.82    1 = FOG OR MIST
DPTR FM NORMAL:  -1.2   DPTR FM NORMAL:    5.13    2 = FOG REDUCING VISIBILITY
HIGHEST:    64 ON 13    GRTST 24HR  3.00 ON  8- 9      TO 1/4 MILE OR LESS
LOWEST:     29 ON 25,23                            3 = THUNDER
                        SNOW, ICE PELLETS, HAIL    4 = ICE PELLETS
                        TOTAL MONTH:   4.0 INCHES  5 = HAIL
                        GRTST 24HR   4.0 ON  5- 5  6 = FREEZING RAIN OR DRIZZLE
                        GRTST DEPTH:   2 ON  5     7 = DUSTSTORM OR SANDSTORM:
                                                       VSBY 1/2 MILE OR LESS
                                                   8 = SMOKE OR HAZE
[NO. OF DAYS WITH]      [WEATHER - DAYS WITH]      9 = BLOWING SNOW
                                                   X = TORNADO
MAX 32 OR BELOW:   0    0.01 INCH OR MORE:  22
MAX 90 OR ABOVE:   0    0.10 INCH OR MORE:  16
MIN 32 OR BELOW:   5    0.50 INCH OR MORE:   9
MIN  0 OR BELOW:   0    1.00 INCH OR MORE:   6

[HDD (BASE 65) ]
TOTAL THIS MO.   566    CLEAR  (SCALE 0-3)   5
DPTR FM NORMAL    26    PTCLDY (SCALE 4-7)  11
TOTAL FM JUL 1  2934    CLOUDY (SCALE 8-10) 10
DPTR FM NORMAL  -371

[CDD (BASE 65) ]
TOTAL THIS MO.     0
DPTR FM NORMAL     0    [PRESSURE DATA]
TOTAL FM JAN 1     0    HIGHEST SLP M ON M
DPTR FM NORMAL     0    LOWEST  SLP 29.22 ON  5

[REMARKS]
