000
CXUS52 KFFC 281010
CF6ATL
PRELIMINARY LOCAL CLIMATOLOGICAL DATA (WS FORM: F-6)
STATION: ATLANTA
MONTH: MARCH
YEAR: 2024
LATITUDE: 33 39 N
LONGITUDE: 84 26 W
TEMPERATURE IN F: :PCPN: SNOW: WIND :SUNSHINE: SKY :PK WND
================================================================================
1 2 3 4 5 6A 6B 7 8 9 10 11 12 13 14 15 16 17 18
12Z AVG MX 2MIN
DY MAX MIN AVG DEP HDD CDD WTR SNW DPTH SPD SPD DIR MIN PSBL S-S WX SPD DR
================================================================================
1 49 40 45 -7 20 0 1.11 0.0 0 13.7 21 90 M M 10 1 30 80
2 62 42 52 0 13 0 T M M 4.5 12 90 M M 8 128 17 30
3 70 49 60 8 5 0 0.00 0.0 0 4.8 10 150 M M 9 12 16 70
4 63 57 60 7 5 0 T 0.0 0 6.2 10 90 M M 9 12 20 20
5 61 55 58 5 7 0 1.02 0.0 0 8.5 18 90 M M 9 18 25 90
6 65 56 61 8 4 0 2.36 0.0 M 7.7 17 320 M M 9 138 23 310
7 76 53 65 12 0 0 0.00 0.0 M 5.8 13 310 M M 4 27 280
8 66 59 63 9 2 0 1.45 0.0 0 11.4 24 90 M M 10 1 31 60
9 69 52 61 7 4 0 0.65 0.0 0 11.2 26 310 M M 9 12 37 300
10 61 43 52 -2 13 0 0.00 0.0 M 17.4 26 310 M M 4 38 290
11 67 38 53 -1 12 0 0.00 0.0 M 6.7 15 340 M M 5 28 340
12 74 44 59 4 6 0 0.00 0.0 M 5.9 13 290 M M 4 17 270
13 75 47 61 6 4 0 0.00 0.0 M 4.0 15 250 M M 5 20 260
14 81 52 67 12 0 2 0.00 0.0 M 4.6 14 210 M M 3 8 18 190
15 72 61 67 12 0 2 0.36 0.0 M 8.4 15 260 M M 9 13 22 240
16 75 57 66 10 0 1 0.00 0.0 0 8.0 16 290 M M 7 1 25 270
17 67 53 60 4 5 0 0.02 0.0 0 8.0 16 230 M M 8 1 22 220
18 61 40 51 -5 14 0 0.00 0.0 0 14.0 29 310 M M 3 39 290
19 60 33 47 -9 18 0 0.00 0.0 0 10.1 20 330 M M 0 26 310
20 74 42 58 1 7 0 0.00 0.0 M 7.5 17 300 M M 4 8 25 320
21 77 51 64 7 1 0 0.00 0.0 M 3.9 8 100 M M 4 8 12 70
22 65 56 61 4 4 0 0.25 0.0 0 11.8 24 80 M M 10 1 32 100
23 69 50 60 3 5 0 0.04 M M 14.8 29 340 M M 6 1 40 20
24 65 43 54 -4 11 0 0.00 0.0 0 10.5 20 100 M M 5 28 110
25 64 47 56 -2 9 0 0.00 0.0 M 15.3 24 100 M M 8 33 110
26 62 53 58 0 7 0 0.72 0.0 M 11.3 22 130 M M 10 13 33 150
27 74 53 64 6 1 0 T 0.0 M 9.1 18 300 M M 8 1 25 300
================================================================================
SM 1824 1326 177 5 7.98 0.0 245.1 M 180
================================================================================
AV 67.6 49.1 9.1 FASTST M M 7 MAX(MPH)
MISC ----> # 29 310 40 20
================================================================================
NOTES:
# LAST OF SEVERAL OCCURRENCES
COLUMN 17 PEAK WIND IN M.P.H.
PRELIMINARY LOCAL CLIMATOLOGICAL DATA (WS FORM: F-6) , PAGE 2
STATION: ATLANTA
MONTH: MARCH
YEAR: 2024
LATITUDE: 33 39 N
LONGITUDE: 84 26 W
[TEMPERATURE DATA] [PRECIPITATION DATA] SYMBOLS USED IN COLUMN 16
AVERAGE MONTHLY: 58.3 TOTAL FOR MONTH: 7.98 1 = FOG OR MIST
DPTR FM NORMAL: 3.2 DPTR FM NORMAL: 3.85 2 = FOG REDUCING VISIBILITY
HIGHEST: 81 ON 14 GRTST 24HR 3.38 ON 5- 6 TO 1/4 MILE OR LESS
LOWEST: 33 ON 19 3 = THUNDER
SNOW, ICE PELLETS, HAIL 4 = ICE PELLETS
TOTAL MONTH: 0.0 INCH 5 = HAIL
GRTST 24HR 0.0 6 = FREEZING RAIN OR DRIZZLE
GRTST DEPTH: 0 7 = DUSTSTORM OR SANDSTORM:
VSBY 1/2 MILE OR LESS
8 = SMOKE OR HAZE
[NO. OF DAYS WITH] [WEATHER - DAYS WITH] 9 = BLOWING SNOW
X = TORNADO
MAX 32 OR BELOW: 0 0.01 INCH OR MORE: 10
MAX 90 OR ABOVE: 0 0.10 INCH OR MORE: 8
MIN 32 OR BELOW: 0 0.50 INCH OR MORE: 6
MIN 0 OR BELOW: 0 1.00 INCH OR MORE: 4
[HDD (BASE 65) ]
TOTAL THIS MO. 177 CLEAR (SCALE 0-3) 3
DPTR FM NORMAL -104 PTCLDY (SCALE 4-7) 13
TOTAL FM JUL 1 1946 CLOUDY (SCALE 8-10) 11
DPTR FM NORMAL -414
[CDD (BASE 65) ]
TOTAL THIS MO. 5
DPTR FM NORMAL -7 [PRESSURE DATA]
TOTAL FM JAN 1 7 HIGHEST SLP M ON M
DPTR FM NORMAL -8 LOWEST SLP 29.70 ON 23
[REMARKS]