000
CXUS54 KBMX 211111
CF6AUO
PRELIMINARY LOCAL CLIMATOLOGICAL DATA (WS FORM: F-6)

                                          STATION:   AUBURN    AWOS
                                          MONTH:     OCTOBER
                                          YEAR:      2014
                                          LATITUDE:   32 34 N
                                          LONGITUDE:  85 30 W

  TEMPERATURE IN F:       :PCPN:    SNOW:  WIND      :SUNSHINE: SKY     :PK WND
================================================================================
1   2   3   4   5  6A  6B    7    8   9   10  11  12  13   14  15   16   17  18
                                     12Z  AVG MX 2MIN
DY MAX MIN AVG DEP HDD CDD  WTR  SNW DPTH SPD SPD DIR MIN PSBL S-S WX    SPD DR
================================================================================

 1  82  61  72   M   0   7 0.00  0.0    0  2.7  8 100   M    M   1         M  M
 2  84  64  74   M   0   9 0.00  0.0    0  5.7 12 180   M    M   3         M  M
 3  77  63  70   M   0   5 0.28  0.0    0  7.4 14 180   M    M   6 3      17 180
 4  64  48  56   M   9   0 0.00  0.0    0  9.1 18 310   M    M   0        24 340
 5  70  41  56   M   9   0 0.00  0.0    0  4.5 10 260   M    M   1         M  M
 6  77  52  65   M   0   0 0.00  0.0    0  7.6 13 200   M    M   0        20 220
 7   M  57   M   M   M   M 0.00  0.0    0  7.4 15 190   M    M   1         M  M
 8  84  68  76   M   0  11 0.00  0.0    0  3.2  8 300   M    M   3         M  M
 9  86  63  75   M   0  10 0.00  0.0    0  2.5  8 200   M    M   1         M  M
10  84  64  74   M   0   9 0.00  0.0    0  5.1 14 200   M    M   3        20 200
11  84  66  75   M   0  10 0.00  0.0    0  4.4 10 230   M    M   5         M  M
12  86  64  75   M   0  10 0.00  0.0    0  6.0 13 190   M    M   2        20 160
13  82  66  74   M   0   9 0.30  0.0    0 11.9 21 160   M    M   6 3      29 160
14  70  57  64   M   1   0 0.14  0.0    M  9.9 17 140   M    M   5        23 140
15  70  52  61   M   4   0 0.00  0.0    0  5.9 14 240   M    M   3        20 240
16  72  48  60   M   5   0 0.00  0.0    0  6.1 14 320   M    M   1        21 270
17  77  46  62   M   3   0 0.00  0.0    0  4.9 12 240   M    M   0         M  M
18  79  54  67   M   0   2 0.00  0.0    0  6.8 15 300   M    M   0        18 320
19  72  48  60   M   5   0 0.00  0.0    0  5.1 13  30   M    M   0        17  30
20  72  46  59   M   6   0 0.00  0.0    0  4.3  8 200   M    M   1         M  M
================================================================================
SM 1472 1128        42  82  0.72     0.0 120.5          M       42
================================================================================
AV 77.5 56.4                               6.0 FASTST   M    M   2    MAX(MPH)
                                 MISC ---->    21   M                 29    M
================================================================================
NOTES:
# LAST OF SEVERAL OCCURRENCES

COLUMN 17 PEAK WIND IN M.P.H.

PRELIMINARY LOCAL CLIMATOLOGICAL DATA (WS FORM: F-6) , PAGE 2

                                          STATION:  AUBURN    AWOS
                                          MONTH:    OCTOBER
                                          YEAR:     2014
                                          LATITUDE:   32 34 N
                                          LONGITUDE:  85 30 W

[TEMPERATURE DATA]      [PRECIPITATION DATA]       SYMBOLS USED IN COLUMN 16

AVERAGE MONTHLY: 66.9   TOTAL FOR MONTH:   0.72    1 = FOG OR MIST
DPTR FM NORMAL:     M   DPTR FM NORMAL:       M    2 = FOG REDUCING VISIBILITY
HIGHEST:    86 ON 12, 9 GRTST 24HR  0.30 ON 13-13      TO 1/4 MILE OR LESS
LOWEST:     41 ON  5                               3 = THUNDER
                        SNOW, ICE PELLETS, HAIL    4 = ICE PELLETS
                        TOTAL MONTH:   0.0 INCH    5 = HAIL
                        GRTST 24HR     0.0         6 = FREEZING RAIN OR DRIZZLE
                        GRTST DEPTH:   0           7 = DUSTSTORM OR SANDSTORM:
                                                       VSBY 1/2 MILE OR LESS
                                                   8 = SMOKE OR HAZE
[NO. OF DAYS WITH]      [WEATHER - DAYS WITH]      9 = BLOWING SNOW
                                                   X = TORNADO
MAX 32 OR BELOW:   0    0.01 INCH OR MORE:   3
MAX 90 OR ABOVE:   0    0.10 INCH OR MORE:   3
MIN 32 OR BELOW:   0    0.50 INCH OR MORE:   0
MIN  0 OR BELOW:   0    1.00 INCH OR MORE:   0

[HDD (BASE 65) ]
TOTAL THIS MO.    42    CLEAR  (SCALE 0-3)  14
DPTR FM NORMAL     M    PTCLDY (SCALE 4-7)   6
TOTAL FM JUL 1    42    CLOUDY (SCALE 8-10)  0
DPTR FM NORMAL     M

[CDD (BASE 65) ]
TOTAL THIS MO.    82
DPTR FM NORMAL     M    [PRESSURE DATA]
TOTAL FM JAN 1  1733    HIGHEST SLP M ON M
DPTR FM NORMAL     M    LOWEST  SLP M ON M

[REMARKS]
