000
CXUS54 KBMX 181216
CF6AUO
PRELIMINARY LOCAL CLIMATOLOGICAL DATA (WS FORM: F-6)

                                          STATION:   AUBURN    AWOS
                                          MONTH:     DECEMBER
                                          YEAR:      2014
                                          LATITUDE:   32 34 N
                                          LONGITUDE:  85 30 W

  TEMPERATURE IN F:       :PCPN:    SNOW:  WIND      :SUNSHINE: SKY     :PK WND
================================================================================
1   2   3   4   5  6A  6B    7    8   9   10  11  12  13   14  15   16   17  18
                                     12Z  AVG MX 2MIN
DY MAX MIN AVG DEP HDD CDD  WTR  SNW DPTH SPD SPD DIR MIN PSBL S-S WX    SPD DR
================================================================================

 1  72  45  59   M   6   0 0.00  0.0    0  3.0  7 150   M    M   0         M  M
 2  72  45  59   M   6   0 0.00  0.0    0  2.2  8 200   M    M   3         M  M
 3  73  54  64   M   1   0 0.00  0.0    0  4.2  8 350   M    M   3         M  M
 4  75  55  65   M   0   0 0.00  0.0    0  5.6  9 170   M    M   2         M  M
 5  64  54  59   M   6   0 0.00  0.0    0  6.6 10 150   M    M   2         M  M
 6  66  48  57   M   8   0 0.71  0.0    0  9.4 17 360   M    M   9        27 360
 7  59  41  50   M  15   0 0.00  0.0    0  9.4 15  40   M    M   0        22  40
 8  46  34  40   M  25   0 0.00  0.0    0  7.2 14  80   M    M   6        21  80
 9  57  32  45   M  20   0 0.00  0.0    0  8.9 16 320   M    M   2        22 320
10  52  28  40   M  25   0 0.00  0.0    0  7.6 12 350   M    M   0        17 310
11  54  27  41   M  24   0 0.00  0.0    0  7.3 13 340   M    M   0        16 340
12  61  30  46   M  19   0 0.00  0.0    0  7.4 12 360   M    M   0         M  M
13  63  34  49   M  16   0 0.00  0.0    0  8.4 12 340   M    M   0        20  10
14  57  30  44   M  21   0 0.00  0.0    0  7.7 12 350   M    M   0         M  M
15  64  30  47   M  18   0 0.00  0.0    0  6.2 10 180   M    M   2 1       M  M
16  61  39  50   M  15   0 0.11  0.0    0 10.1 15 260   M    M   3        21 260
17  57  34  46   M  19   0 0.00  0.0    0  6.1  9 360   M    M   0         M  M
================================================================================
SM 1053  660       244   0  0.82     0.0 117.3          M       32
================================================================================
AV 61.9 38.8                               6.9 FASTST   M    M   2    MAX(MPH)
                                 MISC ---->    17   M               # 27  360
================================================================================
NOTES:
# LAST OF SEVERAL OCCURRENCES

COLUMN 17 PEAK WIND IN M.P.H.

PRELIMINARY LOCAL CLIMATOLOGICAL DATA (WS FORM: F-6) , PAGE 2

                                          STATION:  AUBURN    AWOS
                                          MONTH:    DECEMBER
                                          YEAR:     2014
                                          LATITUDE:   32 34 N
                                          LONGITUDE:  85 30 W

[TEMPERATURE DATA]      [PRECIPITATION DATA]       SYMBOLS USED IN COLUMN 16

AVERAGE MONTHLY: 50.4   TOTAL FOR MONTH:   0.82    1 = FOG OR MIST
DPTR FM NORMAL:     M   DPTR FM NORMAL:       M    2 = FOG REDUCING VISIBILITY
HIGHEST:    75 ON  4    GRTST 24HR  0.71 ON  6- 6      TO 1/4 MILE OR LESS
LOWEST:     27 ON 11                               3 = THUNDER
                        SNOW, ICE PELLETS, HAIL    4 = ICE PELLETS
                        TOTAL MONTH:   0.0 INCH    5 = HAIL
                        GRTST 24HR     0.0         6 = FREEZING RAIN OR DRIZZLE
                        GRTST DEPTH:   0           7 = DUSTSTORM OR SANDSTORM:
                                                       VSBY 1/2 MILE OR LESS
                                                   8 = SMOKE OR HAZE
[NO. OF DAYS WITH]      [WEATHER - DAYS WITH]      9 = BLOWING SNOW
                                                   X = TORNADO
MAX 32 OR BELOW:   0    0.01 INCH OR MORE:   2
MAX 90 OR ABOVE:   0    0.10 INCH OR MORE:   2
MIN 32 OR BELOW:   6    0.50 INCH OR MORE:   1
MIN  0 OR BELOW:   0    1.00 INCH OR MORE:   0

[HDD (BASE 65) ]
TOTAL THIS MO.   244    CLEAR  (SCALE 0-3)  12
DPTR FM NORMAL     M    PTCLDY (SCALE 4-7)   4
TOTAL FM JUL 1   821    CLOUDY (SCALE 8-10)  1
DPTR FM NORMAL     M

[CDD (BASE 65) ]
TOTAL THIS MO.     0
DPTR FM NORMAL     M    [PRESSURE DATA]
TOTAL FM JAN 1  1741    HIGHEST SLP M ON M
DPTR FM NORMAL     M    LOWEST  SLP M ON M

[REMARKS]
