000
CXUS53 KMPX 011000
CF6AXN
PRELIMINARY LOCAL CLIMATOLOGICAL DATA (WS FORM: F-6)

                                          STATION:   ALEXANDRIA MN
                                          MONTH:     AUGUST
                                          YEAR:      2015
                                          LATITUDE:   45 52 N
                                          LONGITUDE:  95 23 W

  TEMPERATURE IN F:       :PCPN:    SNOW:  WIND      :SUNSHINE: SKY     :PK WND
================================================================================
1   2   3   4   5  6A  6B    7    8   9   10  11  12  13   14  15   16   17  18
                                     12Z  AVG MX 2MIN
DY MAX MIN AVG DEP HDD CDD  WTR  SNW DPTH SPD SPD DIR MIN PSBL S-S WX    SPD DR
================================================================================

 1  83  58  71   1   0   6 0.00    M    M  5.4 15 170   M    M   1 12     20 190
 2  78  57  68  -2   0   3 0.00    M    M 10.8 22 310   M    M   1        30 340
 3  77  55  66  -4   0   1 0.00    M    M  8.2 20 290   M    M   0        26 290
 4  80  52  66  -4   0   1 0.00    M    M  5.8 14 270   M    M   0        20 260
 5  81  57  69  -1   0   4 0.00    M    M  7.7 15 150   M    M   1        20 170
 6  78  64  71   1   0   6 1.51    M    M  8.8 21 360   M    M   8 13     25 160
 7  80  65  73   3   0   8 0.00    M    M  5.7 12 270   M    M   4 1      15 290
 8  83  66  75   5   0  10 0.08    M    M  7.8 20 290   M    M   2 3      27 270
 9  81  66  74   4   0   9 0.04    M    M  5.2 10  10   M    M   4        13  50
10  80  61  71   1   0   6 0.00    M    M  7.5 15 310   M    M   1        20 310
11  81  57  69  -1   0   4 0.00    M    M  3.5 12  20   M    M   0 1      18 310
12  86  62  74   5   0   9 0.00    M    M 11.2 22 200   M    M   0        27 200
13  82  68  75   6   0  10 0.00    M    M  7.6 20 210   M    M   1 13     27 200
14  89  67  78   9   0  13 0.00    M    M  5.5  9 190   M    M   0 1      14 220
15  87  71  79  10   0  14 0.46    M    M 14.0 24 170   M    M   0 3      30 170
16  77  58  68  -1   0   3 1.22    M    M  9.8 15 330   M    M   5 3      22 330
17  70  56  63  -6   2   0 0.00    M    M  7.2 13  60   M    M   2         M  M
18  61  55  58 -10   7   0 0.76    M    M 14.6 29  50   M    M   6 1      38  70
19  64  51  58 -10   7   0 0.61    M    M 16.5 28 340   M    M   8 18     39 360
20  72  49  61  -7   4   0 0.00    M    M  7.0 13 280   M    M   0        17 280
21  77  57  67  -1   0   2 0.00    M    M 12.7 20 190   M    M   1 8      25 180
22  77  54  66  -2   0   1    T    M    M 18.0 30 280   M    M   6 138    40 280
23  67  53  60  -7   5   0 0.14    M    M 20.1 31 290   M    M   9 1      40 290
24  68  49  59  -8   6   0 0.00    M    M 15.2 28 310   M    M   1        39 300
25  71  47  59  -8   6   0 0.00    M    M  7.4 13 350   M    M   0        17 320
26  73  46  60  -6   5   0 0.00  0.0    0  5.6 12 130   M    M   2        16 170
27  77  58  68   2   0   3 0.00    M    M  7.8 16 200   M    M   3 12     19 180
28  78  61  70   4   0   5 0.00    M    M 10.0 18 180   M    M   3 12     21 180
29  75  57  66   0   0   1 0.00    M    M 10.3 16 200   M    M   1        19 210
30  81  62  72   7   0   7 0.00    M    M 11.8 18 190   M    M   1 1      22 180
31  84  64  74   9   0   9 0.00    M    M 11.4 22 190   M    M   1        28 190
================================================================================
SM 2398 1803        42 135  4.82     0.0 300.1          M       72
================================================================================
AV 77.4 58.2                               9.7 FASTST   M    M   2    MAX(MPH)
                                 MISC ---->    31   M                 40    M
================================================================================
NOTES:
# LAST OF SEVERAL OCCURRENCES

COLUMN 17 PEAK WIND IN M.P.H.

PRELIMINARY LOCAL CLIMATOLOGICAL DATA (WS FORM: F-6) , PAGE 2

                                          STATION:  ALEXANDRIA MN
                                          MONTH:    AUGUST
                                          YEAR:     2015
                                          LATITUDE:   45 52 N
                                          LONGITUDE:  95 23 W

[TEMPERATURE DATA]      [PRECIPITATION DATA]       SYMBOLS USED IN COLUMN 16

AVERAGE MONTHLY: 67.8   TOTAL FOR MONTH:   4.82    1 = FOG OR MIST
DPTR FM NORMAL:  -0.6   DPTR FM NORMAL:    1.28    2 = FOG REDUCING VISIBILITY
HIGHEST:    89 ON 14    GRTST 24HR  1.59 ON 15-16      TO 1/4 MILE OR LESS
LOWEST:     46 ON 26                               3 = THUNDER
                        SNOW, ICE PELLETS, HAIL    4 = ICE PELLETS
                        TOTAL MONTH:   0.0 INCH    5 = HAIL
                        GRTST 24HR     0.0         6 = FREEZING RAIN OR DRIZZLE
                        GRTST DEPTH:   0           7 = DUSTSTORM OR SANDSTORM:
                                                       VSBY 1/2 MILE OR LESS
                                                   8 = SMOKE OR HAZE
[NO. OF DAYS WITH]      [WEATHER - DAYS WITH]      9 = BLOWING SNOW
                                                   X = TORNADO
MAX 32 OR BELOW:   0    0.01 INCH OR MORE:   8
MAX 90 OR ABOVE:   0    0.10 INCH OR MORE:   6
MIN 32 OR BELOW:   0    0.50 INCH OR MORE:   4
MIN  0 OR BELOW:   0    1.00 INCH OR MORE:   2

[HDD (BASE 65) ]
TOTAL THIS MO.    42    CLEAR  (SCALE 0-3)  22
DPTR FM NORMAL     7    PTCLDY (SCALE 4-7)   7
TOTAL FM JUL 1    54    CLOUDY (SCALE 8-10)  2
DPTR FM NORMAL     3

[CDD (BASE 65) ]
TOTAL THIS MO.   135
DPTR FM NORMAL    -6    [PRESSURE DATA]
TOTAL FM JAN 1   405    HIGHEST SLP 30.23 ON 26
DPTR FM NORMAL   -40    LOWEST  SLP 29.55 ON 22

[REMARKS]
#FINAL-08-15#
