000
CXUS53 KMPX 300727
CF6AXN
PRELIMINARY LOCAL CLIMATOLOGICAL DATA (WS FORM: F-6)

                                          STATION:   ALEXANDRIA MN
                                          MONTH:     APRIL
                                          YEAR:      2017
                                          LATITUDE:   45 52 N
                                          LONGITUDE:  95 23 W

  TEMPERATURE IN F:       :PCPN:    SNOW:  WIND      :SUNSHINE: SKY     :PK WND
================================================================================
1   2   3   4   5  6A  6B    7    8   9   10  11  12  13   14  15   16   17  18
                                     12Z  AVG MX 2MIN
DY MAX MIN AVG DEP HDD CDD  WTR  SNW DPTH SPD SPD DIR MIN PSBL S-S WX    SPD DR
================================================================================

 1  59  35  47  11  18   0 0.00    M    M  4.0 12 320   M    M   4        15 310
 2  51  39  45   9  20   0 0.00    M    M 10.6 22 190   M    M   5 1      25 180
 3  57  40  49  12  16   0 0.00    M    M  8.8 17  20   M    M   6 12     24  40
 4  60  40  50  12  15   0 0.00    M    M  7.7 14  20   M    M   0        17  10
 5  54  37  46   8  19   0    T    M    M 11.5 21  10   M    M   5        26 340
 6  53  32  43   4  22   0 0.00    M    M  8.1 17  10   M    M   0        22  30
 7  61  31  46   7  19   0 0.00    M    M 14.9 29 160   M    M   0        37 160
 8  75  44  60  20   5   0 0.00    M    M 14.5 24 290   M    M   0        30 290
 9  56  43  50  10  15   0 0.68    M    M  7.9 18  10   M    M   9 1      23  10
10  43  32  38  -3  27   0 0.00    M    M 11.9 24  10   M    M   9        31 360
11  51  34  43   2  22   0 0.00    M    M  5.8 14 240   M    M   5        18 230
12  60  38  49   7  16   0 0.00    M    M  8.4 20 170   M    M   2 1      23 170
13  57  39  48   6  17   0 0.00    M    M 11.5 21 120   M    M   9 12     26 120
14  67  47  57  14   8   0    T    M    M 16.4 24 140   M    M   9 18     31 130
15  64  44  54  10  11   0 0.03    M    M  7.4 20 340   M    M   8 123    23 340
16  64  39  52   8  13   0 0.00    M    M 13.5 22 300   M    M   3        33 290
17  51  32  42  -3  23   0 0.03    M    M  8.5 20 120   M    M   2        28 110
18  52  39  46   1  19   0 0.78    M    M 14.2 24 280   M    M  10 13     31 290
19  49  36  43  -3  22   0 0.26    M    M 10.4 20  80   M    M   6 1      24  80
20  50  36  43  -3  22   0 0.16    M    M 10.3 21 350   M    M   8 1      27 340
21  63  35  49   2  16   0 0.00    M    M  5.7 15  20   M    M   0 1      19  40
22  67  37  52   5  13   0 0.00    M    M  7.9 18 270   M    M   0        23 270
23  56  36  46  -2  19   0 0.00    M    M 17.2 26  80   M    M   4        33  80
24  67  35  51   3  14   0    T    M    M 14.7 30 200   M    M   4 1      38 210
25  48  34  41  -7  24   0 0.13    M    M 14.5 23  10   M    M  10 12     28  30
26  34  29  32 -17  33   0    M    M    M 13.4 21  10   M    M  10 16     28  30
27  35  26  31 -18  34   0    M    M    M 12.0 21 320   M    M  10        26 330
28  51  30  41  -9  24   0 0.00    M    M 10.5 20 330   M    M   2        24 320
29  56  28  42  -8  23   0 0.00    M    M  7.9 18  50   M    M   0        23  60
================================================================================
SM 1611 1047       549   0  2.07    M    310.1          M      140
================================================================================
AV 55.6 36.1                              10.7 FASTST   M    M   5    MAX(MPH)
                                 MISC ---->  # 30 200               # 38  210
================================================================================
NOTES:
# LAST OF SEVERAL OCCURRENCES

COLUMN 17 PEAK WIND IN M.P.H.

PRELIMINARY LOCAL CLIMATOLOGICAL DATA (WS FORM: F-6) , PAGE 2

                                          STATION:  ALEXANDRIA MN
                                          MONTH:    APRIL
                                          YEAR:     2017
                                          LATITUDE:   45 52 N
                                          LONGITUDE:  95 23 W

[TEMPERATURE DATA]      [PRECIPITATION DATA]       SYMBOLS USED IN COLUMN 16

AVERAGE MONTHLY: 45.8   TOTAL FOR MONTH:   2.07    1 = FOG OR MIST
DPTR FM NORMAL:   2.4   DPTR FM NORMAL:    0.05    2 = FOG REDUCING VISIBILITY
HIGHEST:    75 ON  8    GRTST 24HR  0.81 ON 17-18      TO 1/4 MILE OR LESS
LOWEST:     26 ON 27                               3 = THUNDER
                        SNOW, ICE PELLETS, HAIL    4 = ICE PELLETS
                        TOTAL MONTH:    M          5 = HAIL
                        GRTST 24HR    M  ON   M    6 = FREEZING RAIN OR DRIZZLE
                        GRTST DEPTH:  M  ON   M    7 = DUSTSTORM OR SANDSTORM:
                                                       VSBY 1/2 MILE OR LESS
                                                   8 = SMOKE OR HAZE
[NO. OF DAYS WITH]      [WEATHER - DAYS WITH]      9 = BLOWING SNOW
                                                   X = TORNADO
MAX 32 OR BELOW:   0    0.01 INCH OR MORE:   7
MAX 90 OR ABOVE:   0    0.10 INCH OR MORE:   5
MIN 32 OR BELOW:   8    0.50 INCH OR MORE:   2
MIN  0 OR BELOW:   0    1.00 INCH OR MORE:   0

[HDD (BASE 65) ]
TOTAL THIS MO.   549    CLEAR  (SCALE 0-3)  10
DPTR FM NORMAL   -83    PTCLDY (SCALE 4-7)  11
TOTAL FM JUL 1  7153    CLOUDY (SCALE 8-10)  8
DPTR FM NORMAL -1224

[CDD (BASE 65) ]
TOTAL THIS MO.     0
DPTR FM NORMAL     0    [PRESSURE DATA]
TOTAL FM JAN 1     0    HIGHEST SLP M ON M
DPTR FM NORMAL     0    LOWEST  SLP 29.44 ON  8

[REMARKS]
