000
CXUS54 KEWX 210910
CF6BAZ
PRELIMINARY LOCAL CLIMATOLOGICAL DATA (WS FORM: F-6)

                                          STATION:   NEW BRAUNFELS
                                          MONTH:     FEBRUARY
                                          YEAR:      2017
                                          LATITUDE:   29 43 N
                                          LONGITUDE:  98  3 W

  TEMPERATURE IN F:       :PCPN:    SNOW:  WIND      :SUNSHINE: SKY     :PK WND
================================================================================
1   2   3   4   5  6A  6B    7    8   9   10  11  12  13   14  15   16   17  18
                                     12Z  AVG MX 2MIN
DY MAX MIN AVG DEP HDD CDD  WTR  SNW DPTH SPD SPD DIR MIN PSBL S-S WX    SPD DR
================================================================================

 1  81  43  62   9   3   0 0.00    M    M  6.8 17 220   M    M   3 12     23 200
 2  65  48  57   4   8   0 0.00    M    M 13.5 21  10   M    M  10 1      25  50
 3  54  45  50  -3  15   0 0.07    M    M 14.2 22  40   M    M  10        29  40
 4  52  46  49  -4  16   0 0.01    M    M  4.5 12  40   M    M  10 12     14  30
 5  74  52  63  10   2   0    T    M    M  5.8 17 180   M    M   9 128    23 180
 6  81  68  75  22   0  10 0.00    M    M 13.8 23 210   M    M   9 1      27 210
 7  89  53  71  17   0   6 0.00    M    M  7.9 17 310   M    M   4 1      23 310
 8  90  49  70  16   0   5 0.00    M    M 11.3 24  10   M    M   0        33  10
 9  71  42  57   3   8   0 0.00    M    M  9.9 22  20   M    M   0        27  20
10  81  44  63   9   2   0 0.00    M    M  8.2 22 210   M    M   6 18     28 210
11  88  65  77  23   0  12 0.00    M    M 11.5 18 170   M    M   5 18     23 180
12  86  63  75  21   0  10 0.00    M    M  9.2 22  60   M    M   7 8      28  40
13  81  63  72  18   0   7 0.00    M    M 15.6 26 150   M    M   9        31 140
14  70  50  60   5   5   0 1.11    M    M 16.5 44 360   M    M   8 13     57 350
15  67  42  55   0  10   0 0.00    M    M 11.2 29 350   M    M   1        36 350
16  68  36  52  -3  13   0 0.00    M    M  6.0 14 230   M    M   0        19 200
17  78  46  62   7   3   0 0.00    M    M  9.0 21 210   M    M   1        27 210
18  88  60  74  19   0   9 0.00    M    M 10.0 21 170   M    M   5 128    26 170
19  83  60  72  16   0   7 0.51    M    M 12.6 33 310   M    M   9 138    45 300
20  73  53  63   7   2   0 0.52    M    M  6.4 31 330   M    M   6 13     39 340
================================================================================
SM 1520 1028        87  66  2.22    M    203.9          M      112
================================================================================
AV 76.0 51.4                              10.2 FASTST   M    M   6    MAX(MPH)
                                 MISC ---->  # 44 360               # 57  350
================================================================================
NOTES:
# LAST OF SEVERAL OCCURRENCES

COLUMN 17 PEAK WIND IN M.P.H.

PRELIMINARY LOCAL CLIMATOLOGICAL DATA (WS FORM: F-6) , PAGE 2

                                          STATION:  NEW BRAUNFELS
                                          MONTH:    FEBRUARY
                                          YEAR:     2017
                                          LATITUDE:   29 43 N
                                          LONGITUDE:  98  3 W

[TEMPERATURE DATA]      [PRECIPITATION DATA]       SYMBOLS USED IN COLUMN 16

AVERAGE MONTHLY: 63.7   TOTAL FOR MONTH:   2.22    1 = FOG OR MIST
DPTR FM NORMAL:   9.5   DPTR FM NORMAL:    0.84    2 = FOG REDUCING VISIBILITY
HIGHEST:    90 ON  8    GRTST 24HR  1.11 ON 14-14      TO 1/4 MILE OR LESS
LOWEST:     36 ON 16                               3 = THUNDER
                        SNOW, ICE PELLETS, HAIL    4 = ICE PELLETS
                        TOTAL MONTH:    M          5 = HAIL
                        GRTST 24HR    M  ON   M    6 = FREEZING RAIN OR DRIZZLE
                        GRTST DEPTH:  M  ON   M    7 = DUSTSTORM OR SANDSTORM:
                                                       VSBY 1/2 MILE OR LESS
                                                   8 = SMOKE OR HAZE
[NO. OF DAYS WITH]      [WEATHER - DAYS WITH]      9 = BLOWING SNOW
                                                   X = TORNADO
MAX 32 OR BELOW:   0    0.01 INCH OR MORE:   5
MAX 90 OR ABOVE:   1    0.10 INCH OR MORE:   3
MIN 32 OR BELOW:   0    0.50 INCH OR MORE:   3
MIN  0 OR BELOW:   0    1.00 INCH OR MORE:   1

[HDD (BASE 65) ]
TOTAL THIS MO.    87    CLEAR  (SCALE 0-3)   5
DPTR FM NORMAL  -141    PTCLDY (SCALE 4-7)   8
TOTAL FM JUL 1   715    CLOUDY (SCALE 8-10)  7
DPTR FM NORMAL  -567

[CDD (BASE 65) ]
TOTAL THIS MO.    66
DPTR FM NORMAL    52    [PRESSURE DATA]
TOTAL FM JAN 1    92    HIGHEST SLP M ON M
DPTR FM NORMAL    72    LOWEST  SLP 29.66 ON 18

[REMARKS]
