000
CXUS54 KEWX 180910
CF6BAZ
PRELIMINARY LOCAL CLIMATOLOGICAL DATA (WS FORM: F-6)

                                          STATION:   NEW BRAUNFELS
                                          MONTH:     FEBRUARY
                                          YEAR:      2018
                                          LATITUDE:   29 43 N
                                          LONGITUDE:  98  3 W

  TEMPERATURE IN F:       :PCPN:    SNOW:  WIND      :SUNSHINE: SKY     :PK WND
================================================================================
1   2   3   4   5  6A  6B    7    8   9   10  11  12  13   14  15   16   17  18
                                     12Z  AVG MX 2MIN
DY MAX MIN AVG DEP HDD CDD  WTR  SNW DPTH SPD SPD DIR MIN PSBL S-S WX    SPD DR
================================================================================

 1  78  46  62   9   3   0 0.00    M    M  9.4 18  10   M    M   0 12     22  20
 2  59  47  53   0  12   0 0.00    M    M 12.7 22  30   M    M   6        28  20
 3  55  44  50  -3  15   0 0.05    M    M  6.0 13 140   M    M   8 1      15 140
 4  80  36  58   5   7   0 0.00    M    M  8.1 20  40   M    M   3 12     26  40
 5  58  44  51  -2  14   0 0.00    M    M  9.3 25  50   M    M   9        31  50
 6  56  44  50  -3  15   0 0.01    M    M 10.8 17  30   M    M  10 128    21  30
 7  49  34  42 -12  23   0 0.03    M    M 14.4 24  10   M    M   7 138    29  10
 8  60  32  46  -8  19   0 0.00    M    M  7.9 17  40   M    M   6 1      20  40
 9  60  51  56   2   9   0 0.05    M    M  5.0 12 210   M    M  10 18     14 200
10  64  44  54   0  11   0    T    M    M  7.0 17  20   M    M  10 128    21  50
11  44  32  38 -16  27   0    T    M    M 15.0 28  10   M    M   8 138    34  10
12  48  28  38 -16  27   0 0.00    M    M 10.2 16  60   M    M   4        20  50
13  48  39  44 -10  21   0 0.03    M    M  6.3 12  60   M    M  10 18     14  50
14  72  47  60   5   5   0 0.02    M    M  4.7 16 200   M    M   7 128    20 190
15  77  64  71  16   0   6 0.01    M    M 11.2 21 210   M    M   9 18     25 200
16  81  59  70  15   0   5 0.00    M    M 10.5 26  30   M    M   9 1      31  30
17  66  53  60   5   5   0    T    M    M  8.5 17  50   M    M  10 1      19  50
================================================================================
SM 1055  744       213  11  0.20    M    157.0          M      126
================================================================================
AV 62.1 43.8                               9.2 FASTST   M    M   7    MAX(MPH)
                                 MISC ---->  # 28  10               # 34   10
================================================================================
NOTES:
# LAST OF SEVERAL OCCURRENCES

COLUMN 17 PEAK WIND IN M.P.H.

PRELIMINARY LOCAL CLIMATOLOGICAL DATA (WS FORM: F-6) , PAGE 2

                                          STATION:  NEW BRAUNFELS
                                          MONTH:    FEBRUARY
                                          YEAR:     2018
                                          LATITUDE:   29 43 N
                                          LONGITUDE:  98  3 W

[TEMPERATURE DATA]      [PRECIPITATION DATA]       SYMBOLS USED IN COLUMN 16

AVERAGE MONTHLY: 52.9   TOTAL FOR MONTH:   0.20    1 = FOG OR MIST
DPTR FM NORMAL:  -1.0   DPTR FM NORMAL:   -0.97    2 = FOG REDUCING VISIBILITY
HIGHEST:    81 ON 16    GRTST 24HR  0.05 ON  9- 9      TO 1/4 MILE OR LESS
LOWEST:     28 ON 12                               3 = THUNDER
                        SNOW, ICE PELLETS, HAIL    4 = ICE PELLETS
                        TOTAL MONTH:    M          5 = HAIL
                        GRTST 24HR    M  ON   M    6 = FREEZING RAIN OR DRIZZLE
                        GRTST DEPTH:  M  ON   M    7 = DUSTSTORM OR SANDSTORM:
                                                       VSBY 1/2 MILE OR LESS
                                                   8 = SMOKE OR HAZE
[NO. OF DAYS WITH]      [WEATHER - DAYS WITH]      9 = BLOWING SNOW
                                                   X = TORNADO
MAX 32 OR BELOW:   0    0.01 INCH OR MORE:   7
MAX 90 OR ABOVE:   0    0.10 INCH OR MORE:   0
MIN 32 OR BELOW:   3    0.50 INCH OR MORE:   0
MIN  0 OR BELOW:   0    1.00 INCH OR MORE:   0

[HDD (BASE 65) ]
TOTAL THIS MO.   213    CLEAR  (SCALE 0-3)   2
DPTR FM NORMAL    15    PTCLDY (SCALE 4-7)   6
TOTAL FM JUL 1  1251    CLOUDY (SCALE 8-10)  9
DPTR FM NORMAL    -1

[CDD (BASE 65) ]
TOTAL THIS MO.    11
DPTR FM NORMAL     0    [PRESSURE DATA]
TOTAL FM JAN 1    11    HIGHEST SLP M ON M
DPTR FM NORMAL    -6    LOWEST  SLP 29.78 ON 10

[REMARKS]
