000
CXUS51 KBOX 261200
CF6BDL
PRELIMINARY LOCAL CLIMATOLOGICAL DATA (WS FORM: F-6)

                                          STATION:   HARTFORD CT
                                          MONTH:     AUGUST
                                          YEAR:      2016
                                          LATITUDE:   41 55 N
                                          LONGITUDE:  72 41 W

  TEMPERATURE IN F:       :PCPN:    SNOW:  WIND      :SUNSHINE: SKY     :PK WND
================================================================================
1   2   3   4   5  6A  6B    7    8   9   10  11  12  13   14  15   16   17  18
                                     12Z  AVG MX 2MIN
DY MAX MIN AVG DEP HDD CDD  WTR  SNW DPTH SPD SPD DIR MIN PSBL S-S WX    SPD DR
================================================================================

 1  82  67  75   1   0  10    T  0.0    0  5.2 10  20   M    M   9        15  40
 2  78  60  69  -5   0   4 0.41  0.0    0  4.8 18 360   M    M   7 1      24  10
 3  83  58  71  -3   0   6 0.00  0.0    0  4.1 13 170   M    M   3 12     16 150
 4  86  55  71  -2   0   6 0.00  0.0    0  4.4 13 200   M    M   2 1      16 190
 5  89  62  76   3   0  11 0.00  0.0    0  9.2 17 190   M    M   5        22 190
 6  92  70  81   8   0  16    T  0.0    0  8.4 20 270   M    M   6        26 270
 7  89  64  77   4   0  12 0.00  0.0    0  6.5 18 300   M    M   3        23 300
 8  89  60  75   2   0  10 0.00  0.0    0  4.7 16 290   M    M   3        19 300
 9  90  55  73   0   0   8 0.00  0.0    0  5.6 15 200   M    M   4        20 200
10  85  72  79   6   0  14 0.94  0.0    0  8.3 21 190   M    M   8 13     25 200
11  92  73  83  10   0  18 0.39  0.0    0  6.0 16 330   M    M   8 13     21 330
12  97  73  85  12   0  20 0.30  0.0    0  8.4 29 280   M    M   6 13     36 290
13  99  73  86  13   0  21 0.42  0.0    0  7.2 40 300   M    M   5 138    51 290
14  96  73  85  13   0  20 0.02  0.0    0  8.4 16 300   M    M   5 13     22 310
15  89  70  80   8   0  15 0.00  0.0    0  6.6 16 310   M    M   6        23 300
16  86  69  78   6   0  13 0.58  0.0    0  6.8 21 220   M    M   8 138    27 190
17  84  68  76   4   0  11 0.00  0.0    0 10.1 21 310   M    M   7        29 310
18  89  67  78   6   0  13 0.02  0.0    0  3.6 13 240   M    M   4 1      17 270
19  88  67  78   6   0  13 0.00  0.0    0  3.4 12  40   M    M   5        16 350
20  87  61  74   2   0   9 0.00  0.0    0  6.1 20 180   M    M   3        24 180
21  87  69  78   7   0  13 1.11  0.0    0 11.1 23 320   M    M   9 1      29 320
22  77  57  67  -4   0   2    T  0.0    0 10.5 23 300   M    M   3 1      29 300
23  81  52  67  -4   0   2 0.00  0.0    0  4.0 14 250   M    M   1        17 230
24  86  56  71   0   0   6 0.00  0.0    0  5.2 12 200   M    M   2        17 170
25  86  65  76   5   0  11 0.00  0.0    0 10.2 20 180   M    M   6        25 220
================================================================================
SM 2187 1616         0 284  4.19     0.0 168.8          M      128
================================================================================
AV 87.5 64.6                               6.8 FASTST   M    M   5    MAX(MPH)
                                 MISC ---->  # 40 300               # 51  290
================================================================================
NOTES:
# LAST OF SEVERAL OCCURRENCES

COLUMN 17 PEAK WIND IN M.P.H.

PRELIMINARY LOCAL CLIMATOLOGICAL DATA (WS FORM: F-6) , PAGE 2

                                          STATION:  HARTFORD CT
                                          MONTH:    AUGUST
                                          YEAR:     2016
                                          LATITUDE:   41 55 N
                                          LONGITUDE:  72 41 W

[TEMPERATURE DATA]      [PRECIPITATION DATA]       SYMBOLS USED IN COLUMN 16

AVERAGE MONTHLY: 76.1   TOTAL FOR MONTH:   4.19    1 = FOG OR MIST
DPTR FM NORMAL:   3.7   DPTR FM NORMAL:    0.87    2 = FOG REDUCING VISIBILITY
HIGHEST:    99 ON 13    GRTST 24HR  1.11 ON 21-21      TO 1/4 MILE OR LESS
LOWEST:     52 ON 23                               3 = THUNDER
                        SNOW, ICE PELLETS, HAIL    4 = ICE PELLETS
                        TOTAL MONTH:   0.0 INCH    5 = HAIL
                        GRTST 24HR     0.0         6 = FREEZING RAIN OR DRIZZLE
                        GRTST DEPTH:   0           7 = DUSTSTORM OR SANDSTORM:
                                                       VSBY 1/2 MILE OR LESS
                                                   8 = SMOKE OR HAZE
[NO. OF DAYS WITH]      [WEATHER - DAYS WITH]      9 = BLOWING SNOW
                                                   X = TORNADO
MAX 32 OR BELOW:   0    0.01 INCH OR MORE:   9
MAX 90 OR ABOVE:   6    0.10 INCH OR MORE:   7
MIN 32 OR BELOW:   0    0.50 INCH OR MORE:   3
MIN  0 OR BELOW:   0    1.00 INCH OR MORE:   1

[HDD (BASE 65) ]
TOTAL THIS MO.     0    CLEAR  (SCALE 0-3)   7
DPTR FM NORMAL     0    PTCLDY (SCALE 4-7)  14
TOTAL FM JUL 1     0    CLOUDY (SCALE 8-10)  4
DPTR FM NORMAL    -3

[CDD (BASE 65) ]
TOTAL THIS MO.   284
DPTR FM NORMAL    94    [PRESSURE DATA]
TOTAL FM JAN 1   868    HIGHEST SLP M ON M
DPTR FM NORMAL   226    LOWEST  SLP 29.61 ON  6

[REMARKS]
