000
CXUS51 KOKX 180701
CF6BDR
PRELIMINARY LOCAL CLIMATOLOGICAL DATA (WS FORM: F-6)

                                          STATION:   BRIDGEPORT CT
                                          MONTH:     APRIL
                                          YEAR:      2014
                                          LATITUDE:   41 10 N
                                          LONGITUDE:  73  8 W

  TEMPERATURE IN F:       :PCPN:    SNOW:  WIND      :SUNSHINE: SKY     :PK WND
================================================================================
1   2   3   4   5  6A  6B    7    8   9   10  11  12  13   14  15   16   17  18
                                     12Z  AVG MX 2MIN
DY MAX MIN AVG DEP HDD CDD  WTR  SNW DPTH SPD SPD DIR MIN PSBL S-S WX    SPD DR
================================================================================

 1  53  33  43  -1  22   0 0.00  0.0    0  7.1 14 210   M    M   1        16 220
 2  49  34  42  -3  23   0 0.00  0.0    0  3.3 12 210   M    M   2 1      14 210
 3  57  37  47   2  18   0 0.00  0.0    0  4.3  M   M   M    M   0 1       M  M
 4  43  39  41  -4  24   0 0.21  0.0    0 12.3 18  70   M    M  10 1      23  60
 5  57  38  48   2  17   0 0.02  0.0    0 13.4 26 300   M    M   4 1      34 320
 6  53  33  43  -3  22   0 0.00  0.0    0  8.7 18 220   M    M   0        22 230
 7  48  36  42  -4  23   0 0.21  0.0    0 10.2 23  70   M    M   4 1      31  70
 8  62  42  52   5  13   0 0.44  0.0    0 10.4 26 290   M    M   6 12     32 300
 9  63  38  51   4  14   0 0.00  0.0    0 10.4 26 300   M    M   1        35 300
10  54  32  43  -5  22   0 0.00  0.0    0  7.6 20 200   M    M   0 8      26 210
11  70  46  58  10   7   0    T  0.0    0  6.4 14 180   M    M   4        19 170
12  69  46  58  10   7   0 0.00  0.0    0  7.2 20 190   M    M   1        25 180
13  64  43  54   5  11   0 0.00  0.0    0  8.6 25 190   M    M   2        33 190
14  67  51  59  10   6   0 0.00  0.0    0 13.5 24 190   M    M   1        30 190
15  59  35  47  -2  18   0 1.28    T    0 16.3 32 200   M    M  10 1      42 200
16  47  31  39 -11  26   0 0.09  0.1    T 15.3 28 320   M    M   0 1      37 320
17  45  33  39 -11  26   0 0.00  0.0    0 11.5 20  90   M    M   0        24  90
================================================================================
SM  960  647       299   0  2.25     0.1 166.5          M       46
================================================================================
AV 56.5 38.1                               9.8 FASTST   M    M   3    MAX(MPH)
                                 MISC ---->  # 32 200               # 42  200
================================================================================
NOTES:
# LAST OF SEVERAL OCCURRENCES

COLUMN 17 PEAK WIND IN M.P.H.

PRELIMINARY LOCAL CLIMATOLOGICAL DATA (WS FORM: F-6) , PAGE 2

                                          STATION:  BRIDGEPORT CT
                                          MONTH:    APRIL
                                          YEAR:     2014
                                          LATITUDE:   41 10 N
                                          LONGITUDE:  73  8 W

[TEMPERATURE DATA]      [PRECIPITATION DATA]       SYMBOLS USED IN COLUMN 16

AVERAGE MONTHLY: 47.3   TOTAL FOR MONTH:   2.25    1 = FOG OR MIST
DPTR FM NORMAL:   0.1   DPTR FM NORMAL:   -0.17    2 = FOG REDUCING VISIBILITY
HIGHEST:    70 ON 11    GRTST 24HR  1.37 ON 15-16      TO 1/4 MILE OR LESS
LOWEST:     31 ON 16                               3 = THUNDER
                        SNOW, ICE PELLETS, HAIL    4 = ICE PELLETS
                        TOTAL MONTH:   0.1 INCH    5 = HAIL
                        GRTST 24HR   0.1 ON   M    6 = FREEZING RAIN OR DRIZZLE
                        GRTST DEPTH:   T           7 = DUSTSTORM OR SANDSTORM:
                                                       VSBY 1/2 MILE OR LESS
                                                   8 = SMOKE OR HAZE
[NO. OF DAYS WITH]      [WEATHER - DAYS WITH]      9 = BLOWING SNOW
                                                   X = TORNADO
MAX 32 OR BELOW:   0    0.01 INCH OR MORE:   6
MAX 90 OR ABOVE:   0    0.10 INCH OR MORE:   4
MIN 32 OR BELOW:   2    0.50 INCH OR MORE:   1
MIN  0 OR BELOW:   0    1.00 INCH OR MORE:   1

[HDD (BASE 65) ]
TOTAL THIS MO.   299    CLEAR  (SCALE 0-3)  11
DPTR FM NORMAL    -5    PTCLDY (SCALE 4-7)   4
TOTAL FM JUL 1  5281    CLOUDY (SCALE 8-10)  2
DPTR FM NORMAL   293

[CDD (BASE 65) ]
TOTAL THIS MO.     0
DPTR FM NORMAL     0    [PRESSURE DATA]
TOTAL FM JAN 1     0    HIGHEST SLP M ON M
DPTR FM NORMAL     0    LOWEST  SLP 29.40 ON  8

[REMARKS]
