948
CXAK56 PAFC 191307
CF6BET

PRELIMINARY LOCAL CLIMATOLOGICAL DATA (WS FORM: F-6)

                                          STATION:   BETHEL
                                          MONTH:     OCTOBER
                                          YEAR:      2017
                                          LATITUDE:   60 46 N
                                          LONGITUDE: 161 48 W

  TEMPERATURE IN F:       :PCPN:    SNOW:  WIND      :SUNSHINE: SKY     :PK WND
================================================================================
1   2   3   4   5  6A  6B    7    8   9   10  11  12  13   14  15   16   17  18
                                     12Z  AVG MX 2MIN
DY MAX MIN AVG DEP HDD CDD  WTR  SNW DPTH SPD SPD DIR MIN PSBL S-S WX    SPD DR
================================================================================

 1  46  27  37  -1  28   0 0.08  0.0    0  8.7 21  60   M    M   4        24  60
 2  55  39  47   9  18   0 0.20  0.0    0  8.1 17  50   M    M  10 1      22  40
 3  46  37  42   5  23   0 0.14  0.0    0  5.9  9 230   M    M   8 12      M  M
 4  46  36  41   4  24   0 0.25  0.0    0 12.7 32 160   M    M  10 12     42 150
 5  48  42  45   9  20   0 0.42  0.0    0 20.4 30 180   M    M   8 1      41 180
 6  45  37  41   5  24   0 0.02  0.0    0 15.9 21 280   M    M   9        33 280
 7  40  35  38   3  27   0    T  0.0    0 10.8 18 360   M    M   8 12     22  10
 8  44  31  38   4  27   0    T  0.0    0 15.2 22 290   M    M   5 1      31 290
 9  46  34  40   6  25   0 0.63  0.0    0 20.4 29 200   M    M  10 1      38 200
10  46  42  44  11  21   0 0.57  0.0    0 17.3 30 190   M    M  10 1      39 190
11  50  43  47  14  18   0 0.15  0.0    0 19.2 28 150   M    M   9 1      35 150
12  51  41  46  14  19   0 0.22  0.0    0 21.8 33 170   M    M   8 18     42 160
13  47  38  43  11  22   0 0.03  0.0    0 15.1 24 180   M    M   6        47 190
14  47  37  42  11  23   0 0.07  0.0    0  7.5 12 180   M    M   9 1       M  M
15  43  31  37   6  28   0 0.03  0.0    0  5.8  9 220   M    M   7 1       M  M
16  42  27  35   5  30   0 0.00  0.0    0  5.8  9 240   M    M   3 12      M  M
17  37  25  31   1  34   0 0.00  0.0    0  9.2 18  20   M    M   2        22  20
18  37  28  33   4  32   0    T  0.0    0 10.3 15 320   M    M   6        21 300
================================================================================
SM  816  630       443   0  2.81     0.0 230.1          M      132
================================================================================
AV 45.3 35.0                              12.8 FASTST   M    M   7    MAX(MPH)
                                 MISC ---->  # 33 170               # 47  190
================================================================================
NOTES:
# LAST OF SEVERAL OCCURRENCES

COLUMN 17 PEAK WIND IN M.P.H.

PRELIMINARY LOCAL CLIMATOLOGICAL DATA (WS FORM: F-6) , PAGE 2

                                          STATION:  BETHEL
                                          MONTH:    OCTOBER
                                          YEAR:     2017
                                          LATITUDE:   60 46 N
                                          LONGITUDE: 161 48 W

[TEMPERATURE DATA]      [PRECIPITATION DATA]       SYMBOLS USED IN COLUMN 16

AVERAGE MONTHLY: 40.2   TOTAL FOR MONTH:   2.81    1 = FOG OR MIST
DPTR FM NORMAL:   6.5   DPTR FM NORMAL:    1.74    2 = FOG REDUCING VISIBILITY
HIGHEST:    55 ON  2    GRTST 24HR  0.63 ON  9- 9      TO 1/4 MILE OR LESS
LOWEST:     25 ON 17                               3 = THUNDER
                        SNOW, ICE PELLETS, HAIL    4 = ICE PELLETS
                        TOTAL MONTH:   0.0 INCH    5 = HAIL
                        GRTST 24HR     0.0         6 = FREEZING RAIN OR DRIZZLE
                        GRTST DEPTH:   0           7 = DUSTSTORM OR SANDSTORM:
                                                       VSBY 1/2 MILE OR LESS
                                                   8 = SMOKE OR HAZE
[NO. OF DAYS WITH]      [WEATHER - DAYS WITH]      9 = BLOWING SNOW
                                                   X = TORNADO
MAX 32 OR BELOW:   0    0.01 INCH OR MORE:  13
MAX 90 OR ABOVE:   0    0.10 INCH OR MORE:   8
MIN 32 OR BELOW:   6    0.50 INCH OR MORE:   2
MIN  0 OR BELOW:   0    1.00 INCH OR MORE:   0

[HDD (BASE 65) ]
TOTAL THIS MO.   443    CLEAR  (SCALE 0-3)   2
DPTR FM NORMAL  -121    PTCLDY (SCALE 4-7)   7
TOTAL FM JUL 1  1564    CLOUDY (SCALE 8-10)  9
DPTR FM NORMAL  -218

[CDD (BASE 65) ]
TOTAL THIS MO.     0
DPTR FM NORMAL     0    [PRESSURE DATA]
TOTAL FM JAN 1     6    HIGHEST SLP M ON M
DPTR FM NORMAL     2    LOWEST  SLP 28.79 ON  5

[REMARKS]
