227
CXAK56 PAFC 180340
CF6BET

PRELIMINARY LOCAL CLIMATOLOGICAL DATA (WS FORM: F-6)

                                          STATION:   BETHEL
                                          MONTH:     NOVEMBER
                                          YEAR:      2016
                                          LATITUDE:   60 46 N
                                          LONGITUDE: 161 48 W

  TEMPERATURE IN F:       :PCPN:    SNOW:  WIND      :SUNSHINE: SKY     :PK WND
================================================================================
1   2   3   4   5  6A  6B    7    8   9   10  11  12  13   14  15   16   17  18
                                     12Z  AVG MX 2MIN
DY MAX MIN AVG DEP HDD CDD  WTR  SNW DPTH SPD SPD DIR MIN PSBL S-S WX    SPD DR
================================================================================

 1  43  29  36  14  29   0    T  0.0    M  4.5  9  80   M    M   5        12  80
 2  42  30  36  14  29   0 0.03  0.0    0  5.8 10 120   M    M   8        13 110
 3  36  20  28   6  37   0    T  0.0    0  7.2 13  30   M    M   4        15  10
 4  28  16  22   1  43   0 0.00  0.0    0  8.2 15  30   M    M   4        19  30
 5  23  21  22   1  43   0 0.02    T    0 11.1 15  20   M    M  10 1      18  20
 6  26  22  24   4  41   0 0.03    T    T  9.1 14 330   M    M  10 1      19 320
 7  25  17  21   1  44   0    T    T    0  9.1 23  30   M    M  10 1      29  40
 8  20  13  17  -3  48   0    T    T    0 17.2 26  30   M    M   8 1      34  20
 9  21  16  19   0  46   0 0.00  0.0    0 21.3 29  10   M    M   8        37  10
10  24  19  22   3  43   0 0.05  0.0    1 17.9 26  20   M    M   8 1      35  10
11  25  20  23   5  42   0 0.01  0.0    0 12.7 17  20   M    M   7 1       M  M
12  32  22  27   9  38   0    T    T    0 14.9 24  20   M    M   8 6      32  20
13  26  18  22   4  43   0 0.00  0.0    0 14.3 22 340   M    M   5 1      29 330
14  26  15  21   3  44   0 0.02    T    0 18.6 25 320   M    M   8 18     33 320
15  21   6  14  -3  51   0 0.00  0.0    0  5.6 13 290   M    M   1 1      15 290
16  16   2   9  -8  56   0 0.00  0.0    0  6.3 12  30   M    M   3 1      14  20
================================================================================
SM  434  286       677   0  0.16    T    183.8          M      107
================================================================================
AV 27.1 17.9                              11.5 FASTST   M    M   7    MAX(MPH)
                                 MISC ---->  # 29  10               # 37   10
================================================================================
NOTES:
# LAST OF SEVERAL OCCURRENCES

COLUMN 17 PEAK WIND IN M.P.H.

PRELIMINARY LOCAL CLIMATOLOGICAL DATA (WS FORM: F-6) , PAGE 2

                                          STATION:  BETHEL
                                          MONTH:    NOVEMBER
                                          YEAR:     2016
                                          LATITUDE:   60 46 N
                                          LONGITUDE: 161 48 W

[TEMPERATURE DATA]      [PRECIPITATION DATA]       SYMBOLS USED IN COLUMN 16

AVERAGE MONTHLY: 22.5   TOTAL FOR MONTH:   0.16    1 = FOG OR MIST
DPTR FM NORMAL:   3.0   DPTR FM NORMAL:   -0.71    2 = FOG REDUCING VISIBILITY
HIGHEST:    43 ON  1    GRTST 24HR  0.06 ON 10-11      TO 1/4 MILE OR LESS
LOWEST:      2 ON 16                               3 = THUNDER
                        SNOW, ICE PELLETS, HAIL    4 = ICE PELLETS
                        TOTAL MONTH:    T          5 = HAIL
                        GRTST 24HR    T  ON 14-14  6 = FREEZING RAIN OR DRIZZLE
                        GRTST DEPTH:   1 ON 10     7 = DUSTSTORM OR SANDSTORM:
                                                       VSBY 1/2 MILE OR LESS
                                                   8 = SMOKE OR HAZE
[NO. OF DAYS WITH]      [WEATHER - DAYS WITH]      9 = BLOWING SNOW
                                                   X = TORNADO
MAX 32 OR BELOW:  13    0.01 INCH OR MORE:   6
MAX 90 OR ABOVE:   0    0.10 INCH OR MORE:   0
MIN 32 OR BELOW:  16    0.50 INCH OR MORE:   0
MIN  0 OR BELOW:   0    1.00 INCH OR MORE:   0

[HDD (BASE 65) ]
TOTAL THIS MO.   677    CLEAR  (SCALE 0-3)   1
DPTR FM NORMAL   -52    PTCLDY (SCALE 4-7)  11
TOTAL FM JUL 1  2365    CLOUDY (SCALE 8-10)  4
DPTR FM NORMAL  -659

[CDD (BASE 65) ]
TOTAL THIS MO.     0
DPTR FM NORMAL     0    [PRESSURE DATA]
TOTAL FM JAN 1    13    HIGHEST SLP M ON M
DPTR FM NORMAL     9    LOWEST  SLP 28.99 ON  1

[REMARKS]
