000
CXUS51 KBGM 210800
CF6BGM
PRELIMINARY LOCAL CLIMATOLOGICAL DATA (WS FORM: F-6)

                                          STATION:   BINGHAMTON NY
                                          MONTH:     DECEMBER
                                          YEAR:      2014
                                          LATITUDE:   42 13 N
                                          LONGITUDE:  75 59 W

  TEMPERATURE IN F:       :PCPN:    SNOW:  WIND      :SUNSHINE: SKY     :PK WND
================================================================================
1   2   3   4   5  6A  6B    7    8   9   10  11  12  13   14  15   16   17  18
                                     12Z  AVG MX 2MIN
DY MAX MIN AVG DEP HDD CDD  WTR  SNW DPTH SPD SPD DIR MIN PSBL S-S WX    SPD DR
================================================================================

 1  49  25  37   5  28   0    T  0.0    0 11.7 18 360   M    M   7 1      28 320
 2  34  19  27  -5  38   0 0.24  0.4    0 11.2 21 150   M    M   7 16     28 170
 3  39  29  34   2  31   0 0.05    T    T 11.6 22 280   M    M   9 1      32 280
 4  32  22  27  -4  38   0 0.00  0.0    0  6.8 15 330   M    M   3        20 340
 5  34  18  26  -5  39   0 0.25    T    0  9.0 15 150   M    M   7 1      20 150
 6  35  28  32   2  33   0 0.63    T    0  9.2 24 360   M    M  10 12     31 360
 7  31  18  25  -5  40   0 0.00  0.0    0 11.6 25  10   M    M   3        32  20
 8  27  15  21  -9  44   0    T    T    0 11.1 20 140   M    M   4 1      26 140
 9  34  27  31   2  34   0 0.30  1.0    0 11.2 21 340   M    M  10 16     28 340
10  33  25  29   0  36   0 0.35  6.7    2 14.3 25 340   M    M  10 12     36 330
11  25  21  23  -6  42   0 0.16  2.8    8  8.8 15 270   M    M  10 1      20 270
12  28  21  25  -3  40   0    T    T    7  8.6 18 340   M    M  10 16     24 340
13  31  27  29   1  36   0 0.01    T    7  8.6 20 330   M    M  10 12     27 330
14  35  29  32   4  33   0 0.03  0.1    5  7.0 14 320   M    M  10 12     20 310
15  33  30  32   5  33   0    T  0.0    4  5.5 13 320   M    M  10 12     19 350
16  38  31  35   8  30   0 0.06  0.0    2  9.2 17 150   M    M  10 12     21 150
17  39  30  35   8  30   0 0.10  0.1    1  9.3 20 270   M    M   8 12     30 300
18  30  27  29   3  36   0    T  0.1    T 11.6 23 280   M    M  10 1      31 280
19  27  21  24  -2  41   0 0.02  0.4    T 10.3 18 340   M    M  10 16     25 320
20  26  24  25  -1  40   0    T    T    T  4.5 13 340   M    M  10 18     16  20
================================================================================
SM  660  487       722   0  2.20    11.6 191.1          M      168
================================================================================
AV 33.0 24.4                               9.6 FASTST   M    M   8    MAX(MPH)
                                 MISC ---->  # 25  10               # 36  330
================================================================================
NOTES:
# LAST OF SEVERAL OCCURRENCES

COLUMN 17 PEAK WIND IN M.P.H.

PRELIMINARY LOCAL CLIMATOLOGICAL DATA (WS FORM: F-6) , PAGE 2

                                          STATION:  BINGHAMTON NY
                                          MONTH:    DECEMBER
                                          YEAR:     2014
                                          LATITUDE:   42 13 N
                                          LONGITUDE:  75 59 W

[TEMPERATURE DATA]      [PRECIPITATION DATA]       SYMBOLS USED IN COLUMN 16

AVERAGE MONTHLY: 28.7   TOTAL FOR MONTH:   2.20    1 = FOG OR MIST
DPTR FM NORMAL:  -0.2   DPTR FM NORMAL:    0.28    2 = FOG REDUCING VISIBILITY
HIGHEST:    49 ON  1    GRTST 24HR  0.86 ON  5- 6      TO 1/4 MILE OR LESS
LOWEST:     15 ON  8                               3 = THUNDER
                        SNOW, ICE PELLETS, HAIL    4 = ICE PELLETS
                        TOTAL MONTH:  11.6 INCHES  5 = HAIL
                        GRTST 24HR   6.7 ON   M    6 = FREEZING RAIN OR DRIZZLE
                        GRTST DEPTH:   8 ON 11     7 = DUSTSTORM OR SANDSTORM:
                                                       VSBY 1/2 MILE OR LESS
                                                   8 = SMOKE OR HAZE
[NO. OF DAYS WITH]      [WEATHER - DAYS WITH]      9 = BLOWING SNOW
                                                   X = TORNADO
MAX 32 OR BELOW:   9    0.01 INCH OR MORE:  12
MAX 90 OR ABOVE:   0    0.10 INCH OR MORE:   7
MIN 32 OR BELOW:  20    0.50 INCH OR MORE:   1
MIN  0 OR BELOW:   0    1.00 INCH OR MORE:   0

[HDD (BASE 65) ]
TOTAL THIS MO.   722    CLEAR  (SCALE 0-3)   2
DPTR FM NORMAL     0    PTCLDY (SCALE 4-7)   4
TOTAL FM JUL 1  2257    CLOUDY (SCALE 8-10) 14
DPTR FM NORMAL   -40

[CDD (BASE 65) ]
TOTAL THIS MO.     0
DPTR FM NORMAL     0    [PRESSURE DATA]
TOTAL FM JAN 1   341    HIGHEST SLP M ON M
DPTR FM NORMAL   -40    LOWEST  SLP 29.66 ON 11

[REMARKS]
