000
CXUS51 KCAR 250600
CF6BGR
PRELIMINARY LOCAL CLIMATOLOGICAL DATA (WS FORM: F-6)

                                          STATION:   BANGOR ME
                                          MONTH:     JUNE
                                          YEAR:      2017
                                          LATITUDE:   44 47 N
                                          LONGITUDE:  68 49 W

  TEMPERATURE IN F:       :PCPN:    SNOW:  WIND      :SUNSHINE: SKY     :PK WND
================================================================================
1   2   3   4   5  6A  6B    7    8   9   10  11  12  13   14  15   16   17  18
                                     12Z  AVG MX 2MIN
DY MAX MIN AVG DEP HDD CDD  WTR  SNW DPTH SPD SPD DIR MIN PSBL S-S WX    SPD DR
================================================================================

 1  72  51  62   3   3   0 0.49    T    0  5.6 17 300   M    M   8 1235   22 290
 2  68  49  59   0   6   0    T  0.0    0  6.5 16 300   M    M   6        22 300
 3  65  46  56  -4   9   0 0.22  0.0    0  7.3 17 320   M    M   9 1      23 290
 4  69  48  59  -1   6   0 0.25  0.0    0  4.5 16 320   M    M   7 1      21 320
 5  59  49  54  -6  11   0 0.10  0.0    0  6.6 15  60   M    M  10 1      22  80
 6  66  46  56  -4   9   0 0.00  0.0    0 10.9 22  30   M    M   9        27  20
 7  78  44  61   0   4   0 0.00  0.0    0  6.3 17 200   M    M   3        20 200
 8  83  51  67   6   0   2 0.00  0.0    0  9.3 22 180   M    M   4        26 180
 9  57  51  54  -7  11   0 0.69  0.0    0  5.7 15 310   M    M  10 13     19 210
10  76  51  64   2   1   0 0.00  0.0    0  9.3 21 170   M    M   5        27 180
11  91  54  73  11   0   8 0.00  0.0    0  8.8 22 220   M    M   5        30 200
12  89  63  76  14   0  11 0.00  0.0    0  6.7 20 190   M    M   5        25 190
13  88  60  74  11   0   9 0.00  0.0    0  9.1 22 320   M    M   5        26 320
14  69  49  59  -4   6   0 0.00  0.0    0 10.6 21  10   M    M   4        27  20
15  70  49  60  -3   5   0 0.00  0.0    0  4.3 16 190   M    M   7        20 200
16  58  51  55  -8  10   0 0.28  0.0    0  8.9 17 170   M    M   9 1      23 170
17  68  54  61  -3   4   0 0.44  0.0    0  4.3 10 130   M    M  10 1      14 160
18  75  59  67   3   0   2 0.00  0.0    0  9.6 16 160   M    M   9 1      16 210
19  80  63  72   8   0   7    T  0.0    0 11.3 21 170   M    M   8 1      26 180
20  75  58  67   3   0   2 0.56  0.0    0  7.5 17 180   M    M   6 13     22 180
21  78  56  67   2   0   2    T  0.0    0  8.1 22 310   M    M   6        30 310
22  79  52  66   1   0   1 0.00  0.0    0  5.9 18 310   M    M   5        25 300
23  74  53  64  -1   1   0    T  0.0    0  7.3 17 170   M    M   8 1      21 170
24  81  60  71   5   0   6 0.46  0.0    0  7.3 17 340   M    M   8 1      23 340
================================================================================
SM 1768 1267        86  50  3.49    T    181.7          M      166
================================================================================
AV 73.7 52.8                               7.6 FASTST   M    M   7    MAX(MPH)
                                 MISC ---->  # 22  30               # 30  200
================================================================================
NOTES:
# LAST OF SEVERAL OCCURRENCES

COLUMN 17 PEAK WIND IN M.P.H.

PRELIMINARY LOCAL CLIMATOLOGICAL DATA (WS FORM: F-6) , PAGE 2

                                          STATION:  BANGOR ME
                                          MONTH:    JUNE
                                          YEAR:     2017
                                          LATITUDE:   44 47 N
                                          LONGITUDE:  68 49 W

[TEMPERATURE DATA]      [PRECIPITATION DATA]       SYMBOLS USED IN COLUMN 16

AVERAGE MONTHLY: 63.2   TOTAL FOR MONTH:   3.49    1 = FOG OR MIST
DPTR FM NORMAL:   0.9   DPTR FM NORMAL:    0.42    2 = FOG REDUCING VISIBILITY
HIGHEST:    91 ON 11    GRTST 24HR  0.69 ON  9- 9      TO 1/4 MILE OR LESS
LOWEST:     44 ON  7                               3 = THUNDER
                        SNOW, ICE PELLETS, HAIL    4 = ICE PELLETS
                        TOTAL MONTH:    T          5 = HAIL
                        GRTST 24HR    T  ON  1- 1  6 = FREEZING RAIN OR DRIZZLE
                        GRTST DEPTH:   0           7 = DUSTSTORM OR SANDSTORM:
                                                       VSBY 1/2 MILE OR LESS
                                                   8 = SMOKE OR HAZE
[NO. OF DAYS WITH]      [WEATHER - DAYS WITH]      9 = BLOWING SNOW
                                                   X = TORNADO
MAX 32 OR BELOW:   0    0.01 INCH OR MORE:   9
MAX 90 OR ABOVE:   1    0.10 INCH OR MORE:   9
MIN 32 OR BELOW:   0    0.50 INCH OR MORE:   2
MIN  0 OR BELOW:   0    1.00 INCH OR MORE:   0

[HDD (BASE 65) ]
TOTAL THIS MO.    86    CLEAR  (SCALE 0-3)   1
DPTR FM NORMAL   -12    PTCLDY (SCALE 4-7)  16
TOTAL FM JUL 1  7378    CLOUDY (SCALE 8-10)  7
DPTR FM NORMAL  -473

[CDD (BASE 65) ]
TOTAL THIS MO.    50
DPTR FM NORMAL    15    [PRESSURE DATA]
TOTAL FM JAN 1    57    HIGHEST SLP M ON M
DPTR FM NORMAL    16    LOWEST  SLP 29.38 ON 24

[REMARKS]
