000
CXUS55 KBYZ 241055
CF6BHK
PRELIMINARY LOCAL CLIMATOLOGICAL DATA (WS FORM: F-6)

                                          STATION:   BAKER MT
                                          MONTH:     DECEMBER
                                          YEAR:      2014
                                          LATITUDE:   46 20 N
                                          LONGITUDE: 104 15 W

  TEMPERATURE IN F:       :PCPN:    SNOW:  WIND      :SUNSHINE: SKY     :PK WND
================================================================================
1   2   3   4   5  6A  6B    7    8   9   10  11  12  13   14  15   16   17  18
                                     12Z  AVG MX 2MIN
DY MAX MIN AVG DEP HDD CDD  WTR  SNW DPTH SPD SPD DIR MIN PSBL S-S WX    SPD DR
================================================================================

 1  26  -9   9 -13  56   0 0.00    M    M  7.1 23 140   M    M   1        29 150
 2  32  10  21  -1  44   0 0.00    M    M 10.3 33 300   M    M   1        41 300
 3  31   6  19  -2  46   0 0.00    M    M  6.0 15 230   M    M   0        19 230
 4  41   8  25   4  40   0    T    M    M  3.0 10 290   M    M   7        12 290
 5  33  20  27   6  38   0    T    M    M  6.2 14 120   M    M   7        16 120
 6  38  23  31  11  34   0 0.00    M    M  9.7 18 130   M    M   1        21 130
 7  42  27  35  15  30   0 0.17    M    M 14.9 35 290   M    M   5 1      45 300
 8  40  21  31  11  34   0 0.00    M    M  6.3 15 130   M    M   0        17 130
 9  55  21  38  19  27   0 0.00    M    M  4.4 14 140   M    M   0        17 130
10  55  29  42  23  23   0 0.00    M    M  5.6 17 240   M    M   0        20 240
11  58  30  44  25  21   0 0.00    M    M  6.6 15 240   M    M   0        18 240
12  55  28  42  23  23   0 0.00    M    M  3.3 10 130   M    M   0        11 130
13  52  33  43  25  22   0 0.00    M    M  7.7 22 300   M    M   0        30 290
14  34  26  30  12  35   0    T    M    M 20.4 30 310   M    M  10 16     38 310
15  26  20  23   5  42   0 0.01    M    M 14.2 25 340   M    M  10 16     31 330
16  20  16  18   0  47   0 0.00    M    M 11.1 22 130   M    M  10        27 130
17  23  15  19   1  46   0    T    M    M 13.3 22 140   M    M  10 1      27 130
18  37  23  30  12  35   0    T    M    M  6.9 15 240   M    M   5 1      17 260
19  43  22  33  16  32   0 0.00    M    M  5.6 16 250   M    M   1        19 260
20  46  21  34  17  31   0 0.00    M    M  6.2 18 270   M    M   3        22 290
21  39  18  29  12  36   0 0.18    M    M  9.5 28 290   M    M   7 1      36 290
22  37  21  29  12  36   0 0.01    M    M 20.9 33 310   M    M  10 1      42 310
23  32  10  21   4  44   0    T    M    M 10.4 21 300   M    M   6 1      26 300
================================================================================
SM  895  439       822   0  0.37    M    209.6          M       94
================================================================================
AV 38.9 19.1                               9.1 FASTST   M    M   4    MAX(MPH)
                                 MISC ---->  # 35 290               # 45  300
================================================================================
NOTES:
# LAST OF SEVERAL OCCURRENCES

COLUMN 17 PEAK WIND IN M.P.H.

PRELIMINARY LOCAL CLIMATOLOGICAL DATA (WS FORM: F-6) , PAGE 2

                                          STATION:  BAKER MT
                                          MONTH:    DECEMBER
                                          YEAR:     2014
                                          LATITUDE:   46 20 N
                                          LONGITUDE: 104 15 W

[TEMPERATURE DATA]      [PRECIPITATION DATA]       SYMBOLS USED IN COLUMN 16

AVERAGE MONTHLY: 29.0   TOTAL FOR MONTH:   0.37    1 = FOG OR MIST
DPTR FM NORMAL:  10.0   DPTR FM NORMAL:    0.11    2 = FOG REDUCING VISIBILITY
HIGHEST:    58 ON 11    GRTST 24HR  0.18 ON 21-21      TO 1/4 MILE OR LESS
LOWEST:     -9 ON  1                               3 = THUNDER
                        SNOW, ICE PELLETS, HAIL    4 = ICE PELLETS
                        TOTAL MONTH:    M          5 = HAIL
                        GRTST 24HR    M  ON   M    6 = FREEZING RAIN OR DRIZZLE
                        GRTST DEPTH:  M  ON   M    7 = DUSTSTORM OR SANDSTORM:
                                                       VSBY 1/2 MILE OR LESS
                                                   8 = SMOKE OR HAZE
[NO. OF DAYS WITH]      [WEATHER - DAYS WITH]      9 = BLOWING SNOW
                                                   X = TORNADO
MAX 32 OR BELOW:   7    0.01 INCH OR MORE:   4
MAX 90 OR ABOVE:   0    0.10 INCH OR MORE:   2
MIN 32 OR BELOW:  22    0.50 INCH OR MORE:   0
MIN  0 OR BELOW:   1    1.00 INCH OR MORE:   0

[HDD (BASE 65) ]
TOTAL THIS MO.   822    CLEAR  (SCALE 0-3)  11
DPTR FM NORMAL  -238    PTCLDY (SCALE 4-7)   7
TOTAL FM JUL 1  2915    CLOUDY (SCALE 8-10)  5
DPTR FM NORMAL  -173

[CDD (BASE 65) ]
TOTAL THIS MO.     0
DPTR FM NORMAL     0    [PRESSURE DATA]
TOTAL FM JAN 1   351    HIGHEST SLP M ON M
DPTR FM NORMAL  -119    LOWEST  SLP 29.43 ON 21

[REMARKS]
