000
CXUS55 KBYZ 281055
CF6BHK
PRELIMINARY LOCAL CLIMATOLOGICAL DATA (WS FORM: F-6)

                                          STATION:   BAKER MT
                                          MONTH:     MAY
                                          YEAR:      2016
                                          LATITUDE:   46 20 N
                                          LONGITUDE: 104 15 W

  TEMPERATURE IN F:       :PCPN:    SNOW:  WIND      :SUNSHINE: SKY     :PK WND
================================================================================
1   2   3   4   5  6A  6B    7    8   9   10  11  12  13   14  15   16   17  18
                                     12Z  AVG MX 2MIN
DY MAX MIN AVG DEP HDD CDD  WTR  SNW DPTH SPD SPD DIR MIN PSBL S-S WX    SPD DR
================================================================================

 1  62  27  45  -3  20   0 0.00    M    M  4.5 14 270   M    M   1        18 310
 2  71  36  54   6  11   0 0.00    M    M 10.7 26 330   M    M   2        34 310
 3  77  37  57   8   8   0 0.00    M    M  4.9 16 330   M    M   0        20 310
 4  81  46  64  15   1   0 0.00    M    M 12.0 23 180   M    M   0        32 180
 5  86  44  65  15   0   0 0.00    M    M  5.9 16 160   M    M   0        21 160
 6  71  42  57   7   8   0 0.00    M    M 12.2 26 360   M    M   0 8      33 350
 7  71  38  55   5  10   0 0.00    M    M  5.3 13 130   M    M   1 8      18  60
 8  73  35  54   4  11   0 0.00    M    M 14.3 28 150   M    M   0 18     33 140
 9  63  43  53   2  12   0 0.19    M    M  9.2 18 110   M    M   6 1      22  90
10  52  33  43  -8  22   0 0.43    M    M 24.8 39 250   M    M  10 1      50 240
11  46  33  40 -11  25   0 0.19    M    M 21.9 33 290   M    M   9 8      45 290
12  64  32  48  -4  17   0 0.06    M    M  8.6 29  20   M    M   2 1      34  20
13  46  30  38 -14  27   0 0.08    M    M 15.4 28 330   M    M   6 1      34 330
14  56  23  40 -12  25   0 0.00    M    M  4.3 15 300   M    M   1        20 310
15  64  30  47  -6  18   0 0.00    M    M  5.4 16 140   M    M   0        20 140
16  70  35  53   0  12   0 0.00    M    M  6.9 20  50   M    M   1        24  70
17  71  36  54   1  11   0 0.00    M    M 10.8 20 160   M    M   1        23 170
18  74  38  56   2   9   0 0.00    M    M  9.9 25 180   M    M   0        33 180
19  81  41  61   7   4   0 0.00    M    M  8.8 21 140   M    M   0        24 150
20  77  48  63   9   2   0 0.00    M    M 19.2 30 120   M    M   0        37 120
21  76  53  65  11   0   0 0.00    M    M 29.3 45 150   M    M   2        55 150
22  76  45  61   6   4   0    T    M    M  9.8 30 310   M    M   3        37 310
23  70  42  56   1   9   0    T    M    M 12.1 28 280   M    M   1        37 280
24  73  37  55   0  10   0 0.00    M    M  6.4 21 110   M    M   4        24 110
25  65  46  56   0   9   0 0.01    M    M 10.0 26 330   M    M   6        34 340
26  66  43  55  -1  10   0 0.01    M    M  9.3 28 280   M    M   5        34 290
27  69  37  53  -3  12   0    T    M    M  4.2 16 120   M    M   6        20 120
================================================================================
SM 1851 1030       307   0  0.97    M    296.1          M       67
================================================================================
AV 68.6 38.1                              11.0 FASTST   M    M   2    MAX(MPH)
                                 MISC ---->  # 45 150               # 55  150
================================================================================
NOTES:
# LAST OF SEVERAL OCCURRENCES

COLUMN 17 PEAK WIND IN M.P.H.

PRELIMINARY LOCAL CLIMATOLOGICAL DATA (WS FORM: F-6) , PAGE 2

                                          STATION:  BAKER MT
                                          MONTH:    MAY
                                          YEAR:     2016
                                          LATITUDE:   46 20 N
                                          LONGITUDE: 104 15 W

[TEMPERATURE DATA]      [PRECIPITATION DATA]       SYMBOLS USED IN COLUMN 16

AVERAGE MONTHLY: 53.4   TOTAL FOR MONTH:   0.97    1 = FOG OR MIST
DPTR FM NORMAL:   1.1   DPTR FM NORMAL:   -1.21    2 = FOG REDUCING VISIBILITY
HIGHEST:    86 ON  5    GRTST 24HR  0.52 ON  9-10      TO 1/4 MILE OR LESS
LOWEST:     23 ON 14                               3 = THUNDER
                        SNOW, ICE PELLETS, HAIL    4 = ICE PELLETS
                        TOTAL MONTH:    M          5 = HAIL
                        GRTST 24HR    M  ON   M    6 = FREEZING RAIN OR DRIZZLE
                        GRTST DEPTH:  M  ON   M    7 = DUSTSTORM OR SANDSTORM:
                                                       VSBY 1/2 MILE OR LESS
                                                   8 = SMOKE OR HAZE
[NO. OF DAYS WITH]      [WEATHER - DAYS WITH]      9 = BLOWING SNOW
                                                   X = TORNADO
MAX 32 OR BELOW:   0    0.01 INCH OR MORE:   7
MAX 90 OR ABOVE:   0    0.10 INCH OR MORE:   3
MIN 32 OR BELOW:   5    0.50 INCH OR MORE:   0
MIN  0 OR BELOW:   0    1.00 INCH OR MORE:   0

[HDD (BASE 65) ]
TOTAL THIS MO.   307    CLEAR  (SCALE 0-3)  19
DPTR FM NORMAL   -41    PTCLDY (SCALE 4-7)   6
TOTAL FM JUL 1  6818    CLOUDY (SCALE 8-10)  2
DPTR FM NORMAL -1388

[CDD (BASE 65) ]
TOTAL THIS MO.     0
DPTR FM NORMAL     0    [PRESSURE DATA]
TOTAL FM JAN 1     0    HIGHEST SLP M ON M
DPTR FM NORMAL     0    LOWEST  SLP 29.45 ON 21

[REMARKS]
