000
CXUS55 KBYZ 281055
CF6BHK
PRELIMINARY LOCAL CLIMATOLOGICAL DATA (WS FORM: F-6)

                                          STATION:   BAKER MT
                                          MONTH:     JULY
                                          YEAR:      2015
                                          LATITUDE:   46 20 N
                                          LONGITUDE: 104 15 W

  TEMPERATURE IN F:       :PCPN:    SNOW:  WIND      :SUNSHINE: SKY     :PK WND
================================================================================
1   2   3   4   5  6A  6B    7    8   9   10  11  12  13   14  15   16   17  18
                                     12Z  AVG MX 2MIN
DY MAX MIN AVG DEP HDD CDD  WTR  SNW DPTH SPD SPD DIR MIN PSBL S-S WX    SPD DR
================================================================================

 1  79  58  69   1   0   4 0.07    M    M  5.5 16 280   M    M   5 123    28 280
 2  81  57  69   1   0   4 0.00    M    M  7.2 18 330   M    M   3 128    25 320
 3  85  57  71   3   0   6 0.00    M    M  6.6 16 150   M    M   1 18     20 170
 4  95  60  78  10   0  13 0.03    M    M  6.5 21 190   M    M   1 138    32 290
 5  77  59  68  -1   0   3    T    M    M 12.5 31  50   M    M   6 38     38  40
 6  75  53  64  -5   1   0 0.01    M    M  9.2 16 280   M    M   6 1      24 300
 7  81  49  65  -4   0   0 0.00    M    M  9.5 21 350   M    M   3 138    25 360
 8  80  55  68  -2   0   3 0.00    M    M  5.6 14 120   M    M   3 1      17 110
 9  85  54  70   0   0   5 0.00    M    M 12.0 21 160   M    M   0        32 180
10  90  56  73   3   0   8 0.00    M    M 11.4 22 140   M    M   0        27 110
11  92  60  76   6   0  11    T    M    M  9.9 20 260   M    M   1        32 260
12  91  62  77   6   0  12    T    M    M 12.8 29 270   M    M   1        36 320
13  90  59  75   4   0  10 0.00    M    M 13.0 26 280   M    M   0        35 290
14  89  59  74   3   0   9 0.00    M    M  6.0 15 290   M    M   1        18 300
15  90  59  75   4   0  10 0.01    M    M  6.1 24 250   M    M   2 3      31 240
16  89  56  73   2   0   8 0.05    M    M  8.7 31 290   M    M   2        42 300
17  73  55  64  -8   1   0 0.35    M    M  8.6 21 280   M    M   5 1      25 290
18  75  53  64  -8   1   0 0.00    M    M 13.4 25 270   M    M   4        32 260
19  89  55  72   0   0   7 0.00    M    M 12.6 26 270   M    M   1        34 270
20  85  52  69  -3   0   4 0.00    M    M  5.4 15 330   M    M   1        21 330
21  90  59  75   3   0  10 0.09    M    M 14.8 29 160   M    M   3 3      35 150
22  96  56  76   4   0  11 0.00    M    M  5.8 15 210   M    M   0        22 190
23  93  58  76   4   0  11 0.00    M    M  9.3 24 320   M    M   0        32 330
24  91  53  72   0   0   7 0.00    M    M  8.1 24 300   M    M   0        37 260
25  93  63  78   6   0  13 0.00    M    M  9.5 21 250   M    M   0 3      26 250
26  99  63  81   9   0  16 0.00    M    M 12.5 35  90   M    M   0 3      40  80
27  94  56  75   2   0  10 0.19    M    M 16.3 49 250   M    M   1 3      65 250
================================================================================
SM 2347 1536         3 195  0.80    M    258.8          M       50
================================================================================
AV 86.9 56.9                               9.6 FASTST   M    M   2    MAX(MPH)
                                 MISC ---->  # 49 250               # 65  250
================================================================================
NOTES:
# LAST OF SEVERAL OCCURRENCES

COLUMN 17 PEAK WIND IN M.P.H.

PRELIMINARY LOCAL CLIMATOLOGICAL DATA (WS FORM: F-6) , PAGE 2

                                          STATION:  BAKER MT
                                          MONTH:    JULY
                                          YEAR:     2015
                                          LATITUDE:   46 20 N
                                          LONGITUDE: 104 15 W

[TEMPERATURE DATA]      [PRECIPITATION DATA]       SYMBOLS USED IN COLUMN 16

AVERAGE MONTHLY: 71.9   TOTAL FOR MONTH:   0.80    1 = FOG OR MIST
DPTR FM NORMAL:   1.3   DPTR FM NORMAL:   -0.90    2 = FOG REDUCING VISIBILITY
HIGHEST:    99 ON 26    GRTST 24HR  0.40 ON 16-17      TO 1/4 MILE OR LESS
LOWEST:     49 ON  7                               3 = THUNDER
                        SNOW, ICE PELLETS, HAIL    4 = ICE PELLETS
                        TOTAL MONTH:    M          5 = HAIL
                        GRTST 24HR    M  ON   M    6 = FREEZING RAIN OR DRIZZLE
                        GRTST DEPTH:  M  ON   M    7 = DUSTSTORM OR SANDSTORM:
                                                       VSBY 1/2 MILE OR LESS
                                                   8 = SMOKE OR HAZE
[NO. OF DAYS WITH]      [WEATHER - DAYS WITH]      9 = BLOWING SNOW
                                                   X = TORNADO
MAX 32 OR BELOW:   0    0.01 INCH OR MORE:   8
MAX 90 OR ABOVE:  13    0.10 INCH OR MORE:   2
MIN 32 OR BELOW:   0    0.50 INCH OR MORE:   0
MIN  0 OR BELOW:   0    1.00 INCH OR MORE:   0

[HDD (BASE 65) ]
TOTAL THIS MO.     3    CLEAR  (SCALE 0-3)  20
DPTR FM NORMAL   -16    PTCLDY (SCALE 4-7)   7
TOTAL FM JUL 1     3    CLOUDY (SCALE 8-10)  0
DPTR FM NORMAL   -16

[CDD (BASE 65) ]
TOTAL THIS MO.   195
DPTR FM NORMAL    23    [PRESSURE DATA]
TOTAL FM JAN 1   285    HIGHEST SLP M ON M
DPTR FM NORMAL    58    LOWEST  SLP 29.53 ON 27

[REMARKS]
