000
CXUS53 KGRR 271017
CF6BIV
PRELIMINARY LOCAL CLIMATOLOGICAL DATA (WS FORM: F-6)

                                          STATION:   HOLLAND/TULIP CITY MI
                                          MONTH:     MAY
                                          YEAR:      2016
                                          LATITUDE:   42 49 N
                                          LONGITUDE:  86 10 W

  TEMPERATURE IN F:       :PCPN:    SNOW:  WIND      :SUNSHINE: SKY     :PK WND
================================================================================
1   2   3   4   5  6A  6B    7    8   9   10  11  12  13   14  15   16   17  18
                                     12Z  AVG MX 2MIN
DY MAX MIN AVG DEP HDD CDD  WTR  SNW DPTH SPD SPD DIR MIN PSBL S-S WX    SPD DR
================================================================================

 1  54  44  49  -5  16   0 0.26    M    M  9.6 18  70   M    M  10 1      26  60
 2  58  42  50  -4  15   0 0.13    M    M  6.1 10  70   M    M   6 1      20  30
 3  64  37  51  -3  14   0    T    M    M  8.3 20 240   M    M   2        24 230
 4   M   M   M   M   M   M 0.68    M    M  9.7 20 320   M    M   9        29 310
 5   M   M   M   M   M   M 0.00    M    M  7.7 15 310   M    M   3        22 360
 6  71   M   M   M   M   M 0.00    M    M  6.3 14 220   M    M   M        18 210
 7  63  47  55  -1  10   0 0.00    M    M  7.5 16 320   M    M   1        24 320
 8  64  40  52  -4  13   0 0.00    M    M  6.4 22 230   M    M   1        30 240
 9  66  40  53  -3  12   0    T    M    M 10.2 21 110   M    M   5        30 130
10  54  50  52  -5  13   0 0.40    M    M 15.2 24 100   M    M  10 1      32 110
11  72  51  62   5   3   0 0.00    M    M  6.9 16 110   M    M   6        20 110
12  64  53  59   2   6   0 0.10    M    M  7.4 17 250   M    M   6 13     20 250
13  62  46  54  -4  11   0 0.30    M    M  9.5 17 230   M    M   5 1      25 250
14  47  42  45 -13  20   0 0.16    M    M 12.9 22 310   M    M  10 1      34 290
15  48  35  42 -16  23   0    T    M    M  9.6 22 290   M    M   4        30 300
16  67  44  56  -3   9   0 0.02    M    M 13.7 33 230   M    M   4        41 210
17  64  48  56  -3   9   0 0.00    M    M  6.3 14 310   M    M   6        18 300
18  66  44  55  -4  10   0 0.00    M    M  7.4 15 310   M    M   2        22 300
19  67  38  53  -7  12   0 0.00    M    M  2.8 13 290   M    M   0        17 280
20  73  43  58  -2   7   0 0.00    M    M  4.5 15 100   M    M   0        17 100
21  76  51  64   4   1   0 0.00    M    M  5.7 15 310   M    M   0        20 300
22  75  47  61   0   4   0 0.00    M    M  4.6 16 300   M    M   0        20 250
23  81  46  64   3   1   0 0.00    M    M  3.5 14 270   M    M   0        18 280
24  83  54  69   8   0   4 0.00    M    M  8.5 21 240   M    M   1        27 240
25  85  64  75  13   0  10 0.25    M    M  7.8 28 260   M    M   1 138    35 250
26  81  64  73  11   0   8 0.02    M    M  9.3 23 230   M    M   2        28 230
================================================================================
SM 1605 1070       209  22  2.32    M    207.4          M       94
================================================================================
AV 66.9 46.5                               8.0 FASTST   M    M   4    MAX(MPH)
                                 MISC ---->  # 33 230               # 41  210
================================================================================
NOTES:
# LAST OF SEVERAL OCCURRENCES

COLUMN 17 PEAK WIND IN M.P.H.

PRELIMINARY LOCAL CLIMATOLOGICAL DATA (WS FORM: F-6) , PAGE 2

                                          STATION:  HOLLAND/TULIP CITY MI
                                          MONTH:    MAY
                                          YEAR:     2016
                                          LATITUDE:   42 49 N
                                          LONGITUDE:  86 10 W

[TEMPERATURE DATA]      [PRECIPITATION DATA]       SYMBOLS USED IN COLUMN 16

AVERAGE MONTHLY: 56.7   TOTAL FOR MONTH:   2.32    1 = FOG OR MIST
DPTR FM NORMAL:  -1.2   DPTR FM NORMAL:   -0.44    2 = FOG REDUCING VISIBILITY
HIGHEST:    85 ON 25    GRTST 24HR  0.68 ON  4- 4      TO 1/4 MILE OR LESS
LOWEST:     35 ON 15                               3 = THUNDER
                        SNOW, ICE PELLETS, HAIL    4 = ICE PELLETS
                        TOTAL MONTH:    M          5 = HAIL
                        GRTST 24HR    M  ON   M    6 = FREEZING RAIN OR DRIZZLE
                        GRTST DEPTH:  M  ON   M    7 = DUSTSTORM OR SANDSTORM:
                                                       VSBY 1/2 MILE OR LESS
                                                   8 = SMOKE OR HAZE
[NO. OF DAYS WITH]      [WEATHER - DAYS WITH]      9 = BLOWING SNOW
                                                   X = TORNADO
MAX 32 OR BELOW:   0    0.01 INCH OR MORE:  10
MAX 90 OR ABOVE:   0    0.10 INCH OR MORE:   8
MIN 32 OR BELOW:   0    0.50 INCH OR MORE:   1
MIN  0 OR BELOW:   0    1.00 INCH OR MORE:   0

[HDD (BASE 65) ]
TOTAL THIS MO.   209    CLEAR  (SCALE 0-3)  13
DPTR FM NORMAL    -1    PTCLDY (SCALE 4-7)   8
TOTAL FM JUL 1  5502    CLOUDY (SCALE 8-10)  4
DPTR FM NORMAL  -587

[CDD (BASE 65) ]
TOTAL THIS MO.    22
DPTR FM NORMAL    -4    [PRESSURE DATA]
TOTAL FM JAN 1    23    HIGHEST SLP M ON M
DPTR FM NORMAL    -7    LOWEST  SLP 29.56 ON  4

[REMARKS]
