000
CXUS53 KGRR 271017
CF6BIV
PRELIMINARY LOCAL CLIMATOLOGICAL DATA (WS FORM: F-6)

                                          STATION:   HOLLAND/TULIP CITY MI
                                          MONTH:     JANUARY
                                          YEAR:      2015
                                          LATITUDE:   42 49 N
                                          LONGITUDE:  86 10 W

  TEMPERATURE IN F:       :PCPN:    SNOW:  WIND      :SUNSHINE: SKY     :PK WND
================================================================================
1   2   3   4   5  6A  6B    7    8   9   10  11  12  13   14  15   16   17  18
                                     12Z  AVG MX 2MIN
DY MAX MIN AVG DEP HDD CDD  WTR  SNW DPTH SPD SPD DIR MIN PSBL S-S WX    SPD DR
================================================================================

 1  34  24  29   1  36   0    T    M    M 22.8 32 250   M    M  10        40 260
 2  35  24  30   3  35   0 0.00    M    M  6.1 14 270   M    M   5        20 290
 3  35  25  30   3  35   0 0.43    M    M  6.1 14 100   M    M   8 16     17 110
 4  34  13  24  -3  41   0 0.02    M    M 10.4 22 290   M    M  10 16     33 280
 5  12   6   9 -18  56   0    T    M    M 13.4 22 280   M    M  10 8      32 280
 6  20   7  14 -13  51   0    T    M    M 12.8 26 250   M    M  10 18     35 270
 7  17   7  12 -15  53   0    T    M    M 11.5 23 320   M    M  10 8      33 310
 8  20   0  10 -16  55   0    T    M    M 19.9 38 250   M    M  10 28     49 240
 9  19   9  14 -12  51   0    T    M    M 15.3 24 270   M    M  10 8      36 300
10  21  12  17  -9  48   0    T    M    M 16.6 29 230   M    M   9 8      35 220
11  34  19  27   1  38   0    T    M    M 11.1 18 230   M    M   6 1      23 230
12  33   9  21  -5  44   0    T    M    M  8.2 14  20   M    M   6 1      21  20
13  17  -7   5 -21  60   0 0.00    M    M  5.1 10  50   M    M   0 18     16  30
14  24 -10   7 -19  58   0    T    M    M  7.7 15 240   M    M   8 18     19 200
15  37  15  26   0  39   0 0.00    M    M 14.1 25 220   M    M   9 18     31 220
16  36  19  28   2  37   0 0.00    M    M  8.7 15 330   M    M   8 8      21 310
17  46  21  34   8  31   0 0.03    M    M 17.5 30 210   M    M   2 8      38 200
18  39  33  36  10  29   0 0.01    M    M 10.1 22 240   M    M  10 1      27 240
19  38  31  35   9  30   0    T    M    M  3.3  8  30   M    M  10        11 320
20  33  29  31   5  34   0 0.01    M    M  7.8 13  70   M    M  10 168    17  60
21  32  28  30   4  35   0 0.10    M    M  5.2 10  70   M    M  10 18     15  60
22  33  27  30   4  35   0 0.00    M    M  3.6 10 230   M    M  10 8      15 250
23  34  31  33   7  32   0 0.00    M    M 16.0 22 220   M    M  10        27 230
24  39  33  36  10  29   0    T    M    M  9.5 18 240   M    M  10 8      23 230
25  38  17  28   2  37   0    T    M    M 10.0 20  70   M    M   7 18     25  70
26  25  11  18  -8  47   0 0.00    M    M  4.6 12 100   M    M   3        14 100
================================================================================
SM  785  433      1076   0  0.60    M    277.4          M      211
================================================================================
AV 30.2 16.7                              10.7 FASTST   M    M   8    MAX(MPH)
                                 MISC ---->  # 38 250               # 49  240
================================================================================
NOTES:
# LAST OF SEVERAL OCCURRENCES

COLUMN 17 PEAK WIND IN M.P.H.

PRELIMINARY LOCAL CLIMATOLOGICAL DATA (WS FORM: F-6) , PAGE 2

                                          STATION:  HOLLAND/TULIP CITY MI
                                          MONTH:    JANUARY
                                          YEAR:     2015
                                          LATITUDE:   42 49 N
                                          LONGITUDE:  86 10 W

[TEMPERATURE DATA]      [PRECIPITATION DATA]       SYMBOLS USED IN COLUMN 16

AVERAGE MONTHLY: 23.4   TOTAL FOR MONTH:   0.60    1 = FOG OR MIST
DPTR FM NORMAL:  -2.9   DPTR FM NORMAL:   -1.17    2 = FOG REDUCING VISIBILITY
HIGHEST:    46 ON 17    GRTST 24HR  0.45 ON  3- 4      TO 1/4 MILE OR LESS
LOWEST:    -10 ON 14                               3 = THUNDER
                        SNOW, ICE PELLETS, HAIL    4 = ICE PELLETS
                        TOTAL MONTH:    M          5 = HAIL
                        GRTST 24HR    M  ON   M    6 = FREEZING RAIN OR DRIZZLE
                        GRTST DEPTH:  M  ON   M    7 = DUSTSTORM OR SANDSTORM:
                                                       VSBY 1/2 MILE OR LESS
                                                   8 = SMOKE OR HAZE
[NO. OF DAYS WITH]      [WEATHER - DAYS WITH]      9 = BLOWING SNOW
                                                   X = TORNADO
MAX 32 OR BELOW:  10    0.01 INCH OR MORE:   6
MAX 90 OR ABOVE:   0    0.10 INCH OR MORE:   2
MIN 32 OR BELOW:  24    0.50 INCH OR MORE:   0
MIN  0 OR BELOW:   3    1.00 INCH OR MORE:   0

[HDD (BASE 65) ]
TOTAL THIS MO.  1076    CLEAR  (SCALE 0-3)   2
DPTR FM NORMAL    71    PTCLDY (SCALE 4-7)   7
TOTAL FM JUL 1  3402    CLOUDY (SCALE 8-10) 17
DPTR FM NORMAL   129

[CDD (BASE 65) ]
TOTAL THIS MO.     0
DPTR FM NORMAL     0    [PRESSURE DATA]
TOTAL FM JAN 1     0    HIGHEST SLP M ON M
DPTR FM NORMAL     0    LOWEST  SLP 29.59 ON M

[REMARKS]
