000
CXUS56 KBOI 201002
CF6BKE
PRELIMINARY LOCAL CLIMATOLOGICAL DATA (WS FORM: F-6)

                                          STATION:   BAKER OR
                                          MONTH:     NOVEMBER
                                          YEAR:      2017
                                          LATITUDE:   44 50 N
                                          LONGITUDE: 117 49 W

  TEMPERATURE IN F:       :PCPN:    SNOW:  WIND      :SUNSHINE: SKY     :PK WND
================================================================================
1   2   3   4   5  6A  6B    7    8   9   10  11  12  13   14  15   16   17  18
                                     12Z  AVG MX 2MIN
DY MAX MIN AVG DEP HDD CDD  WTR  SNW DPTH SPD SPD DIR MIN PSBL S-S WX    SPD DR
================================================================================

 1  61  27  44   5  21   0 0.00    M    M 11.4 32 330   M    M   5        39 320
 2  50  32  41   3  24   0    T    M    M 10.2 23 160   M    M   9        28 170
 3  46  26  36  -2  29   0 0.12    M    M  5.8 17 340   M    M   9 18     23 330
 4  41  18  30  -8  35   0 0.00    M    M  4.3 14 190   M    M   3 18     17 180
 5  45  28  37   0  28   0    T    M    M  7.0 20 150   M    M   5 12     23 140
 6  43  17  30  -7  35   0 0.00    M    M  3.0 10 330   M    M   6 12     13 270
 7  41  12  27  -9  38   0 0.00    M    M  9.2 22 100   M    M   1 18     27 100
 8  46  32  39   3  26   0    T    M    M 12.5 24 100   M    M   7        31 100
 9  49  29  39   3  26   0 0.08    M    M  7.5 20 120   M    M   6 12     25 120
10   M   M   M   M   M   M    T    M    M  3.8 12 140   M    M   8 1       M  M
11  48  28  38   3  27   0 0.00    M    M  5.3 15 120   M    M   7 12     19 140
12  50  37  44  10  21   0 0.00    M    M 10.1 17 100   M    M   2        22  80
13  59  36  48  14  17   0 0.04    M    M 12.2 24 170   M    M   6        35 170
14  50  29  40   6  25   0 0.00    M    M  9.1 18 160   M    M   2        21 150
15  48  32  40   7  25   0 0.01    M    M 12.4 24 100   M    M   3        30  90
16  51  23  37   4  28   0 0.01    M    M  9.1 23 160   M    M   5        29 330
17  47  21  34   2  31   0 0.00    M    M  5.6 21 300   M    M   5        27 300
18  47  18  33   1  32   0 0.00    M    M  9.3 20 110   M    M   0        25 100
19  44  30  37   5  28   0 0.00    M    M 15.9 25 100   M    M   1        31 110
================================================================================
SM  866  475       496   0  0.26    M    163.7          M       90
================================================================================
AV 48.1 26.4                               8.6 FASTST   M    M   5    MAX(MPH)
                                 MISC ---->  # 32 330               # 39  320
================================================================================
NOTES:
# LAST OF SEVERAL OCCURRENCES

COLUMN 17 PEAK WIND IN M.P.H.

PRELIMINARY LOCAL CLIMATOLOGICAL DATA (WS FORM: F-6) , PAGE 2

                                          STATION:  BAKER OR
                                          MONTH:    NOVEMBER
                                          YEAR:     2017
                                          LATITUDE:   44 50 N
                                          LONGITUDE: 117 49 W

[TEMPERATURE DATA]      [PRECIPITATION DATA]       SYMBOLS USED IN COLUMN 16

AVERAGE MONTHLY: 37.3   TOTAL FOR MONTH:   0.26    1 = FOG OR MIST
DPTR FM NORMAL:   2.0   DPTR FM NORMAL:   -0.30    2 = FOG REDUCING VISIBILITY
HIGHEST:    61 ON  1    GRTST 24HR  0.12 ON  3- 3      TO 1/4 MILE OR LESS
LOWEST:     12 ON  7                               3 = THUNDER
                        SNOW, ICE PELLETS, HAIL    4 = ICE PELLETS
                        TOTAL MONTH:    M          5 = HAIL
                        GRTST 24HR    M  ON   M    6 = FREEZING RAIN OR DRIZZLE
                        GRTST DEPTH:  M  ON   M    7 = DUSTSTORM OR SANDSTORM:
                                                       VSBY 1/2 MILE OR LESS
                                                   8 = SMOKE OR HAZE
[NO. OF DAYS WITH]      [WEATHER - DAYS WITH]      9 = BLOWING SNOW
                                                   X = TORNADO
MAX 32 OR BELOW:   0    0.01 INCH OR MORE:   5
MAX 90 OR ABOVE:   0    0.10 INCH OR MORE:   1
MIN 32 OR BELOW:  16    0.50 INCH OR MORE:   0
MIN  0 OR BELOW:   0    1.00 INCH OR MORE:   0

[HDD (BASE 65) ]
TOTAL THIS MO.   496    CLEAR  (SCALE 0-3)   7
DPTR FM NORMAL   -70    PTCLDY (SCALE 4-7)  10
TOTAL FM JUL 1  1366    CLOUDY (SCALE 8-10)  2
DPTR FM NORMAL  -279

[CDD (BASE 65) ]
TOTAL THIS MO.     0
DPTR FM NORMAL     0    [PRESSURE DATA]
TOTAL FM JAN 1   357    HIGHEST SLP M ON M
DPTR FM NORMAL   188    LOWEST  SLP 29.62 ON 16

[REMARKS]
