000
CXUS51 KRLX 191219
CF6BKW
PRELIMINARY LOCAL CLIMATOLOGICAL DATA (WS FORM: F-6)

                                          STATION:   BECKLEY WV
                                          MONTH:     JANUARY
                                          YEAR:      2017
                                          LATITUDE:   37 46 N
                                          LONGITUDE:  81  7 W

  TEMPERATURE IN F:       :PCPN:    SNOW:  WIND      :SUNSHINE: SKY     :PK WND
================================================================================
1   2   3   4   5  6A  6B    7    8   9   10  11  12  13   14  15   16   17  18
                                     12Z  AVG MX 2MIN
DY MAX MIN AVG DEP HDD CDD  WTR  SNW DPTH SPD SPD DIR MIN PSBL S-S WX    SPD DR
================================================================================

 1  50  38  44  13  21   0 0.04  0.0    1  6.0 20 150   M    M  10 1      28 160
 2  50  45  48  17  17   0 0.15  0.0    0  9.5 21 140   M    M  10 1      32 140
 3  54  44  49  18  16   0 0.54  0.0    0 10.8 18 130   M    M  10 1      27 120
 4  50  22  36   5  29   0 0.05  0.0    0 11.5 22 270   M    M   5 18     29 280
 5  29  21  25  -6  40   0 0.21  3.5    0  6.3 14 350   M    M   8 1      18 270
 6  21  14  18 -13  47   0    T  1.0    4  7.2 16 340   M    M  10 18     20 350
 7  14   6  10 -21  55   0 0.11  3.0    6 10.3 18 310   M    M   6 18     26 320
 8  13   0   7 -24  58   0    T  0.1    4  8.4 21 320   M    M   7 189    26 320
 9  32   1  17 -14  48   0 0.00  0.0    3  7.2 15 240   M    M   4        22 240
10  44  25  35   4  30   0 0.01  0.0    2 11.3 22 160   M    M  10        33 140
11  50  35  43  12  22   0 0.26  0.0    0  8.9 18 220   M    M   9 1      25 230
12  62  49  56  25   9   0 0.09  0.0    0 12.7 25 220   M    M   9 1      35 210
13  54  40  47  16  18   0 0.26  0.0    0  5.8 14 340   M    M  10 12     17 350
14  53  43  48  17  17   0 0.33  0.0    0  7.7 17 260   M    M  10 1      24 250
15  45  37  41  10  24   0 0.19  0.0    0  3.5 10 300   M    M  10 12     14 300
16  60  44  52  21  13   0 0.03  0.0    0  5.1 15 260   M    M   9 12     18 260
17  57  48  53  22  12   0 0.25  0.0    0 11.0 23 230   M    M  10 1      33 220
18  55  38  47  16  18   0    T  0.0    0  8.5 17 270   M    M   9 1      25 270
================================================================================
SM  793  550       494   0  2.52     7.6 151.7          M      156
================================================================================
AV 44.1 30.6                               8.4 FASTST   M    M   9    MAX(MPH)
                                 MISC ---->  # 25 220               # 35  210
================================================================================
NOTES:
# LAST OF SEVERAL OCCURRENCES

COLUMN 17 PEAK WIND IN M.P.H.

PRELIMINARY LOCAL CLIMATOLOGICAL DATA (WS FORM: F-6) , PAGE 2

                                          STATION:  BECKLEY WV
                                          MONTH:    JANUARY
                                          YEAR:     2017
                                          LATITUDE:   37 46 N
                                          LONGITUDE:  81  7 W

[TEMPERATURE DATA]      [PRECIPITATION DATA]       SYMBOLS USED IN COLUMN 16

AVERAGE MONTHLY: 37.3   TOTAL FOR MONTH:   2.52    1 = FOG OR MIST
DPTR FM NORMAL:   6.3   DPTR FM NORMAL:    0.87    2 = FOG REDUCING VISIBILITY
HIGHEST:    62 ON 12    GRTST 24HR  0.55 ON  3- 4      TO 1/4 MILE OR LESS
LOWEST:      0 ON  8                               3 = THUNDER
                        SNOW, ICE PELLETS, HAIL    4 = ICE PELLETS
                        TOTAL MONTH:   7.6 INCHES  5 = HAIL
                        GRTST 24HR   3.5 ON  5- 5  6 = FREEZING RAIN OR DRIZZLE
                        GRTST DEPTH:   6 ON  7     7 = DUSTSTORM OR SANDSTORM:
                                                       VSBY 1/2 MILE OR LESS
                                                   8 = SMOKE OR HAZE
[NO. OF DAYS WITH]      [WEATHER - DAYS WITH]      9 = BLOWING SNOW
                                                   X = TORNADO
MAX 32 OR BELOW:   5    0.01 INCH OR MORE:  14
MAX 90 OR ABOVE:   0    0.10 INCH OR MORE:   9
MIN 32 OR BELOW:   7    0.50 INCH OR MORE:   1
MIN  0 OR BELOW:   1    1.00 INCH OR MORE:   0

[HDD (BASE 65) ]
TOTAL THIS MO.   494    CLEAR  (SCALE 0-3)   0
DPTR FM NORMAL  -118    PTCLDY (SCALE 4-7)   5
TOTAL FM JUL 1  2189    CLOUDY (SCALE 8-10) 13
DPTR FM NORMAL  -516

[CDD (BASE 65) ]
TOTAL THIS MO.     0
DPTR FM NORMAL     0    [PRESSURE DATA]
TOTAL FM JAN 1     0    HIGHEST SLP M ON M
DPTR FM NORMAL     0    LOWEST  SLP 29.59 ON  3

[REMARKS]
