000
CXUS55 KSEW 170930
CF6BLI
PRELIMINARY LOCAL CLIMATOLOGICAL DATA (WS FORM: F-6)

                                          STATION:   BELLINGHAM WA AIRPORT
                                          MONTH:     JANUARY
                                          YEAR:      2018
                                          LATITUDE:   48 47 N
                                          LONGITUDE: 122 32 W

  TEMPERATURE IN F:       :PCPN:    SNOW:  WIND      :SUNSHINE: SKY     :PK WND
================================================================================
1   2   3   4   5  6A  6B    7    8   9   10  11  12  13   14  15   16   17  18
                                     12Z  AVG MX 2MIN
DY MAX MIN AVG DEP HDD CDD  WTR  SNW DPTH SPD SPD DIR MIN PSBL S-S WX    SPD DR
================================================================================

 1  35  26  31  -7  34   0 0.00  0.0    0  9.7 16  10   M    M   0        21  10
 2  37  29  33  -5  32   0 0.00  0.0    0  7.5 13  10   M    M   0        19  10
 3  41  27  34  -4  31   0 0.00  0.0    0  5.6 14  20   M    M   3 12     19  10
 4  42  26  34  -4  31   0    T  0.0    0  3.8  9 360   M    M   5        10  20
 5  56  38  47   9  18   0 0.14  0.0    0  6.9 21 130   M    M   9        28 140
 6  49  42  46   8  19   0 0.11  0.0    0  5.4 13 170   M    M  10 1      17 150
 7  48  39  44   5  21   0 0.30  0.0    0  7.7 21 130   M    M  10 1      29 110
 8  46  39  43   4  22   0 0.46  0.0    0  2.6 13  10   M    M   8 1      15  10
 9  46  41  44   5  21   0 0.14  0.0    0  4.1 15 150   M    M   9 1      21 170
10  45  38  42   3  23   0    T  0.0    0  6.0 14 160   M    M   8        19 160
11  39  34  37  -2  28   0 0.93  0.0    0  9.5 16  20   M    M  10 1      23  10
12  38  34  36  -3  29   0 0.44  0.0    0  4.9 12  10   M    M  10 1      15  20
13  46  36  41   2  24   0 0.07  0.0    0  6.9 13  20   M    M   7 1      18  30
14  54  32  43   4  22   0 0.00  0.0    0  3.9 12  10   M    M   0 1      15  10
15  53  35  44   5  21   0    T  0.0    0  4.3 13  20   M    M   0        17  20
16  55  44  50  11  15   0 0.00  0.0    0 14.3 26 160   M    M   6        39 160
================================================================================
SM  730  560       391   0  2.59     0.0 103.1          M       95
================================================================================
AV 45.6 35.0                               6.4 FASTST   M    M   6    MAX(MPH)
                                 MISC ---->  # 26 160               # 39  160
================================================================================
NOTES:
# LAST OF SEVERAL OCCURRENCES

COLUMN 17 PEAK WIND IN M.P.H.

PRELIMINARY LOCAL CLIMATOLOGICAL DATA (WS FORM: F-6) , PAGE 2

                                          STATION:  BELLINGHAM WA AIRPORT
                                          MONTH:    JANUARY
                                          YEAR:     2018
                                          LATITUDE:   48 47 N
                                          LONGITUDE: 122 32 W

[TEMPERATURE DATA]      [PRECIPITATION DATA]       SYMBOLS USED IN COLUMN 16

AVERAGE MONTHLY: 40.3   TOTAL FOR MONTH:   2.59    1 = FOG OR MIST
DPTR FM NORMAL:   1.7   DPTR FM NORMAL:    0.13    2 = FOG REDUCING VISIBILITY
HIGHEST:    56 ON  5    GRTST 24HR  0.93 ON 11-11      TO 1/4 MILE OR LESS
LOWEST:     26 ON  4, 1                            3 = THUNDER
                        SNOW, ICE PELLETS, HAIL    4 = ICE PELLETS
                        TOTAL MONTH:   0.0 INCH    5 = HAIL
                        GRTST 24HR     0.0         6 = FREEZING RAIN OR DRIZZLE
                        GRTST DEPTH:   0           7 = DUSTSTORM OR SANDSTORM:
                                                       VSBY 1/2 MILE OR LESS
                                                   8 = SMOKE OR HAZE
[NO. OF DAYS WITH]      [WEATHER - DAYS WITH]      9 = BLOWING SNOW
                                                   X = TORNADO
MAX 32 OR BELOW:   0    0.01 INCH OR MORE:   8
MAX 90 OR ABOVE:   0    0.10 INCH OR MORE:   7
MIN 32 OR BELOW:   5    0.50 INCH OR MORE:   1
MIN  0 OR BELOW:   0    1.00 INCH OR MORE:   0

[HDD (BASE 65) ]
TOTAL THIS MO.   391    CLEAR  (SCALE 0-3)   5
DPTR FM NORMAL   -31    PTCLDY (SCALE 4-7)   4
TOTAL FM JUL 1  2505    CLOUDY (SCALE 8-10)  7
DPTR FM NORMAL  -309

[CDD (BASE 65) ]
TOTAL THIS MO.     0
DPTR FM NORMAL     0    [PRESSURE DATA]
TOTAL FM JAN 1     0    HIGHEST SLP M ON M
DPTR FM NORMAL     0    LOWEST  SLP 29.56 ON  8

[REMARKS]
