000
CXUS53 KIND 260730
CF6BMG
PRELIMINARY LOCAL CLIMATOLOGICAL DATA (WS FORM: F-6)

                                          STATION:   BLOOMINGTON IN
                                          MONTH:     JUNE
                                          YEAR:      2017
                                          LATITUDE:   39  7 N
                                          LONGITUDE:  86 37 W

  TEMPERATURE IN F:       :PCPN:    SNOW:  WIND      :SUNSHINE: SKY     :PK WND
================================================================================
1   2   3   4   5  6A  6B    7    8   9   10  11  12  13   14  15   16   17  18
                                     12Z  AVG MX 2MIN
DY MAX MIN AVG DEP HDD CDD  WTR  SNW DPTH SPD SPD DIR MIN PSBL S-S WX    SPD DR
================================================================================

 1  80  49  65  -3   0   0 0.00    M    M  2.0 12 360   M    M   0        13 310
 2  85  50  68   0   0   3 0.00    M    M  2.3 12 280   M    M   1        14 280
 3  87  57  72   4   0   7 0.00    M    M  4.1 12 230   M    M   1        14 240
 4  87  61  74   5   0   9 0.00    M    M  4.8 13 220   M    M   0        15 210
 5  89  69  79  10   0  14 0.01    M    M  6.7 15  30   M    M   6 1      18  30
 6  79  59  69   0   0   4 0.00    M    M  8.7 18  40   M    M   1        23  10
 7  74  52  63  -7   2   0 0.00    M    M  7.6 18  60   M    M   4        24  30
 8  77  48  63  -7   2   0 0.00    M    M  4.0 15  40   M    M   0 8      20  30
 9  84  57  71   1   0   6 0.00    M    M  7.4 18 230   M    M   0        24 220
10  86  59  73   3   0   8 0.00    M    M  8.5 18 200   M    M   0        23 210
11  89  63  76   5   0  11 0.00    M    M  8.4 20 200   M    M   2        27 200
12  93  65  79   8   0  14 0.00    M    M  6.9 16 210   M    M   2        21 220
13  89  70  80   9   0  15 0.01    M    M  5.9 20 290   M    M   2 3      26 290
14  92  67  80   8   0  15 0.39    M    M  6.7 21 300   M    M   4 138    29 320
15  84  68  76   4   0  11 1.11    M    M  4.5 17 310   M    M   4 13     26 320
16  88  64  76   4   0  11 0.00    M    M  3.6 15 180   M    M   1 128    20 190
17  87  69  78   6   0  13 0.00    M    M  8.7 18 190   M    M   1        24 220
18  81  65  73   1   0   8 0.44    M    M  8.5 26 230   M    M   M 13     33 240
19  82  61  72  -1   0   7 0.10    M    M  6.8 21 280   M    M   2        29 300
20  85  57  71  -2   0   6 0.00    M    M  5.2 16 260   M    M   2        22 260
21  90  65  78   5   0  13    T    M    M  7.3 14 240   M    M   3        20 230
22  83  68  76   3   0  11 0.05    M    M  8.4 18 190   M    M   6 1      24 190
23  76  63  70  -3   0   5 0.51    M    M  8.0 22 200   M    M   8 13     33 220
24  77  59  68  -5   0   3 0.00    M    M  7.0 17 280   M    M   2 1      23 260
25  78  53  66  -8   0   1 0.00    M    M  6.7 18 280   M    M   1        26 290
================================================================================
SM 2102 1518         4 195  2.62    M    158.7          M       53
================================================================================
AV 84.1 60.7                               6.3 FASTST   M    M   2    MAX(MPH)
                                 MISC ---->  # 26 230               # 33  240
================================================================================
NOTES:
# LAST OF SEVERAL OCCURRENCES

COLUMN 17 PEAK WIND IN M.P.H.

PRELIMINARY LOCAL CLIMATOLOGICAL DATA (WS FORM: F-6) , PAGE 2

                                          STATION:  BLOOMINGTON IN
                                          MONTH:    JUNE
                                          YEAR:     2017
                                          LATITUDE:   39  7 N
                                          LONGITUDE:  86 37 W

[TEMPERATURE DATA]      [PRECIPITATION DATA]       SYMBOLS USED IN COLUMN 16

AVERAGE MONTHLY: 72.4   TOTAL FOR MONTH:   2.62    1 = FOG OR MIST
DPTR FM NORMAL:   1.4   DPTR FM NORMAL:   -1.42    2 = FOG REDUCING VISIBILITY
HIGHEST:    93 ON 12    GRTST 24HR  1.11 ON 15-15      TO 1/4 MILE OR LESS
LOWEST:     48 ON  8                               3 = THUNDER
                        SNOW, ICE PELLETS, HAIL    4 = ICE PELLETS
                        TOTAL MONTH:    M          5 = HAIL
                        GRTST 24HR    M  ON   M    6 = FREEZING RAIN OR DRIZZLE
                        GRTST DEPTH:  M  ON   M    7 = DUSTSTORM OR SANDSTORM:
                                                       VSBY 1/2 MILE OR LESS
                                                   8 = SMOKE OR HAZE
[NO. OF DAYS WITH]      [WEATHER - DAYS WITH]      9 = BLOWING SNOW
                                                   X = TORNADO
MAX 32 OR BELOW:   0    0.01 INCH OR MORE:   8
MAX 90 OR ABOVE:   3    0.10 INCH OR MORE:   5
MIN 32 OR BELOW:   0    0.50 INCH OR MORE:   2
MIN  0 OR BELOW:   0    1.00 INCH OR MORE:   1

[HDD (BASE 65) ]
TOTAL THIS MO.     4    CLEAR  (SCALE 0-3)  18
DPTR FM NORMAL    -9    PTCLDY (SCALE 4-7)   6
TOTAL FM JUL 1  4121    CLOUDY (SCALE 8-10)  0
DPTR FM NORMAL -1143

[CDD (BASE 65) ]
TOTAL THIS MO.   195
DPTR FM NORMAL    31    [PRESSURE DATA]
TOTAL FM JAN 1   326    HIGHEST SLP M ON M
DPTR FM NORMAL    80    LOWEST  SLP 29.64 ON 18

[REMARKS]
