000
CXUS56 KBOI 241002
CF6BNO
PRELIMINARY LOCAL CLIMATOLOGICAL DATA (WS FORM: F-6)

                                          STATION:   BURNS OR
                                          MONTH:     AUGUST
                                          YEAR:      2016
                                          LATITUDE:   43 34 N
                                          LONGITUDE: 118 57 W

  TEMPERATURE IN F:       :PCPN:    SNOW:  WIND      :SUNSHINE: SKY     :PK WND
================================================================================
1   2   3   4   5  6A  6B    7    8   9   10  11  12  13   14  15   16   17  18
                                     12Z  AVG MX 2MIN
DY MAX MIN AVG DEP HDD CDD  WTR  SNW DPTH SPD SPD DIR MIN PSBL S-S WX    SPD DR
================================================================================

 1  92  45  69   1   0   4 0.00    M    M  6.6 16 190   M    M   0        20 200
 2  87  44  66  -2   0   1 0.00    M    M 10.9 28 240   M    M   0        33 240
 3  83  38  61  -7   4   0 0.00    M    M  7.2 14 330   M    M   0        19 330
 4  89  42  66  -2   0   1 0.00    M    M  5.0 12  40   M    M   0        17 120
 5  94  45  70   3   0   5 0.00    M    M  7.3 30 290   M    M   0        42 290
 6  87  56  72   5   0   7    T    M    M  7.0 31 150   M    M   2        46 130
 7  83  54  69   2   0   4    T    M    M 12.5 25 260   M    M   2        34 260
 8  76  42  59  -8   6   0 0.00    M    M  9.8 26 290   M    M   1        33 300
 9  73  34  54 -13  11   0 0.00    M    M  6.7 18 260   M    M   3        23 260
10  79  36  58  -8   7   0 0.00    M    M  5.3 14 210   M    M   0        17 220
11  87  45  66   0   0   1 0.00    M    M  6.7 17 200   M    M   0        24 210
12  92  48  70   4   0   5 0.00    M    M  6.3 16 220   M    M   0        22 250
13  95  51  73   7   0   8 0.00    M    M  6.0 20 250   M    M   0        25 240
14  94  51  73   7   0   8 0.00    M    M  6.4 22 290   M    M   0        28 200
15  94  50  72   7   0   7 0.00    M    M  6.1 15 330   M    M   0        19 330
16  95  51  73   8   0   8 0.00    M    M  6.8 17 320   M    M   0        23 320
17  94  50  72   7   0   7 0.00    M    M  6.1 16 330   M    M   0        21 330
18  97  49  73   8   0   8 0.00    M    M  5.8 16 330   M    M   0        22 330
19  94  51  73   9   0   8 0.00    M    M  8.0 17 340   M    M   0        25 320
20  95  43  69   5   0   4 0.00    M    M  6.8 17 300   M    M   0        23 300
21  94  43  69   5   0   4 0.00    M    M  9.3 18 250   M    M   0        28 210
22  84  38  61  -3   4   0 0.00    M    M  7.7 21 260   M    M   0        26 260
23  82  35  59  -4   6   0 0.00    M    M  6.0 16 160   M    M   0        21 190
================================================================================
SM 2040 1041        38  90    T     M    166.3          M        8
================================================================================
AV 88.7 45.3                               7.2 FASTST   M    M   0    MAX(MPH)
                                 MISC ---->  # 31 150               # 46  130
================================================================================
NOTES:
# LAST OF SEVERAL OCCURRENCES

COLUMN 17 PEAK WIND IN M.P.H.

PRELIMINARY LOCAL CLIMATOLOGICAL DATA (WS FORM: F-6) , PAGE 2

                                          STATION:  BURNS OR
                                          MONTH:    AUGUST
                                          YEAR:     2016
                                          LATITUDE:   43 34 N
                                          LONGITUDE: 118 57 W

[TEMPERATURE DATA]      [PRECIPITATION DATA]       SYMBOLS USED IN COLUMN 16

AVERAGE MONTHLY: 67.0   TOTAL FOR MONTH:      T    1 = FOG OR MIST
DPTR FM NORMAL:   1.1   DPTR FM NORMAL:   -0.26    2 = FOG REDUCING VISIBILITY
HIGHEST:    97 ON 18    GRTST 24HR    T  ON  7- 7      TO 1/4 MILE OR LESS
LOWEST:     34 ON  9                               3 = THUNDER
                        SNOW, ICE PELLETS, HAIL    4 = ICE PELLETS
                        TOTAL MONTH:    M          5 = HAIL
                        GRTST 24HR    M  ON   M    6 = FREEZING RAIN OR DRIZZLE
                        GRTST DEPTH:  M  ON   M    7 = DUSTSTORM OR SANDSTORM:
                                                       VSBY 1/2 MILE OR LESS
                                                   8 = SMOKE OR HAZE
[NO. OF DAYS WITH]      [WEATHER - DAYS WITH]      9 = BLOWING SNOW
                                                   X = TORNADO
MAX 32 OR BELOW:   0    0.01 INCH OR MORE:   0
MAX 90 OR ABOVE:  12    0.10 INCH OR MORE:   0
MIN 32 OR BELOW:   0    0.50 INCH OR MORE:   0
MIN  0 OR BELOW:   0    1.00 INCH OR MORE:   0

[HDD (BASE 65) ]
TOTAL THIS MO.    38    CLEAR  (SCALE 0-3)  23
DPTR FM NORMAL    -7    PTCLDY (SCALE 4-7)   0
TOTAL FM JUL 1    95    CLOUDY (SCALE 8-10)  0
DPTR FM NORMAL    -8

[CDD (BASE 65) ]
TOTAL THIS MO.    90
DPTR FM NORMAL    25    [PRESSURE DATA]
TOTAL FM JAN 1   226    HIGHEST SLP M ON M
DPTR FM NORMAL    29    LOWEST  SLP 29.60 ON  7

[REMARKS]
