227
CXUS56 KBOI 291002
CF6BNO
PRELIMINARY LOCAL CLIMATOLOGICAL DATA (WS FORM: F-6)

                                          STATION:   BURNS OR
                                          MONTH:     APRIL
                                          YEAR:      2016
                                          LATITUDE:   43 34 N
                                          LONGITUDE: 118 57 W

  TEMPERATURE IN F:       :PCPN:    SNOW:  WIND      :SUNSHINE: SKY     :PK WND
================================================================================
1   2   3   4   5  6A  6B    7    8   9   10  11  12  13   14  15   16   17  18
                                     12Z  AVG MX 2MIN
DY MAX MIN AVG DEP HDD CDD  WTR  SNW DPTH SPD SPD DIR MIN PSBL S-S WX    SPD DR
================================================================================

 1  66  28  47   6  18   0 0.00    M    M  4.2 10 290   M    M   0        13 290
 2  71  29  50   9  15   0 0.00    M    M  5.7 16 220   M    M   1        21 220
 3  71  32  52  11  13   0 0.00    M    M  4.9 13 140   M    M   2        18 140
 4  56  32  44   3  21   0 0.00    M    M 11.6 26 250   M    M   3        31 260
 5  59  25  42   1  23   0 0.00    M    M  6.3 13 170   M    M   0        17 150
 6  73  25  49   8  16   0 0.00    M    M  3.8 12 150   M    M   0        15 150
 7  76  33  55  14  10   0 0.00    M    M  8.4 22  40   M    M   0        26  30
 8  76  33  55  13  10   0 0.00    M    M  9.2 22  50   M    M   0        27  50
 9  79  32  56  14   9   0 0.00    M    M  8.4 21 320   M    M   1        26 310
10  75  42  59  17   6   0 0.00    M    M  8.1 20 290   M    M   1 3      36 290
11  73  33  53  11  12   0 0.00    M    M  6.8 17 270   M    M   0        19 130
12  57  41  49   7  16   0 0.09    M    M  6.4 28 280   M    M   7 1      35 280
13  56  31  44   2  21   0    T    M    M  7.4 29 200   M    M   7        36 200
14  50  30  40  -2  25   0 0.02    M    M 14.4 31 230   M    M   7 8      42 230
15  56  29  43   0  22   0    T    M    M 10.2 20 280   M    M   4        24 350
16  63  20  42  -1  23   0 0.00    M    M  3.6  9 280   M    M   0        12 170
17  71  27  49   6  16   0 0.00    M    M  6.9 16  40   M    M   0        23  40
18  75  29  52   9  13   0 0.00    M    M  4.9 12  50   M    M   0        15  40
19  77   M   M   M   M   M 0.00    M    M  4.7 12 100   M    M   0        15 150
20  78  34  56  12   9   0 0.00    M    M  5.0 20 200   M    M   1        23 200
21  73  34  54  10  11   0 0.00    M    M  5.9 21 170   M    M   1        29 180
22  62  31  47   3  18   0    T    M    M  8.5 33 210   M    M   3        39 210
23  62  32  47   2  18   0 0.00    M    M 14.8 26 260   M    M   3        35 300
24  57  37  47   2  18   0    T    M    M 12.2 25 300   M    M   9        30 290
25  54  35  45   0  20   0 0.00    M    M 20.7 32 290   M    M   4        40 290
26  58  29  44  -2  21   0 0.00    M    M  6.8 16 180   M    M   1        20 170
27  59  38  49   3  16   0    T    M    M 10.3 21 340   M    M   9        27 310
28  63  35  49   3  16   0 0.00    M    M 10.6 20 310   M    M   5        24 310
================================================================================
SM 1846  856       436   0  0.11    M    230.7          M       69
================================================================================
AV 65.9 31.7                               8.2 FASTST   M    M   2    MAX(MPH)
                                 MISC ---->  # 33 210               # 42  230
================================================================================
NOTES:
# LAST OF SEVERAL OCCURRENCES

COLUMN 17 PEAK WIND IN M.P.H.

PRELIMINARY LOCAL CLIMATOLOGICAL DATA (WS FORM: F-6) , PAGE 2

                                          STATION:  BURNS OR
                                          MONTH:    APRIL
                                          YEAR:     2016
                                          LATITUDE:   43 34 N
                                          LONGITUDE: 118 57 W

[TEMPERATURE DATA]      [PRECIPITATION DATA]       SYMBOLS USED IN COLUMN 16

AVERAGE MONTHLY: 48.8   TOTAL FOR MONTH:   0.11    1 = FOG OR MIST
DPTR FM NORMAL:   5.9   DPTR FM NORMAL:   -0.76    2 = FOG REDUCING VISIBILITY
HIGHEST:    79 ON  9    GRTST 24HR  0.09 ON 12-12      TO 1/4 MILE OR LESS
LOWEST:     20 ON 16                               3 = THUNDER
                        SNOW, ICE PELLETS, HAIL    4 = ICE PELLETS
                        TOTAL MONTH:    M          5 = HAIL
                        GRTST 24HR    M  ON   M    6 = FREEZING RAIN OR DRIZZLE
                        GRTST DEPTH:  M  ON   M    7 = DUSTSTORM OR SANDSTORM:
                                                       VSBY 1/2 MILE OR LESS
                                                   8 = SMOKE OR HAZE
[NO. OF DAYS WITH]      [WEATHER - DAYS WITH]      9 = BLOWING SNOW
                                                   X = TORNADO
MAX 32 OR BELOW:   0    0.01 INCH OR MORE:   2
MAX 90 OR ABOVE:   0    0.10 INCH OR MORE:   0
MIN 32 OR BELOW:  16    0.50 INCH OR MORE:   0
MIN  0 OR BELOW:   0    1.00 INCH OR MORE:   0

[HDD (BASE 65) ]
TOTAL THIS MO.   436    CLEAR  (SCALE 0-3)  20
DPTR FM NORMAL  -181    PTCLDY (SCALE 4-7)   6
TOTAL FM JUL 1  6339    CLOUDY (SCALE 8-10)  2
DPTR FM NORMAL  -663

[CDD (BASE 65) ]
TOTAL THIS MO.     0
DPTR FM NORMAL     0    [PRESSURE DATA]
TOTAL FM JAN 1     0    HIGHEST SLP M ON M
DPTR FM NORMAL     0    LOWEST  SLP 29.54 ON M

[REMARKS]
