000
CXUS56 KBOI 231002
CF6BNO
PRELIMINARY LOCAL CLIMATOLOGICAL DATA (WS FORM: F-6)

                                          STATION:   BURNS OR
                                          MONTH:     NOVEMBER
                                          YEAR:      2017
                                          LATITUDE:   43 34 N
                                          LONGITUDE: 118 57 W

  TEMPERATURE IN F:       :PCPN:    SNOW:  WIND      :SUNSHINE: SKY     :PK WND
================================================================================
1   2   3   4   5  6A  6B    7    8   9   10  11  12  13   14  15   16   17  18
                                     12Z  AVG MX 2MIN
DY MAX MIN AVG DEP HDD CDD  WTR  SNW DPTH SPD SPD DIR MIN PSBL S-S WX    SPD DR
================================================================================

 1  61  24  43   4  22   0 0.00    M    M 10.4 31 270   M    M   3        38 240
 2  51  35  43   4  22   0 0.08    M    M  6.9 18 250   M    M  10 1      24 260
 3  40  30  35  -3  30   0 0.69    M    M  4.5 10 260   M    M  10 1      13 240
 4  35  19  27 -11  38   0 0.00    M    M  4.1 16 240   M    M   6 12     19 210
 5  40  20  30  -8  35   0 0.06    M    M  5.4 24 200   M    M   8 1      29 200
 6  39  17  28  -9  37   0 0.00    M    M  4.6 12 170   M    M   5        15 240
 7  39  12  26 -11  39   0 0.00    M    M  8.4 17  50   M    M   0        22  40
 8  42  21  32  -4  33   0 0.02    M    M 10.0 20  50   M    M   7        25  50
 9  45  33  39   3  26   0 0.15    M    M  7.2 18 250   M    M   9        25  30
10   M   M   M   M   M   M 0.08    M    M  5.6  9 200   M    M   9         M  M
11  49  28  39   4  26   0    T    M    M  4.2 14 150   M    M   7        18 150
12  47  24  36   1  29   0 0.00    M    M  3.1  9  60   M    M   1        11  40
13  52  24  38   4  27   0 0.01    M    M  9.0 32 190   M    M   7        41 190
14  46  23  35   1  30   0    T    M    M  6.0 15 180   M    M   2        18 180
15  46  22  34   0  31   0 0.09    M    M  5.4 17 150   M    M   4        23 160
16  41  29  35   2  30   0 0.03    M    M  7.0 24 200   M    M   8 1      30 190
17  42  19  31  -2  34   0 0.00    M    M  7.3 21 270   M    M   4        25 250
18  41  15  28  -4  37   0 0.00    M    M  4.9 14  50   M    M   0        16  60
19  44  15  30  -2  35   0 0.00    M    M  3.1  8  50   M    M   1         9 100
20  51  32  42  11  23   0 0.12    M    M  4.9 14 210   M    M   9 1      18 220
21  49  40  45  14  20   0 0.08    M    M  3.2  8  60   M    M  10 1       9  50
22  55  41  48  17  17   0 0.00    M    M  2.1  7 300   M    M   3 1       8  40
================================================================================
SM  955  523       621   0  1.41    M    127.3          M      123
================================================================================
AV 45.5 24.9                               5.8 FASTST   M    M   6    MAX(MPH)
                                 MISC ---->  # 32 190               # 41  190
================================================================================
NOTES:
# LAST OF SEVERAL OCCURRENCES

COLUMN 17 PEAK WIND IN M.P.H.

PRELIMINARY LOCAL CLIMATOLOGICAL DATA (WS FORM: F-6) , PAGE 2

                                          STATION:  BURNS OR
                                          MONTH:    NOVEMBER
                                          YEAR:     2017
                                          LATITUDE:   43 34 N
                                          LONGITUDE: 118 57 W

[TEMPERATURE DATA]      [PRECIPITATION DATA]       SYMBOLS USED IN COLUMN 16

AVERAGE MONTHLY: 35.2   TOTAL FOR MONTH:   1.41    1 = FOG OR MIST
DPTR FM NORMAL:   0.2   DPTR FM NORMAL:    0.59    2 = FOG REDUCING VISIBILITY
HIGHEST:    61 ON  1    GRTST 24HR  0.69 ON  3- 3      TO 1/4 MILE OR LESS
LOWEST:     12 ON  7                               3 = THUNDER
                        SNOW, ICE PELLETS, HAIL    4 = ICE PELLETS
                        TOTAL MONTH:    M          5 = HAIL
                        GRTST 24HR    M  ON   M    6 = FREEZING RAIN OR DRIZZLE
                        GRTST DEPTH:  M  ON   M    7 = DUSTSTORM OR SANDSTORM:
                                                       VSBY 1/2 MILE OR LESS
                                                   8 = SMOKE OR HAZE
[NO. OF DAYS WITH]      [WEATHER - DAYS WITH]      9 = BLOWING SNOW
                                                   X = TORNADO
MAX 32 OR BELOW:   0    0.01 INCH OR MORE:  11
MAX 90 OR ABOVE:   0    0.10 INCH OR MORE:   3
MIN 32 OR BELOW:  17    0.50 INCH OR MORE:   1
MIN  0 OR BELOW:   0    1.00 INCH OR MORE:   0

[HDD (BASE 65) ]
TOTAL THIS MO.   621    CLEAR  (SCALE 0-3)   6
DPTR FM NORMAL   -40    PTCLDY (SCALE 4-7)   9
TOTAL FM JUL 1  1676    CLOUDY (SCALE 8-10)  7
DPTR FM NORMAL   -35

[CDD (BASE 65) ]
TOTAL THIS MO.     0
DPTR FM NORMAL     0    [PRESSURE DATA]
TOTAL FM JAN 1   343    HIGHEST SLP M ON M
DPTR FM NORMAL   128    LOWEST  SLP 29.62 ON 16

[REMARKS]
