000
CXUS56 KBOI 241002
CF6BNO
PRELIMINARY LOCAL CLIMATOLOGICAL DATA (WS FORM: F-6)

                                          STATION:   BURNS OR
                                          MONTH:     OCTOBER
                                          YEAR:      2014
                                          LATITUDE:   43 34 N
                                          LONGITUDE: 118 57 W

  TEMPERATURE IN F:       :PCPN:    SNOW:  WIND      :SUNSHINE: SKY     :PK WND
================================================================================
1   2   3   4   5  6A  6B    7    8   9   10  11  12  13   14  15   16   17  18
                                     12Z  AVG MX 2MIN
DY MAX MIN AVG DEP HDD CDD  WTR  SNW DPTH SPD SPD DIR MIN PSBL S-S WX    SPD DR
================================================================================

 1  62  25  44  -6  21   0 0.00    M    M  4.5 15 200   M    M   0        24 210
 2  74  22  48  -2  17   0 0.00    M    M  4.6 14 310   M    M   0        16 310
 3  74  29  52   3  13   0 0.00    M    M  2.8 10 260   M    M   0 8      12 130
 4  81  26  54   5  11   0 0.00    M    M  5.0 14 280   M    M   0        17 190
 5  81  32  57   8   8   0 0.00    M    M  4.6 14 170   M    M   0        16 190
 6  83  34  59  11   6   0 0.00    M    M  4.6 13 170   M    M   0        17 170
 7  84  34  59  11   6   0 0.00    M    M  3.5 15 220   M    M   0        20 290
 8  79  33  56   8   9   0 0.00    M    M  5.7 16 230   M    M   0        21 240
 9  74  28  51   4  14   0 0.00    M    M  6.0 14 300   M    M   0        17 290
10  76  25  51   4  14   0 0.00    M    M  5.4 14 230   M    M   0        21 210
11  72  39  56  10   9   0 0.00    M    M 10.4 31 250   M    M   2        40 280
12  62  26  44  -2  21   0 0.00    M    M  7.4 24 290   M    M   1        29 290
13  75  25  50   4  15   0 0.00    M    M  7.4 20  30   M    M   0        25  40
14  68  44  56  11   9   0 0.00    M    M  5.1 20 190   M    M   1        24 190
15  57  26  42  -3  23   0 0.09    M    M  8.5 31 200   M    M   6 1      42 210
16  61  26  44  -1  21   0 0.00    M    M  6.1 13  50   M    M   2        16  50
17  65  29  47   3  18   0 0.00    M    M  4.7 14 200   M    M   2        17 200
18  67  29  48   4  17   0 0.00    M    M  4.3  9 140   M    M   1        12 140
19  75  27  51   7  14   0 0.00    M    M  4.7 14 100   M    M   0        20 130
20  72  25  49   6  16   0 0.08    M    M  8.0 31 240   M    M   3 18     36 260
21  55  27  41  -2  24   0 0.00    M    M  6.3 18 220   M    M   3        22 220
22  62  24  43   1  22   0 0.03    M    M  4.8 23 180   M    M   7        28 170
23  53  44  49   7  16   0 0.47    M    M  6.9 20 200   M    M   9        25 200
================================================================================
SM 1612  679       344   0  0.67    M    131.3          M       37
================================================================================
AV 70.1 29.5                               5.7 FASTST   M    M   2    MAX(MPH)
                                 MISC ---->  # 31 250               # 42  210
================================================================================
NOTES:
# LAST OF SEVERAL OCCURRENCES

COLUMN 17 PEAK WIND IN M.P.H.

PRELIMINARY LOCAL CLIMATOLOGICAL DATA (WS FORM: F-6) , PAGE 2

                                          STATION:  BURNS OR
                                          MONTH:    OCTOBER
                                          YEAR:     2014
                                          LATITUDE:   43 34 N
                                          LONGITUDE: 118 57 W

[TEMPERATURE DATA]      [PRECIPITATION DATA]       SYMBOLS USED IN COLUMN 16

AVERAGE MONTHLY: 49.8   TOTAL FOR MONTH:   0.67    1 = FOG OR MIST
DPTR FM NORMAL:   3.7   DPTR FM NORMAL:    0.14    2 = FOG REDUCING VISIBILITY
HIGHEST:    84 ON  7    GRTST 24HR  0.47 ON 23-23      TO 1/4 MILE OR LESS
LOWEST:     22 ON  2                               3 = THUNDER
                        SNOW, ICE PELLETS, HAIL    4 = ICE PELLETS
                        TOTAL MONTH:    M          5 = HAIL
                        GRTST 24HR    M  ON   M    6 = FREEZING RAIN OR DRIZZLE
                        GRTST DEPTH:  M  ON   M    7 = DUSTSTORM OR SANDSTORM:
                                                       VSBY 1/2 MILE OR LESS
                                                   8 = SMOKE OR HAZE
[NO. OF DAYS WITH]      [WEATHER - DAYS WITH]      9 = BLOWING SNOW
                                                   X = TORNADO
MAX 32 OR BELOW:   0    0.01 INCH OR MORE:   4
MAX 90 OR ABOVE:   0    0.10 INCH OR MORE:   1
MIN 32 OR BELOW:  17    0.50 INCH OR MORE:   0
MIN  0 OR BELOW:   0    1.00 INCH OR MORE:   0

[HDD (BASE 65) ]
TOTAL THIS MO.   344    CLEAR  (SCALE 0-3)  20
DPTR FM NORMAL   -92    PTCLDY (SCALE 4-7)   2
TOTAL FM JUL 1   603    CLOUDY (SCALE 8-10)  1
DPTR FM NORMAL  -252

[CDD (BASE 65) ]
TOTAL THIS MO.     0
DPTR FM NORMAL     0    [PRESSURE DATA]
TOTAL FM JAN 1   318    HIGHEST SLP M ON M
DPTR FM NORMAL   103    LOWEST  SLP 29.51 ON 14

[REMARKS]
