000
CXUS56 KBOI 271002
CF6BNO
PRELIMINARY LOCAL CLIMATOLOGICAL DATA (WS FORM: F-6)

                                          STATION:   BURNS OR
                                          MONTH:     MARCH
                                          YEAR:      2017
                                          LATITUDE:   43 34 N
                                          LONGITUDE: 118 57 W

  TEMPERATURE IN F:       :PCPN:    SNOW:  WIND      :SUNSHINE: SKY     :PK WND
================================================================================
1   2   3   4   5  6A  6B    7    8   9   10  11  12  13   14  15   16   17  18
                                     12Z  AVG MX 2MIN
DY MAX MIN AVG DEP HDD CDD  WTR  SNW DPTH SPD SPD DIR MIN PSBL S-S WX    SPD DR
================================================================================

 1  40  10  25  -8  40   0 0.00    M    M  1.8  8 290   M    M   0         8 280
 2  43  13  28  -5  37   0 0.00    M    M  3.0  8 280   M    M   1         8 280
 3  45  17  31  -3  34   0 0.01    M    M  3.8 13 200   M    M   6        15 210
 4  40  32  36   2  29   0 0.01    M    M  9.3 25 220   M    M   7 1      32 220
 5  33  16  25  -9  40   0 0.07    M    M  8.6 23 270   M    M   6 12     31 270
 6  32   8  20 -15  45   0 0.01    M    M  8.9 30 220   M    M   7 18     35 230
 7  37  24  31  -4  34   0 0.17    M    M  7.0 21 200   M    M  10 1      27 170
 8  47  34  41   6  24   0 0.03    M    M  6.8 16 190   M    M  10 1      22 210
 9  46  34  40   4  25   0 0.05    M    M  2.4  9  60   M    M  10 12     10 200
10  52  26  39   3  26   0 0.00    M    M  5.8 22 230   M    M   2 1      27 230
11  51  22  37   1  28   0    T    M    M  4.6 17 240   M    M   1        22 240
12  52  27  40   3  25   0 0.00    M    M  3.6 13 250   M    M   0        15 240
13  59  24  42   5  23   0 0.00    M    M  3.1 12 110   M    M   1        14 250
14  63  32  48  11  17   0 0.00    M    M  3.4 10 320   M    M   1        11 310
15  60  37  49  11  16   0 0.02    M    M  8.3 31 200   M    M   8        40 210
16  54  34  44   6  21   0 0.01    M    M  4.3 15 240   M    M   6 8      20 230
17  62  36  49  11  16   0    T    M    M  3.9 14 210   M    M   7        18 190
18  60  44  52  14  13   0 0.11    M    M  9.2 31 190   M    M   9        40 190
19  54  40  47   9  18   0 0.15    M    M  2.9  9  40   M    M   8 1      12  40
20  62  40  51  12  14   0    T    M    M  8.2 22 170   M    M   8 3      30 150
21  52  36  44   5  21   0 0.33    M    M  7.0 31 210   M    M   6 13     38 210
22  49  32  41   2  24   0 0.02    M    M  7.3 21 280   M    M   5        26 280
23  52  28  40   1  25   0 0.00    M    M  7.4 15 220   M    M   0        20 200
24  48  33  41   2  24   0 0.14    M    M 11.0 25 190   M    M   8 1      34 200
25  51  27  39  -1  26   0 0.00    M    M  4.3 17 250   M    M   3        20 240
26  47  28  38  -2  27   0 0.14    M    M  7.6 21 160   M    M   9        26 240
================================================================================
SM 1291  734       672   0  1.27    M    153.5          M      139
================================================================================
AV 49.7 28.2                               5.9 FASTST   M    M   5    MAX(MPH)
                                 MISC ---->  # 31 200               # 40  210
================================================================================
NOTES:
# LAST OF SEVERAL OCCURRENCES

COLUMN 17 PEAK WIND IN M.P.H.

PRELIMINARY LOCAL CLIMATOLOGICAL DATA (WS FORM: F-6) , PAGE 2

                                          STATION:  BURNS OR
                                          MONTH:    MARCH
                                          YEAR:     2017
                                          LATITUDE:   43 34 N
                                          LONGITUDE: 118 57 W

[TEMPERATURE DATA]      [PRECIPITATION DATA]       SYMBOLS USED IN COLUMN 16

AVERAGE MONTHLY: 38.9   TOTAL FOR MONTH:   1.27    1 = FOG OR MIST
DPTR FM NORMAL:   2.1   DPTR FM NORMAL:    0.34    2 = FOG REDUCING VISIBILITY
HIGHEST:    63 ON 14    GRTST 24HR  0.33 ON 21-21      TO 1/4 MILE OR LESS
LOWEST:      8 ON  6                               3 = THUNDER
                        SNOW, ICE PELLETS, HAIL    4 = ICE PELLETS
                        TOTAL MONTH:    M          5 = HAIL
                        GRTST 24HR    M  ON   M    6 = FREEZING RAIN OR DRIZZLE
                        GRTST DEPTH:  M  ON   M    7 = DUSTSTORM OR SANDSTORM:
                                                       VSBY 1/2 MILE OR LESS
                                                   8 = SMOKE OR HAZE
[NO. OF DAYS WITH]      [WEATHER - DAYS WITH]      9 = BLOWING SNOW
                                                   X = TORNADO
MAX 32 OR BELOW:   1    0.01 INCH OR MORE:  15
MAX 90 OR ABOVE:   0    0.10 INCH OR MORE:   6
MIN 32 OR BELOW:  16    0.50 INCH OR MORE:   0
MIN  0 OR BELOW:   0    1.00 INCH OR MORE:   0

[HDD (BASE 65) ]
TOTAL THIS MO.   672    CLEAR  (SCALE 0-3)   8
DPTR FM NORMAL   -62    PTCLDY (SCALE 4-7)  11
TOTAL FM JUL 1  6546    CLOUDY (SCALE 8-10)  7
DPTR FM NORMAL   284

[CDD (BASE 65) ]
TOTAL THIS MO.     0
DPTR FM NORMAL     0    [PRESSURE DATA]
TOTAL FM JAN 1     0    HIGHEST SLP M ON M
DPTR FM NORMAL     0    LOWEST  SLP 29.48 ON  5

[REMARKS]
