000
CXUS55 KBOI 281002
CF6BOI
PRELIMINARY LOCAL CLIMATOLOGICAL DATA (WS FORM: F-6)

                                          STATION:   BOISE ID
                                          MONTH:     FEBRUARY
                                          YEAR:      2015
                                          LATITUDE:   43 34 N
                                          LONGITUDE: 116 13 W

  TEMPERATURE IN F:       :PCPN:    SNOW:  WIND      :SUNSHINE: SKY     :PK WND
================================================================================
1   2   3   4   5  6A  6B    7    8   9   10  11  12  13   14  15   16   17  18
                                     12Z  AVG MX 2MIN
DY MAX MIN AVG DEP HDD CDD  WTR  SNW DPTH SPD SPD DIR MIN PSBL S-S WX    SPD DR
================================================================================

 1  42  30  36   3  29   0 0.14  0.0    0  8.5 16 140   M    M   6 1      22 140
 2  46  33  40   6  25   0 0.12  0.0    0  4.1 16 120   M    M   9 12     20 120
 3  46  38  42   8  23   0 0.32  0.0    0  4.0 12 330   M    M  10 12     14 340
 4  52  39  46  12  19   0 0.11  0.0    0  2.5 10 270   M    M   5 12     16 270
 5  59  39  49  15  16   0 0.00  0.0    0 11.2 20 120   M    M   1 12     24 120
 6  64  51  58  24   7   0 0.04  0.0    0 14.8 24 250   M    M   5        32 250
 7  65  50  58  23   7   0 0.04  0.0    0 11.6 24 130   M    M   5        32 130
 8  65  43  54  19  11   0 0.04  0.0    0 10.7 21 140   M    M   5        28  80
 9  57  47  52  17  13   0 0.38  0.0    0  8.3 20  80   M    M   7 1      25  80
10  53  37  45  10  20   0 0.08  0.0    0  5.1 17 290   M    M   6        23 310
11  57  36  47  12  18   0 0.00  0.0    0  9.1 16 140   M    M   0        21 150
12  56  35  46  10  19   0 0.00  0.0    0  2.6  9 140   M    M   0        10 310
13  55  34  45   9  20   0 0.00  0.0    0  4.5 14 170   M    M   0 1      15 170
14  58  38  48  12  17   0 0.00  0.0    0  4.0 13 310   M    M   1 1      17 300
15  54  33  44   8  21   0 0.00  0.0    0  8.3 22 310   M    M   0        26 300
16  51  28  40   3  25   0 0.00  0.0    0  2.8 12 170   M    M   0        18 170
17  52  29  41   4  24   0 0.00  0.0    0  2.9 16 140   M    M   0        18 140
18  56  30  43   6  22   0 0.00  0.0    0  3.6 12 170   M    M   0        14 160
19  59  32  46   8  19   0 0.00  0.0    0  5.1 14 360   M    M   1        16 350
20  53  36  45   7  20   0    T  0.0    0  8.4 21 340   M    M   5        25 330
21  49  27  38   0  27   0 0.00  0.0    0  8.3 24 340   M    M   3        28 340
22  40  25  33  -5  32   0 0.02  0.2    T  3.9 17 150   M    M   4 1      22 150
23  42  21  32  -7  33   0 0.00  0.0    0  4.0 12 300   M    M   0        15 310
24  53  26  40   1  25   0 0.00  0.0    0  6.0 15 330   M    M   0        20 330
25  55  31  43   4  22   0 0.00  0.0    0  7.5 22 330   M    M   1        28 310
26  50  37  44   4  21   0 0.01  0.0    0  7.4 17 300   M    M   9        21 310
27  53  35  44   4  21   0 0.00  0.0    0  9.0 20 140   M    M   6        23 140
================================================================================
SM 1442  940       556   0  1.30     0.2 178.2          M       89
================================================================================
AV 53.4 34.8                               6.6 FASTST   M    M   3    MAX(MPH)
                                 MISC ---->  # 24 250               # 32  250
================================================================================
NOTES:
# LAST OF SEVERAL OCCURRENCES

COLUMN 17 PEAK WIND IN M.P.H.

PRELIMINARY LOCAL CLIMATOLOGICAL DATA (WS FORM: F-6) , PAGE 2

                                          STATION:  BOISE ID
                                          MONTH:    FEBRUARY
                                          YEAR:     2015
                                          LATITUDE:   43 34 N
                                          LONGITUDE: 116 13 W

[TEMPERATURE DATA]      [PRECIPITATION DATA]       SYMBOLS USED IN COLUMN 16

AVERAGE MONTHLY: 44.1   TOTAL FOR MONTH:   1.30    1 = FOG OR MIST
DPTR FM NORMAL:   7.7   DPTR FM NORMAL:    0.35    2 = FOG REDUCING VISIBILITY
HIGHEST:    65 ON  8, 7 GRTST 24HR  0.40 ON  3- 4      TO 1/4 MILE OR LESS
LOWEST:     21 ON 23                               3 = THUNDER
                        SNOW, ICE PELLETS, HAIL    4 = ICE PELLETS
                        TOTAL MONTH:   0.2 INCH    5 = HAIL
                        GRTST 24HR   0.2 ON   M    6 = FREEZING RAIN OR DRIZZLE
                        GRTST DEPTH:   T           7 = DUSTSTORM OR SANDSTORM:
                                                       VSBY 1/2 MILE OR LESS
                                                   8 = SMOKE OR HAZE
[NO. OF DAYS WITH]      [WEATHER - DAYS WITH]      9 = BLOWING SNOW
                                                   X = TORNADO
MAX 32 OR BELOW:   0    0.01 INCH OR MORE:  11
MAX 90 OR ABOVE:   0    0.10 INCH OR MORE:   5
MIN 32 OR BELOW:  10    0.50 INCH OR MORE:   0
MIN  0 OR BELOW:   0    1.00 INCH OR MORE:   0

[HDD (BASE 65) ]
TOTAL THIS MO.   556    CLEAR  (SCALE 0-3)  14
DPTR FM NORMAL  -217    PTCLDY (SCALE 4-7)  10
TOTAL FM JUL 1  3569    CLOUDY (SCALE 8-10)  3
DPTR FM NORMAL  -565

[CDD (BASE 65) ]
TOTAL THIS MO.     0
DPTR FM NORMAL     0    [PRESSURE DATA]
TOTAL FM JAN 1     0    HIGHEST SLP M ON M
DPTR FM NORMAL     0    LOWEST  SLP 29.62 ON 27

[REMARKS]
