000
CXUS54 KLZK 291130
CF6BPK
PRELIMINARY LOCAL CLIMATOLOGICAL DATA (WS FORM: F-6)

                                          STATION:   Mountain Home Airport
                                          MONTH:     MARCH
                                          YEAR:      2017
                                          LATITUDE:   36 22 N
                                          LONGITUDE:  92 28 W

  TEMPERATURE IN F:       :PCPN:    SNOW:  WIND      :SUNSHINE: SKY     :PK WND
================================================================================
1   2   3   4   5  6A  6B    7    8   9   10  11  12  13   14  15   16   17  18
                                     12Z  AVG MX 2MIN
DY MAX MIN AVG DEP HDD CDD  WTR  SNW DPTH SPD SPD DIR MIN PSBL S-S WX    SPD DR
================================================================================

 1  71  36  54   8  11   0 0.16    M    0  9.1 25 260   M    M   1 3      38 290
 2  59  30  45  -1  20   0 0.00  0.0    0  3.5 12 320   M    M   0        21 340
 3  57  35  46   0  19   0    T    M    M  5.8 14 160   M    M   0        20 160
 4  68  37  53   6  12   0    T    M    0  8.0 17 230   M    M   1        26 250
 5  57  50  54   7  11   0    T  0.0    0 10.1 23 220   M    M   9        32 220
 6  75  54  65  18   0   0    T  0.0    0 13.5 29 220   M    M   9        37 200
 7  69  42  56   8   9   0 0.48    M    0  7.3 25 200   M    M   4 13     47 330
 8  70  34  52   4  13   0 0.00  0.0    0  5.6 16 200   M    M   0 8      23 220
 9  80  46  63  15   2   0 0.47    M    0  6.3 17 230   M    M   2 13     30 220
10  55  38  47  -1  18   0 0.00  0.0    0  7.2 14  60   M    M   2        22  60
11  41  27  34 -14  31   0 0.28    M    0  6.1 14  90   M    M   8 12     20  80
12  43  23  33 -16  32   0 0.00  0.0    0  5.4 13 180   M    M   1        17 180
13  43  32  38 -11  27   0 0.24    M    0  4.9 16 350   M    M  10 1      27 330
14  34  26  30 -19  35   0    T    M    0  4.5 10  10   M    M   9 18     17  20
15  42  22  32 -18  33   0 0.00  0.0    0  3.2  9  90   M    M   3        13  80
16  51  37  44  -6  21   0 0.00  0.0    0  8.5 14 170   M    M  10        22 190
17  67  45  56   6   9   0    T    M    0  6.0 12 180   M    M   9 1      16 240
18  72  44  58   8   7   0 0.00  0.0    0  3.6  9 290   M    M   0 18      M  M
19  72  48  60  10   5   0 0.00  0.0    0  8.8 15 150   M    M   4        23 190
20  91  47  69  18   0   4 0.00  0.0    0  6.5 17 230   M    M   2        24 260
21  75  49  62  11   3   0 0.01    M    0  7.4 16  80   M    M   4 3      24  50
22  58  44  51   0  14   0 0.17    M    0  9.1 20  90   M    M   6 13     26  90
23  78  46  62  10   3   0 0.00  0.0    0  9.0 18 200   M    M   3        27 230
24  74  53  64  12   1   0 0.09  0.0    0 12.3 25 220   M    M   5 1      35 220
25  63  50  57   5   8   0 0.09  0.0    0  6.8 17 140   M    M  10 1      24 250
26  71  48  60   8   5   0 0.00  0.0    0  3.5  9 150   M    M   5         M  M
27  70  50  60   7   5   0 0.03  0.0    0  5.1 15 140   M    M   6 1      21 140
28  70  52  61   8   4   0 0.00  0.0    0  6.2 17 130   M    M   8        22 130
================================================================================
SM 1776 1145       358   4  2.02     0.0 193.3          M      131
================================================================================
AV 63.4 40.9                               6.9 FASTST   M    M   5    MAX(MPH)
                                 MISC ---->  # 29 220               # 47  330
================================================================================
NOTES:
# LAST OF SEVERAL OCCURRENCES

COLUMN 17 PEAK WIND IN M.P.H.

PRELIMINARY LOCAL CLIMATOLOGICAL DATA (WS FORM: F-6) , PAGE 2

                                          STATION:  Mountain Home Airport
                                          MONTH:    MARCH
                                          YEAR:     2017
                                          LATITUDE:   36 22 N
                                          LONGITUDE:  92 28 W

[TEMPERATURE DATA]      [PRECIPITATION DATA]       SYMBOLS USED IN COLUMN 16

AVERAGE MONTHLY: 52.2   TOTAL FOR MONTH:   2.02    1 = FOG OR MIST
DPTR FM NORMAL:   2.8   DPTR FM NORMAL:   -1.18    2 = FOG REDUCING VISIBILITY
HIGHEST:    91 ON 20    GRTST 24HR  0.48 ON  7- 7      TO 1/4 MILE OR LESS
LOWEST:     22 ON 15                               3 = THUNDER
                        SNOW, ICE PELLETS, HAIL    4 = ICE PELLETS
                        TOTAL MONTH:   0.0 INCH    5 = HAIL
                        GRTST 24HR     0.0         6 = FREEZING RAIN OR DRIZZLE
                        GRTST DEPTH:   0           7 = DUSTSTORM OR SANDSTORM:
                                                       VSBY 1/2 MILE OR LESS
                                                   8 = SMOKE OR HAZE
[NO. OF DAYS WITH]      [WEATHER - DAYS WITH]      9 = BLOWING SNOW
                                                   X = TORNADO
MAX 32 OR BELOW:   0    0.01 INCH OR MORE:  10
MAX 90 OR ABOVE:   1    0.10 INCH OR MORE:   6
MIN 32 OR BELOW:   6    0.50 INCH OR MORE:   0
MIN  0 OR BELOW:   0    1.00 INCH OR MORE:   0

[HDD (BASE 65) ]
TOTAL THIS MO.   358    CLEAR  (SCALE 0-3)  12
DPTR FM NORMAL   -83    PTCLDY (SCALE 4-7)   8
TOTAL FM JUL 1  2666    CLOUDY (SCALE 8-10)  8
DPTR FM NORMAL  -807

[CDD (BASE 65) ]
TOTAL THIS MO.     4
DPTR FM NORMAL     4    [PRESSURE DATA]
TOTAL FM JAN 1     9    HIGHEST SLP M ON M
DPTR FM NORMAL     6    LOWEST  SLP 29.59 ON  1

[REMARKS]
