000
CXUS54 KLCH 200927
CF6BPT
PRELIMINARY LOCAL CLIMATOLOGICAL DATA (WS FORM: F-6)

                                          STATION:   BEAUMONT PORT ARTHUR
                                          MONTH:     AUGUST
                                          YEAR:      2017
                                          LATITUDE:   29 57 N
                                          LONGITUDE:  94  1 W

  TEMPERATURE IN F:       :PCPN:    SNOW:  WIND      :SUNSHINE: SKY     :PK WND
================================================================================
1   2   3   4   5  6A  6B    7    8   9   10  11  12  13   14  15   16   17  18
                                     12Z  AVG MX 2MIN
DY MAX MIN AVG DEP HDD CDD  WTR  SNW DPTH SPD SPD DIR MIN PSBL S-S WX    SPD DR
================================================================================

 1  88  77  83   0   0  18 0.07  0.0    0  6.5 15  80   M    M   6        19  90
 2  86  74  80  -3   0  15 0.29  0.0    0  6.2 16 130   M    M   5 138    21 140
 3  91  74  83   0   0  18 0.02  0.0    0  5.1 14  30   M    M   7 1      17  20
 4  90  75  83   0   0  18 0.26  0.0    0  3.6 14 160   M    M   5 13     17 160
 5  87  74  81  -2   0  16 0.34  0.0    0  4.1 14 150   M    M   3 13     20 120
 6  92  75  84   1   0  19 0.34  0.0    0  7.5 21 290   M    M   3 138    30 240
 7  84  74  79  -4   0  14 0.73  0.0    0  4.6 20 280   M    M   1 13     26 140
 8  87  74  81  -2   0  16 2.42  0.0    0  5.5 20 190   M    M   8 13     25 180
 9  85  74  80  -3   0  15 0.38  0.0    0  4.5 16 140   M    M   7 1      21 140
10  92  75  84   1   0  19 0.00  0.0    0  4.2 14 250   M    M   3 1238   26 210
11  91  77  84   1   0  19 0.01  0.0    0  5.8 14 190   M    M   1 18     18 180
12  92  74  83   0   0  18 0.00  0.0    0  6.1 14 190   M    M   1 12     19 180
13  92  74  83   0   0  18 0.00  0.0    0  6.3 16 180   M    M   2 13     24 250
14  93  76  85   2   0  20 0.00  0.0    0  7.7 15 190   M    M   2        20 180
15  89  77  83   0   0  18 1.23  0.0    0  7.2 22 200   M    M   1 138    31 160
16  91  78  85   2   0  20 0.02  0.0    0  9.0 20 240   M    M   2 8      26 260
17  94  76  85   2   0  20    T  0.0    0  7.8 14 190   M    M   1        19 220
18  95  76  86   3   0  21 0.00  0.0    0  4.7 14 100   M    M   2 13     17 100
19  97  75  86   3   0  21 0.00  0.0    0  3.7 12 180   M    M   2 138    15 160
================================================================================
SM 1716 1429         0 343  6.11     0.0 110.1          M       62
================================================================================
AV 90.3 75.2                               5.8 FASTST   M    M   3    MAX(MPH)
                                 MISC ---->  # 22 200               # 31  160
================================================================================
NOTES:
# LAST OF SEVERAL OCCURRENCES

COLUMN 17 PEAK WIND IN M.P.H.

PRELIMINARY LOCAL CLIMATOLOGICAL DATA (WS FORM: F-6) , PAGE 2

                                          STATION:  BEAUMONT PORT ARTHUR
                                          MONTH:    AUGUST
                                          YEAR:     2017
                                          LATITUDE:   29 57 N
                                          LONGITUDE:  94  1 W

[TEMPERATURE DATA]      [PRECIPITATION DATA]       SYMBOLS USED IN COLUMN 16

AVERAGE MONTHLY: 82.8   TOTAL FOR MONTH:   6.11    1 = FOG OR MIST
DPTR FM NORMAL:  -0.2   DPTR FM NORMAL:    2.95    2 = FOG REDUCING VISIBILITY
HIGHEST:    97 ON 19    GRTST 24HR  2.42 ON  8- 8      TO 1/4 MILE OR LESS
LOWEST:     74 ON 13,12                            3 = THUNDER
                        SNOW, ICE PELLETS, HAIL    4 = ICE PELLETS
                        TOTAL MONTH:   0.0 INCH    5 = HAIL
                        GRTST 24HR     0.0         6 = FREEZING RAIN OR DRIZZLE
                        GRTST DEPTH:   0           7 = DUSTSTORM OR SANDSTORM:
                                                       VSBY 1/2 MILE OR LESS
                                                   8 = SMOKE OR HAZE
[NO. OF DAYS WITH]      [WEATHER - DAYS WITH]      9 = BLOWING SNOW
                                                   X = TORNADO
MAX 32 OR BELOW:   0    0.01 INCH OR MORE:  12
MAX 90 OR ABOVE:  12    0.10 INCH OR MORE:   8
MIN 32 OR BELOW:   0    0.50 INCH OR MORE:   3
MIN  0 OR BELOW:   0    1.00 INCH OR MORE:   2

[HDD (BASE 65) ]
TOTAL THIS MO.     0    CLEAR  (SCALE 0-3)  12
DPTR FM NORMAL     0    PTCLDY (SCALE 4-7)   7
TOTAL FM JUL 1     0    CLOUDY (SCALE 8-10)  0
DPTR FM NORMAL     0

[CDD (BASE 65) ]
TOTAL THIS MO.   343
DPTR FM NORMAL     1    [PRESSURE DATA]
TOTAL FM JAN 1  2122    HIGHEST SLP M ON M
DPTR FM NORMAL   174    LOWEST  SLP 29.87 ON 14

[REMARKS]
