000
CXUS55 KDVN 191100
CF6BRL
PRELIMINARY LOCAL CLIMATOLOGICAL DATA (WS FORM: F-6)

                                          STATION:   BURLINGTON IA
                                          MONTH:     FEBRUARY
                                          YEAR:      2017
                                          LATITUDE:   40 46 N
                                          LONGITUDE:  91  7 W

  TEMPERATURE IN F:       :PCPN:    SNOW:  WIND      :SUNSHINE: SKY     :PK WND
================================================================================
1   2   3   4   5  6A  6B    7    8   9   10  11  12  13   14  15   16   17  18
                                     12Z  AVG MX 2MIN
DY MAX MIN AVG DEP HDD CDD  WTR  SNW DPTH SPD SPD DIR MIN PSBL S-S WX    SPD DR
================================================================================

 1  40  23  32   5  33   0 0.00    M    M 10.5 20 320   M    M   4        29 330
 2  26  17  22  -5  43   0    T    M    M  8.9 16 320   M    M   2        21 330
 3  31  18  25  -2  40   0 0.00    M    M  5.9 15 330   M    M   2        21 330
 4  36  17  27   0  38   0 0.00    M    M 12.4 24 180   M    M   4        30 170
 5  41  26  34   6  31   0 0.00    M    M  7.5 17 330   M    M   1        23 320
 6  55  28  42  14  23   0 0.00    M    M  7.8 14 180   M    M   3 1      18 150
 7  53  26  40  12  25   0 0.00    M    M 11.4 22 320   M    M   9 12     31 320
 8  27  13  20  -8  45   0 0.08    M    M 10.1 17 340   M    M   7 128    23 340
 9  22   9  16 -12  49   0 0.00    M    M  7.4 14 320   M    M   3        18 310
10  55  18  37   9  28   0 0.00    M    M 11.3 21 200   M    M   0        28 200
11  61  34  48  19  17   0    T    M    M  8.4 16  30   M    M   2        20  30
12  49  27  38   9  27   0 0.00    M    M 12.5 31 340   M    M   1        44 350
13  49  23  36   7  29   0 0.00    M    M  7.9 15 210   M    M   2        20 210
14  54  33  44  14  21   0 0.00    M    M 10.7 21 330   M    M   0        31 340
15  43  26  35   5  30   0 0.00    M    M  8.6 17 340   M    M   0        27 330
16  65  25  45  15  20   0 0.00    M    M  7.0 17 190   M    M   0 8      22 220
17  72  41  57  27   8   0 0.00    M    M 11.5 25 220   M    M   0        31 230
18  69  40  55  24  10   0 0.00    M    M  5.0 12 230   M    M   0 8      14 230
================================================================================
SM  848  444       517   0  0.08    M    164.8          M       40
================================================================================
AV 47.1 24.7                               9.2 FASTST   M    M   2    MAX(MPH)
                                 MISC ---->  # 31 340               # 44  350
================================================================================
NOTES:
# LAST OF SEVERAL OCCURRENCES

COLUMN 17 PEAK WIND IN M.P.H.

PRELIMINARY LOCAL CLIMATOLOGICAL DATA (WS FORM: F-6) , PAGE 2

                                          STATION:  BURLINGTON IA
                                          MONTH:    FEBRUARY
                                          YEAR:     2017
                                          LATITUDE:   40 46 N
                                          LONGITUDE:  91  7 W

[TEMPERATURE DATA]      [PRECIPITATION DATA]       SYMBOLS USED IN COLUMN 16

AVERAGE MONTHLY: 35.9   TOTAL FOR MONTH:   0.08    1 = FOG OR MIST
DPTR FM NORMAL:   7.3   DPTR FM NORMAL:   -0.85    2 = FOG REDUCING VISIBILITY
HIGHEST:    72 ON 17    GRTST 24HR  0.08 ON  8- 8      TO 1/4 MILE OR LESS
LOWEST:      9 ON  9                               3 = THUNDER
                        SNOW, ICE PELLETS, HAIL    4 = ICE PELLETS
                        TOTAL MONTH:    M          5 = HAIL
                        GRTST 24HR    M  ON   M    6 = FREEZING RAIN OR DRIZZLE
                        GRTST DEPTH:  M  ON   M    7 = DUSTSTORM OR SANDSTORM:
                                                       VSBY 1/2 MILE OR LESS
                                                   8 = SMOKE OR HAZE
[NO. OF DAYS WITH]      [WEATHER - DAYS WITH]      9 = BLOWING SNOW
                                                   X = TORNADO
MAX 32 OR BELOW:   4    0.01 INCH OR MORE:   1
MAX 90 OR ABOVE:   0    0.10 INCH OR MORE:   0
MIN 32 OR BELOW:  14    0.50 INCH OR MORE:   0
MIN  0 OR BELOW:   0    1.00 INCH OR MORE:   0

[HDD (BASE 65) ]
TOTAL THIS MO.   517    CLEAR  (SCALE 0-3)  14
DPTR FM NORMAL  -138    PTCLDY (SCALE 4-7)   3
TOTAL FM JUL 1  3534    CLOUDY (SCALE 8-10)  1
DPTR FM NORMAL  -522

[CDD (BASE 65) ]
TOTAL THIS MO.     0
DPTR FM NORMAL     0    [PRESSURE DATA]
TOTAL FM JAN 1     0    HIGHEST SLP M ON M
DPTR FM NORMAL     0    LOWEST  SLP 29.37 ON  7

[REMARKS]
