028
CXUS55 KDVN 221100
CF6BRL
PRELIMINARY LOCAL CLIMATOLOGICAL DATA (WS FORM: F-6)

                                          STATION:   BURLINGTON IA
                                          MONTH:     FEBRUARY
                                          YEAR:      2018
                                          LATITUDE:   40 46 N
                                          LONGITUDE:  91  7 W

  TEMPERATURE IN F:       :PCPN:    SNOW:  WIND      :SUNSHINE: SKY     :PK WND
================================================================================
1   2   3   4   5  6A  6B    7    8   9   10  11  12  13   14  15   16   17  18
                                     12Z  AVG MX 2MIN
DY MAX MIN AVG DEP HDD CDD  WTR  SNW DPTH SPD SPD DIR MIN PSBL S-S WX    SPD DR
================================================================================

 1  36   8  22  -5  43   0 0.00    M    M 14.4 30 330   M    M   1        40 330
 2  24   2  13 -14  52   0    T    M    M  7.2 15 200   M    M   3        20 200
 3  47  20  34   7  31   0    T    M    M 13.7 26 210   M    M   7        35 210
 4  40   5  23  -4  42   0    T    M    M 13.9 25 350   M    M   7 8      33 340
 5  17  -1   8 -20  57   0 0.16    M    M  5.1 13 200   M    M   6 12     15 200
 6  14  -1   7 -21  58   0 0.03    M    M  5.9 14  10   M    M   4 1      17 330
 7  20   6  13 -15  52   0 0.02    M    M  6.2 16 310   M    M   6 18     21 300
 8  30  11  21  -7  44   0    T    M    M  6.0 13  70   M    M   9 8      16  90
 9  29  19  24  -4  41   0 0.05    M    M 12.4 20 360   M    M  10 18     24 360
10  18  13  16 -12  49   0 0.11    M    M 10.0 17 340   M    M   7 18     21 340
11  21   3  12 -17  53   0 0.07    M    M  7.4 15 350   M    M   5 18     19 340
12  22   2  12 -17  53   0 0.00    M    M  8.5 13  70   M    M   0        17  30
13  36  10  23  -6  42   0 0.00    M    M  7.2 15 180   M    M   4        18 180
14  45  27  36   6  29   0 0.00    M    M  8.6 23 200   M    M   1 12     27 200
15  47  34  41  11  24   0 0.02    M    M  7.4 21 330   M    M   4 128    29 330
16  35  19  27  -3  38   0 0.00    M    M 10.0 23 330   M    M   3        32 330
17  38  18  28  -2  37   0 0.04    M    M  8.5 17 170   M    M   4 18     22 270
18  50  22  36   5  29   0 0.00    M    M 11.6 24 170   M    M   1 1      32 170
19  64  39  52  21  13   0 1.21    M    M 11.5 22 190   M    M  10 13     31 180
20  42  24  33   1  32   0 1.26    M    M  9.1 23 290   M    M   8 136    37 300
21  31  20  26  -6  39   0 0.00    M    M 11.4 20 330   M    M   1        26 330
================================================================================
SM  706  300       858   0  2.97    M    196.0          M      101
================================================================================
AV 33.6 14.3                               9.3 FASTST   M    M   5    MAX(MPH)
                                 MISC ---->  # 30 330               # 40  330
================================================================================
NOTES:
# LAST OF SEVERAL OCCURRENCES

COLUMN 17 PEAK WIND IN M.P.H.

PRELIMINARY LOCAL CLIMATOLOGICAL DATA (WS FORM: F-6) , PAGE 2

                                          STATION:  BURLINGTON IA
                                          MONTH:    FEBRUARY
                                          YEAR:     2018
                                          LATITUDE:   40 46 N
                                          LONGITUDE:  91  7 W

[TEMPERATURE DATA]      [PRECIPITATION DATA]       SYMBOLS USED IN COLUMN 16

AVERAGE MONTHLY: 24.0   TOTAL FOR MONTH:   2.97    1 = FOG OR MIST
DPTR FM NORMAL:  -5.0   DPTR FM NORMAL:    1.86    2 = FOG REDUCING VISIBILITY
HIGHEST:    64 ON 19    GRTST 24HR  1.26 ON 20-20      TO 1/4 MILE OR LESS
LOWEST:     -1 ON  6, 5                            3 = THUNDER
                        SNOW, ICE PELLETS, HAIL    4 = ICE PELLETS
                        TOTAL MONTH:    M          5 = HAIL
                        GRTST 24HR    M  ON   M    6 = FREEZING RAIN OR DRIZZLE
                        GRTST DEPTH:  M  ON   M    7 = DUSTSTORM OR SANDSTORM:
                                                       VSBY 1/2 MILE OR LESS
                                                   8 = SMOKE OR HAZE
[NO. OF DAYS WITH]      [WEATHER - DAYS WITH]      9 = BLOWING SNOW
                                                   X = TORNADO
MAX 32 OR BELOW:  10    0.01 INCH OR MORE:  10
MAX 90 OR ABOVE:   0    0.10 INCH OR MORE:   4
MIN 32 OR BELOW:  19    0.50 INCH OR MORE:   2
MIN  0 OR BELOW:   2    1.00 INCH OR MORE:   2

[HDD (BASE 65) ]
TOTAL THIS MO.   858    CLEAR  (SCALE 0-3)   6
DPTR FM NORMAL   103    PTCLDY (SCALE 4-7)  11
TOTAL FM JUL 1  4329    CLOUDY (SCALE 8-10)  4
DPTR FM NORMAL   173

[CDD (BASE 65) ]
TOTAL THIS MO.     0
DPTR FM NORMAL     0    [PRESSURE DATA]
TOTAL FM JAN 1     0    HIGHEST SLP M ON M
DPTR FM NORMAL     0    LOWEST  SLP 29.66 ON 19

[REMARKS]
