000
CXAK56 PABR 300904
CF6BRW

PRELIMINARY LOCAL CLIMATOLOGICAL DATA (WS FORM: F-6)

                                          STATION:   BARROW
                                          MONTH:     06
                                          YEAR:      2015
                                          LATITUDE:   71 17 N
                                          LONGITUDE: 156 46 W

  TEMPERATURE IN F:       :PCPN:    SNOW:  WIND      :SUNSHINE: SKY     :PK WND
================================================================================
1   2   3   4   5  6A  6B    7     8   9   10  11  12  13   14  15   16  17  18
                                      12Z  AVG MX 2MIN
DY MAX MIN AVG DEP HDD CDD  WTR   SNW DPTH SPD SPD DIR MIN PSBL S-S WX   SPD DR
================================================================================

 1  34  25  30   0  35   0  0.00  0.0   0 10.4 15  360   M    M   M 1     20 350
 2  33  27  30   0  35   0     T  0.1   T 15.4 22   30   M    M   M 1     27  20
 3  30  26  28  -3  37   0     T    T   0 12.8 20   20   M    M   M 16    25  30
 4  30  25  28  -3  37   0     T    T   0 16.2 23   60   M    M   M 6     27  40
 5  31  26  29  -3  36   0  0.07  0.9   1 20.9 28   50   M    M   M 16    33  50
 6  39  30  35   3  30   0     T    T   T 11.8 21   60   M    M   M 126   18  70
 7  53  30  42   9  23   0  0.00  0.0   0  9.9 20  130   M    M   M 12    23 130
 8  47  35  41   8  24   0     T  0.0   0 12.3 20  230   M    M   M       23 140
 9  41  33  37   3  28   0  0.25  0.0   0  9.4 17   30   M    M   M 1     22 240
10  35  29  32  -2  33   0  0.04    T   0 13.7 23  300   M    M   M 12    28 310
11  33  26  30  -4  35   0     T    T   0  9.4 17  280   M    M   M 1     21 270
12  48  28  38   3  27   0     T  0.0   0  7.5 15  150   M    M   M       19 140
13  48  37  43   8  22   0  0.05  0.0   0 10.0 18  120   M    M   M       22 130
14  46  39  43   7  22   0  0.16  0.0   0  6.8 14  140   M    M   M 2     16 150
15  45  33  39   3  26   0  0.08  0.0   0 12.8 23  250   M    M   M 2     28 240
16  56  34  45   9  20   0  0.00  0.0   0  0.0 17  220   M    M   M       21 220
17  52  34  43   6  22   0  0.00  0.0   0  7.0 13  270   M    M   M 1     16 290
18  37  34  36  -1  29   0  0.00  0.0   0  9.3 17  270   M    M   M 12    20 270
19  67  33  50  13  15   0  0.00  0.0   0  6.4 12  150   M    M   M 12    13 180
20  60  46  53  15  12   0  0.00  0.0   0  6.4 14  250   M    M   M 8     16 240
21  60  45  53  15  12   0  0.00  0.0   0 10.1 17  250   M    M   M 18    23 230
22  60  32  46   8  19   0  0.00  0.0   0  9.5 20  250   M    M   M 1     25 240
23  59  37  48   9  17   0     T  0.0   0 13.5 23  230   M    M   M       28 230
24  56  35  46   7  19   0  0.11  0.0   0 13.3 23  230   M    M   M 1     28 260
25  40  34  37  -2  28   0  0.03  0.0   0  0.0 10  300   M    M   M 2     13 240
26  43  35  39   0  26   0  0.01  0.0   0  3.4 12  280   M    M   M 1     12 280
27  40  35  38  -1  27   0  0.00  0.0   0  9.1 16  270   M    M   M       18 270
28  60  36  48   8  17   0  0.00  0.0   0  9.7 17  200   M    M   M       25 230
29  59  44  52  12  13   0  0.01  0.0   0  5.8 17  310   M    M   M 1     20 310
================================================================================
SM 1342  963       726   0  0.81 1.0    282.8           M        M
================================================================================
AV 46.3 33.2                              9.8 FASTST  PSBL  %   M    MAX(MPH)
                                 MISC ---->     28   50                 33  50
================================================================================
NOTES:
# LAST OF SEVERAL OCCURRENCES

COLUMN 17 PEAK WIND IN M.P.H.

PRELIMINARY LOCAL CLIMATOLOGICAL DATA (WS FORM: F-6) , PAGE 2

                                          STATION:   BARROW
                                          MONTH:     06
                                          YEAR:      2015
                                          LATITUDE:  71 17 N
                                          LONGITUDE: 156 46 W

[TEMPERATURE DATA]      [PRECIPITATION DATA]       SYMBOLS USED IN COLUMN 16

AVERAGE MONTHLY:39.7   TOTAL FOR MONTH: 0.81       1 = FOG
DPTR FM NORMAL:  4.1   DPTR FM NORMAL: 0.51       2 = FOG REDUCING VISIBILITY
HIGHEST:    67 ON 19    GRTST 24HR   0.25 ON  9        TO 1/4 MILE OR LESS
LOWEST:     25 ON  4                               3 = THUNDER
                        SNOW, ICE PELLETS, HAIL    4 = ICE PELLETS
                        TOTAL MONTH: 1.0   INCH  5 = HAIL
                        GRTST 24HR   0.9 ON  5     6 = GLAZE OR RIME
                        GRTST DEPTH:    1 ON  5    7 = BLOWING DUST OR SAND:
                                                       VSBY 1/2 MILE OR LESS
                                                   8 = SMOKE OR HAZE
[NO. OF DAYS WITH]      [WEATHER - DAYS WITH]      9 = BLOWING SNOW
                                                   X = TORNADO
MAX 32 OR BELOW:   3    0.01 INCH OR MORE:  10
MAX 70 OR ABOVE:   0    0.10 INCH OR MORE:   3
MIN 32 OR BELOW:  11    0.50 INCH OR MORE:   0
MIN  0 OR BELOW:   0    1.00 INCH OR MORE:   0

[HDD (BASE 65) ]
TOTAL THIS MO.   726    CLEAR  (SCALE 0-3)   M
DPTR FM NORMAL  -129    PTCLDY (SCALE 4-7)   M
SEASONAL TOTAL 18099    CLOUDY (SCALE 8-10)  M
DPTR FM NORMAL -1263

[CDD (BASE 65) ]
TOTAL THIS MO.     0
DPTR FM NORMAL     0    [PRESSURE DATA]
SEASONAL TOTAL     0    HIGHEST SLP     M
DPTR FM NORMAL     0    LOWEST  SLP     M

[REMARKS]
