000
CXAK56 PAFG 231251
CF6BRW
PRELIMINARY LOCAL CLIMATOLOGICAL DATA (WS FORM: F-6)

                                          STATION:   BARROW AK
                                          MONTH:     APRIL
                                          YEAR:      2017
                                          LATITUDE:   71 17 N
                                          LONGITUDE: 156 47 W

  TEMPERATURE IN F:       :PCPN:    SNOW:  WIND      :SUNSHINE: SKY     :PK WND
================================================================================
1   2   3   4   5  6A  6B    7    8   9   10  11  12  13   14  15   16   17  18
                                     12Z  AVG MX 2MIN
DY MAX MIN AVG DEP HDD CDD  WTR  SNW DPTH SPD SPD DIR MIN PSBL S-S WX    SPD DR
================================================================================

 1   0  -9  -4   4  69   0 0.00  0.0    6  7.7 10  40   M    M   1 18     12  40
 2  -2 -20 -11  -4  76   0    T    T    6  4.4  8  80   M    M   3 128    10  40
 3   0 -21 -10  -4  75   0 0.00  0.0    6 11.1 17  70   M    M   5 128    22  80
 4   6  -9  -1   5  66   0 0.00  0.0    6 16.9 25  80   M    M   2 189    29  70
 5  17   4  11  16  54   0 0.00  0.0    6 18.1 22  80   M    M   6 18     25 100
 6  15   2   9  14  56   0 0.00  0.0    6 17.7 24 100   M    M   3 189    29  90
 7  15   2   9  13  56   0 0.00  0.0    6 16.8 23 100   M    M   2 19     28 100
 8  11   2   7  10  58   0 0.00  0.0    6 17.3 23  60   M    M   1        28  60
 9  13   7  10  13  55   0    T    T    6 18.1 23  60   M    M  10 1      27  60
10  16   9  13  15  52   0    T  0.2    7 14.6 22 100   M    M   8 168    24 100
11  21  11  16  17  49   0    T    T    7  9.2 17 110   M    M  10 18     20 110
12  20   9  15  16  50   0    T    T    6 10.6 17 100   M    M   7 18     20 110
13  15   7  11  11  54   0    T    T    6 16.4 21 110   M    M   4 18     25 110
14  15   4  10   9  55   0 0.00  0.0    6 21.8 30 100   M    M   4 189    35 100
15  17   6  12  11  53   0 0.00  0.0    6 25.6 33  80   M    M   0 89     38  80
16  18   5  12  10  53   0 0.00  0.0    6 22.5 30  90   M    M   0 8      35  90
17  19   5  12   9  53   0 0.00  0.0    6 17.0 26  80   M    M   0 89     30  80
18  21   2  12   9  53   0 0.00  0.0    6 10.5 16  60   M    M   0        19  60
19  13  -2   6   2  59   0 0.00  0.0    6  7.6 13  60   M    M   2 12     13  60
20  13 -10   2  -3  63   0 0.00  0.0    6  6.6 12  90   M    M   3 128    12  90
21  14  -7   4  -2  61   0 0.00  0.0    6 11.1 15 110   M    M   0 1      18 110
22  15  -2   7   1  58   0 0.00  0.0    6  8.8 14  90   M    M   0 128    16  90
================================================================================
SM  292   -5      1278   0    T      0.2 310.4          M       71
================================================================================
AV 13.3 -0.2                              14.1 FASTST   M    M   3    MAX(MPH)
                                 MISC ---->  # 33  80               # 38   80
================================================================================
NOTES:
# LAST OF SEVERAL OCCURRENCES

COLUMN 17 PEAK WIND IN M.P.H.

PRELIMINARY LOCAL CLIMATOLOGICAL DATA (WS FORM: F-6) , PAGE 2

                                          STATION:  BARROW AK
                                          MONTH:    APRIL
                                          YEAR:     2017
                                          LATITUDE:   71 17 N
                                          LONGITUDE: 156 47 W

[TEMPERATURE DATA]      [PRECIPITATION DATA]       SYMBOLS USED IN COLUMN 16

AVERAGE MONTHLY:  6.5   TOTAL FOR MONTH:      T    1 = FOG OR MIST
DPTR FM NORMAL:     M   DPTR FM NORMAL:   -0.12    2 = FOG REDUCING VISIBILITY
HIGHEST:    21 ON 18,11 GRTST 24HR    T  ON 13-13      TO 1/4 MILE OR LESS
LOWEST:    -21 ON  3                               3 = THUNDER
                        SNOW, ICE PELLETS, HAIL    4 = ICE PELLETS
                        TOTAL MONTH:   0.2 INCH    5 = HAIL
                        GRTST 24HR   0.2 ON   M    6 = FREEZING RAIN OR DRIZZLE
                        GRTST DEPTH:   7 ON 11,10  7 = DUSTSTORM OR SANDSTORM:
                                                       VSBY 1/2 MILE OR LESS
                                                   8 = SMOKE OR HAZE
[NO. OF DAYS WITH]      [WEATHER - DAYS WITH]      9 = BLOWING SNOW
                                                   X = TORNADO
MAX 32 OR BELOW:  22    0.01 INCH OR MORE:   0
MAX 90 OR ABOVE:   0    0.10 INCH OR MORE:   0
MIN 32 OR BELOW:  22    0.50 INCH OR MORE:   0
MIN  0 OR BELOW:   8    1.00 INCH OR MORE:   0

[HDD (BASE 65) ]
TOTAL THIS MO.  1278    CLEAR  (SCALE 0-3)  13
DPTR FM NORMAL  -172    PTCLDY (SCALE 4-7)   6
TOTAL FM JUL 1 14477    CLOUDY (SCALE 8-10)  3
DPTR FM NORMAL -2237

[CDD (BASE 65) ]
TOTAL THIS MO.     0
DPTR FM NORMAL     0    [PRESSURE DATA]
TOTAL FM JAN 1     0    HIGHEST SLP M ON M
DPTR FM NORMAL     0    LOWEST  SLP 29.62 ON  5

[REMARKS]
