598
CXUS55 KLIX 191000
CF6BTR
PRELIMINARY LOCAL CLIMATOLOGICAL DATA (WS FORM: F-6)

                                          STATION:   BATON ROUGE  ASOS
                                          MONTH:     FEBRUARY
                                          YEAR:      2017
                                          LATITUDE:   30 31 N
                                          LONGITUDE:  91  9 W

  TEMPERATURE IN F:       :PCPN:    SNOW:  WIND      :SUNSHINE: SKY     :PK WND
================================================================================
1   2   3   4   5  6A  6B    7    8   9   10  11  12  13   14  15   16   17  18
                                     12Z  AVG MX 2MIN
DY MAX MIN AVG DEP HDD CDD  WTR  SNW DPTH SPD SPD DIR MIN PSBL S-S WX    SPD DR
================================================================================

 1  79  57  68  15   0   3 0.00  0.0    0  9.0 20 180   M    M   4        23 190
 2  79  53  66  13   0   1 0.01  0.0    0  4.6 12 190   M    M   5 18     15 180
 3  60  44  52  -1  13   0    T  0.0    0  8.3 14 350   M    M   5 1      19  20
 4  64  40  52  -1  13   0 0.00  0.0    0  6.2 15  80   M    M   4        20  60
 5  80  50  65  12   0   0 0.00  0.0    0  8.1 16 200   M    M   2 1      21 170
 6  80  63  72  19   0   7 0.00  0.0    0 10.6 21 160   M    M   6 18     27 180
 7  82  65  74  20   0   9 0.24  0.0    0 13.0 26 230   M    M   6 138    38 220
 8  84  65  75  21   0  10 0.00  0.0    0  9.8 21 200   M    M   6 1      27 220
 9  71  47  59   5   6   0 0.00  0.0    0  9.8 22 360   M    M   0 1      30  10
10  76  42  59   5   6   0 0.00  0.0    0  9.8 17 160   M    M   3        24 180
11  81  67  74  20   0   9    T  0.0    0 12.9 23 180   M    M   9 18     29 180
12  83  68  76  22   0  11 0.00  0.0    0  9.3 16 230   M    M   7 1      22 200
13  75  62  69  14   0   4 0.00  0.0    0  5.2 14  40   M    M   8 1      17  30
14  77  54  66  11   0   1 0.10  0.0    0  9.8 26 290   M    M   7 18     37 300
15  59  43  51  -4  14   0 0.00  0.0    0  7.6 20 300   M    M   7 1      27 300
16  67  37  52  -3  13   0 0.00  0.0    0  2.4 12 260   M    M   0        14 260
17  61  42  52  -4  13   0 0.10    M    0  5.6 16 110   M    M   5 1      20 110
18  70  54  62   6   3   0 0.00  0.0    0  3.9 12 120   M    M   7 128    14 120
================================================================================
SM 1328  953        81  55  0.45     0.0 145.9          M       91
================================================================================
AV 73.8 52.9                               8.1 FASTST   M    M   5    MAX(MPH)
                                 MISC ---->  # 26 230               # 38  220
================================================================================
NOTES:
# LAST OF SEVERAL OCCURRENCES

COLUMN 17 PEAK WIND IN M.P.H.

PRELIMINARY LOCAL CLIMATOLOGICAL DATA (WS FORM: F-6) , PAGE 2

                                          STATION:  BATON ROUGE  ASOS
                                          MONTH:    FEBRUARY
                                          YEAR:     2017
                                          LATITUDE:   30 31 N
                                          LONGITUDE:  91  9 W

[TEMPERATURE DATA]      [PRECIPITATION DATA]       SYMBOLS USED IN COLUMN 16

AVERAGE MONTHLY: 63.4   TOTAL FOR MONTH:   0.45    1 = FOG OR MIST
DPTR FM NORMAL:   9.2   DPTR FM NORMAL:   -2.90    2 = FOG REDUCING VISIBILITY
HIGHEST:    84 ON  8    GRTST 24HR  0.24 ON  7- 7      TO 1/4 MILE OR LESS
LOWEST:     37 ON 16                               3 = THUNDER
                        SNOW, ICE PELLETS, HAIL    4 = ICE PELLETS
                        TOTAL MONTH:   0.0 INCH    5 = HAIL
                        GRTST 24HR     0.0         6 = FREEZING RAIN OR DRIZZLE
                        GRTST DEPTH:   0           7 = DUSTSTORM OR SANDSTORM:
                                                       VSBY 1/2 MILE OR LESS
                                                   8 = SMOKE OR HAZE
[NO. OF DAYS WITH]      [WEATHER - DAYS WITH]      9 = BLOWING SNOW
                                                   X = TORNADO
MAX 32 OR BELOW:   0    0.01 INCH OR MORE:   4
MAX 90 OR ABOVE:   0    0.10 INCH OR MORE:   3
MIN 32 OR BELOW:   0    0.50 INCH OR MORE:   0
MIN  0 OR BELOW:   0    1.00 INCH OR MORE:   0

[HDD (BASE 65) ]
TOTAL THIS MO.    81    CLEAR  (SCALE 0-3)   3
DPTR FM NORMAL  -127    PTCLDY (SCALE 4-7)  14
TOTAL FM JUL 1   687    CLOUDY (SCALE 8-10)  1
DPTR FM NORMAL  -561

[CDD (BASE 65) ]
TOTAL THIS MO.    55
DPTR FM NORMAL    39    [PRESSURE DATA]
TOTAL FM JAN 1   109    HIGHEST SLP M ON M
DPTR FM NORMAL    80    LOWEST  SLP 29.72 ON 14

[REMARKS]
