000
CXAK56 PAFG 261318
CF6BTT
PRELIMINARY LOCAL CLIMATOLOGICAL DATA (WS FORM: F-6)

                                          STATION:   BETTLES AK
                                          MONTH:     JULY
                                          YEAR:      2016
                                          LATITUDE:   66 55 N
                                          LONGITUDE: 151 31 W

  TEMPERATURE IN F:       :PCPN:    SNOW:  WIND      :SUNSHINE: SKY     :PK WND
================================================================================
1   2   3   4   5  6A  6B    7    8   9   10  11  12  13   14  15   16   17  18
                                     12Z  AVG MX 2MIN
DY MAX MIN AVG DEP HDD CDD  WTR  SNW DPTH SPD SPD DIR MIN PSBL S-S WX    SPD DR
================================================================================

 1  79  60  70   9   0   5 0.13  0.0    0  4.7 12 170   M    M   7        16 170
 2  79  57  68   7   0   3 0.52  0.0    0  3.5 20  40   M    M   8 13     36  50
 3  75  55  65   4   0   0 0.22  0.0    0  1.7 16 150   M    M   9 13     22 160
 4  72  54  63   2   2   0 0.08  0.0    0  2.0 13 260   M    M   9 123    16 260
 5  76  48  62   1   3   0 0.00  0.0    0  4.2 15 240   M    M   4 12     19 240
 6  69  54  62   1   3   0 0.02  0.0    0  3.7 10 190   M    M   8        15 210
 7  74  47  61   0   4   0    T  0.0    0  5.8 16 240   M    M   4 1      21 260
 8  73  48  61   0   4   0 0.00  0.0    0  6.1 13 220   M    M   4        20 220
 9  75  50  63   2   2   0    T  0.0    0  2.1 12 260   M    M   7        14 250
10  68  53  61   0   4   0 0.15  0.0    0  5.0 17 260   M    M   9 1      23 270
11  72  49  61   0   4   0 0.00  0.0    0  5.3  9 210   M    M   6 1      15 240
12  83  50  67   6   0   2 0.00  0.0    0  1.6  7 130   M    M   2         9 130
13  87  51  69   9   0   4 0.00  0.0    0  2.4 10 230   M    M   2        13 230
14  88  52  70  10   0   5 0.00  0.0    0  3.7 20 250   M    M   4        25 250
15  82  56  69   9   0   4 0.00  0.0    0  8.9 18 250   M    M   8 8      27 260
16  66  54  60   0   5   0 0.00  0.0    0  9.6 22 240   M    M   8 8      29 250
17  64  53  59  -1   6   0 0.27  0.0    0  8.2 18 250   M    M   9 18     25 270
18  70  51  61   1   4   0    T  0.0    0  8.2 21 260   M    M   7 1      26 270
19  67  37  52  -8  13   0 0.02  0.0    0  3.4 16 250   M    M   5        20 250
20  67  44  56  -3   9   0    T  0.0    0  3.2  9 240   M    M   7        13  40
21  66  50  58  -1   7   0 0.00  0.0    0  1.8  9 220   M    M   9        14 210
22  68  52  60   1   5   0 0.10  0.0    0  2.8 14 120   M    M   8 12     18 120
23  69  50  60   1   5   0 0.14  0.0    0  5.3 15 130   M    M   6        21  60
24  66  46  56  -2   9   0 0.07  0.0    0  6.9 14  40   M    M   6        22  50
25  71  36  54  -4  11   0 0.00  0.0    0  2.3  8 130   M    M   5        10 300
================================================================================
SM 1826 1257       100  23  1.72     0.0 112.4          M      161
================================================================================
AV 73.0 50.3                               4.5 FASTST   M    M   6    MAX(MPH)
                                 MISC ---->  # 22 240               # 36   50
================================================================================
NOTES:
# LAST OF SEVERAL OCCURRENCES

COLUMN 17 PEAK WIND IN M.P.H.

PRELIMINARY LOCAL CLIMATOLOGICAL DATA (WS FORM: F-6) , PAGE 2

                                          STATION:  BETTLES AK
                                          MONTH:    JULY
                                          YEAR:     2016
                                          LATITUDE:   66 55 N
                                          LONGITUDE: 151 31 W

[TEMPERATURE DATA]      [PRECIPITATION DATA]       SYMBOLS USED IN COLUMN 16

AVERAGE MONTHLY: 61.7   TOTAL FOR MONTH:   1.72    1 = FOG OR MIST
DPTR FM NORMAL:   1.5   DPTR FM NORMAL:   -0.13    2 = FOG REDUCING VISIBILITY
HIGHEST:    88 ON 14    GRTST 24HR  0.62 ON  1- 2      TO 1/4 MILE OR LESS
LOWEST:     36 ON 25                               3 = THUNDER
                        SNOW, ICE PELLETS, HAIL    4 = ICE PELLETS
                        TOTAL MONTH:   0.0 INCH    5 = HAIL
                        GRTST 24HR     0.0         6 = FREEZING RAIN OR DRIZZLE
                        GRTST DEPTH:   0           7 = DUSTSTORM OR SANDSTORM:
                                                       VSBY 1/2 MILE OR LESS
                                                   8 = SMOKE OR HAZE
[NO. OF DAYS WITH]      [WEATHER - DAYS WITH]      9 = BLOWING SNOW
                                                   X = TORNADO
MAX 32 OR BELOW:   0    0.01 INCH OR MORE:  11
MAX 90 OR ABOVE:   0    0.10 INCH OR MORE:   7
MIN 32 OR BELOW:   0    0.50 INCH OR MORE:   1
MIN  0 OR BELOW:   0    1.00 INCH OR MORE:   0

[HDD (BASE 65) ]
TOTAL THIS MO.   100    CLEAR  (SCALE 0-3)   2
DPTR FM NORMAL   -38    PTCLDY (SCALE 4-7)  17
TOTAL FM JUL 1   100    CLOUDY (SCALE 8-10)  6
DPTR FM NORMAL   -38

[CDD (BASE 65) ]
TOTAL THIS MO.    23
DPTR FM NORMAL     7    [PRESSURE DATA]
TOTAL FM JAN 1    36    HIGHEST SLP M ON M
DPTR FM NORMAL     4    LOWEST  SLP 29.56 ON  2

[REMARKS]
