000
CXUS51 KBUF 011205
CF6BUF
PRELIMINARY LOCAL CLIMATOLOGICAL DATA (WS FORM: F-6)

                                          STATION:   BUFFALO NY
                                          MONTH:     JUNE
                                          YEAR:      2015
                                          LATITUDE:   42 55 N
                                          LONGITUDE:  78 44 W

  TEMPERATURE IN F:       :PCPN:    SNOW:  WIND      :SUNSHINE: SKY     :PK WND
================================================================================
1   2   3   4   5  6A  6B    7    8   9   10  11  12  13   14  15   16   17  18
                                     12Z  AVG MX 2MIN
DY MAX MIN AVG DEP HDD CDD  WTR  SNW DPTH SPD SPD DIR MIN PSBL S-S WX    SPD DR
================================================================================

 1  54  45  50 -12  15   0    T  0.0    0  8.8 18  50   M    M   9 1      24  40
 2  67  50  59  -3   6   0 0.00  0.0    0  8.1 20  60   M    M   7        25  50
 3  75  45  60  -3   5   0 0.00  0.0    0  7.6 15 100   M    M   1        22  70
 4  76  54  65   2   0   0 0.00  0.0    0  6.3 14 210   M    M   5        17 210
 5  78  62  70   7   0   5 0.00  0.0    0  9.5 20 310   M    M   8        25 310
 6  67  50  59  -5   6   0 0.00  0.0    0 11.8 22  30   M    M   5        29  30
 7  81  46  64   0   1   0 0.08  0.0    0  9.5 20 230   M    M   5 3      25 230
 8  75  62  69   5   0   4 0.23  0.0    0 13.7 26 210   M    M  10 13     36 250
 9  66  56  61  -4   4   0 0.53  0.0    0 10.5 18 230   M    M   9 123    24 230
10  83  54  69   4   0   4 0.01  0.0    0 13.7 30 210   M    M   4 13     41 200
11  73  61  67   2   0   2 0.00  0.0    0  7.7 16 230   M    M   8        20 240
12  84  59  72   6   0   7 0.80  0.0    0  9.9 33 280   M    M   8 138    47 280
13  77  59  68   2   0   3    T  0.0    0  6.6 13  60   M    M   8 1      16  60
14  78  65  72   6   0   7 0.57  0.0    0  7.2 15 240   M    M   9 1      19 230
15  74  64  69   3   0   4 0.01  0.0    0  8.7 15 240   M    M   9 128    19 240
16  77  63  70   3   0   5 0.25  0.0    0  9.9 20 250   M    M   6 12     28 250
17  75  59  67   0   0   2 0.00  0.0    0  6.7 13 130   M    M   8        17  80
18  78  63  71   4   0   6 0.02  0.0    0  8.6 18 240   M    M   8 13     24 220
19  69  57  63  -4   2   0    T  0.0    0  7.3 17  20   M    M   8 1      22  40
20  77  54  66  -2   0   1 0.03  0.0    0  4.8 18 210   M    M   7 1      21 200
21  74  63  69   1   0   4 0.11  0.0    0 12.0 28 240   M    M   5 18     36 250
22  80  63  72   4   0   7 0.02  0.0    0  8.9 25 210   M    M   6 18     34 210
23  78  61  70   2   0   5 0.46  0.0    0 16.2 29 260   M    M   6 38     41 270
24  72  58  65  -4   0   0 0.00  0.0    0  9.4 17 230   M    M   2        21 230
25  80  58  69   0   0   4 0.00  0.0    0  6.7 16  30   M    M   7        19  30
26  75  58  67  -2   0   2 0.00  0.0    0  9.4 18  30   M    M   6        22  30
27  64  56  60  -9   5   0 1.72  0.0    0 12.6 24  90   M    M  10 13     32 100
28  61  56  59 -11   6   0 0.13  0.0    0  9.1 15  60   M    M   9 1      19  50
29  73  58  66  -4   0   1    T  0.0    0  8.2 15 230   M    M   7 1      20 240
30  73  62  68  -2   0   3 0.06  0.0    0  7.3 16 250   M    M   9 1      20 250
================================================================================
SM 2214 1721        50  76  5.03     0.0 276.7          M      209
================================================================================
AV 73.8 57.4                               9.2 FASTST   M    M   7    MAX(MPH)
                                 MISC ---->  # 33 280               # 47  280
================================================================================
NOTES:
# LAST OF SEVERAL OCCURRENCES

COLUMN 17 PEAK WIND IN M.P.H.

PRELIMINARY LOCAL CLIMATOLOGICAL DATA (WS FORM: F-6) , PAGE 2

                                          STATION:  BUFFALO NY
                                          MONTH:    JUNE
                                          YEAR:     2015
                                          LATITUDE:   42 55 N
                                          LONGITUDE:  78 44 W

[TEMPERATURE DATA]      [PRECIPITATION DATA]       SYMBOLS USED IN COLUMN 16

AVERAGE MONTHLY: 65.6   TOTAL FOR MONTH:   5.03    1 = FOG OR MIST
DPTR FM NORMAL:  -0.7   DPTR FM NORMAL:    1.37    2 = FOG REDUCING VISIBILITY
HIGHEST:    84 ON 12    GRTST 24HR  2.24 ON 31- 1      TO 1/4 MILE OR LESS
LOWEST:     45 ON  3, 1                            3 = THUNDER
                        SNOW, ICE PELLETS, HAIL    4 = ICE PELLETS
                        TOTAL MONTH:   0.0 INCH    5 = HAIL
                        GRTST 24HR     0.0         6 = FREEZING RAIN OR DRIZZLE
                        GRTST DEPTH:   0           7 = DUSTSTORM OR SANDSTORM:
                                                       VSBY 1/2 MILE OR LESS
                                                   8 = SMOKE OR HAZE
[NO. OF DAYS WITH]      [WEATHER - DAYS WITH]      9 = BLOWING SNOW
                                                   X = TORNADO
MAX 32 OR BELOW:   0    0.01 INCH OR MORE:  16
MAX 90 OR ABOVE:   0    0.10 INCH OR MORE:   9
MIN 32 OR BELOW:   0    0.50 INCH OR MORE:   4
MIN  0 OR BELOW:   0    1.00 INCH OR MORE:   1

[HDD (BASE 65) ]
TOTAL THIS MO.    50    CLEAR  (SCALE 0-3)   2
DPTR FM NORMAL   -14    PTCLDY (SCALE 4-7)  18
TOTAL FM JUL 1  7028    CLOUDY (SCALE 8-10) 10
DPTR FM NORMAL   411

[CDD (BASE 65) ]
TOTAL THIS MO.    76
DPTR FM NORMAL   -27    [PRESSURE DATA]
TOTAL FM JAN 1   167    HIGHEST SLP 30.23 ON  3
DPTR FM NORMAL    38    LOWEST  SLP 29.59 ON  9

[REMARKS]
#FINAL-06-15#
