000
CXUS53 KLMK 180800
CF6BWG
PRELIMINARY LOCAL CLIMATOLOGICAL DATA (WS FORM: F-6)

                                          STATION:   BOWLING GREEN KY
                                          MONTH:     SEPTEMBER
                                          YEAR:      2014
                                          LATITUDE:   36 58 N
                                          LONGITUDE:  86 26 W

  TEMPERATURE IN F:       :PCPN:    SNOW:  WIND      :SUNSHINE: SKY     :PK WND
================================================================================
1   2   3   4   5  6A  6B    7    8   9   10  11  12  13   14  15   16   17  18
                                     12Z  AVG MX 2MIN
DY MAX MIN AVG DEP HDD CDD  WTR  SNW DPTH SPD SPD DIR MIN PSBL S-S WX    SPD DR
================================================================================

 1  89  72  81   6   0  16 0.08  0.0    0  9.2 22 200   M    M   3        27 220
 2  88  72  80   5   0  15 0.03  0.0    0  7.4 18 220   M    M   4 38     23 220
 3  86  69  78   3   0  13 0.00  0.0    0  2.2  8  90   M    M   4 1      11 350
 4  88  67  78   4   0  13 0.00  0.0    0  3.4 12 160   M    M   3 12     15 190
 5  91  70  81   7   0  16 0.00  0.0    0  3.6 10 180   M    M   1 1      19 210
 6  86  70  78   4   0  13    T  0.0    0  4.9 13 330   M    M   3 1      18 320
 7  79  63  71  -2   0   6 0.02  0.0    0  6.6 14  60   M    M   8        17  40
 8  78  59  69  -4   0   4 0.00  0.0    0  2.3  9 160   M    M   3 1      12 140
 9  84  59  72  -1   0   7 0.00  0.0    0  2.3  9 110   M    M   3 12     11  80
10  86  74  80   8   0  15 0.00  0.0    0 13.5 23 180   M    M   3        29 210
11  81  65  73   1   0   8 0.01  0.0    0  6.8 13 300   M    M   8 1      18 220
12  66  61  64  -8   1   0 0.00  0.0    0  6.2 13  60   M    M  10        17  40
13  67  50  59 -12   6   0 0.00  0.0    0  5.0 13  40   M    M   7 8      17 340
14  76  48  62  -9   3   0 0.00  0.0    0  1.8 13  40   M    M   0        17  40
15  75  51  63  -7   2   0 0.00  0.0    0  3.2  9 200   M    M   2 1      12 200
16  75  56  66  -4   0   1    T  0.0    0  4.4  9  40   M    M   8 1      14 330
17  73  50  62  -8   3   0 0.00  0.0    0  2.0 10 290   M    M   4 1      15 290
================================================================================
SM 1368 1056        15 127  0.14     0.0  84.8          M       74
================================================================================
AV 80.5 62.1                               5.0 FASTST   M    M   4    MAX(MPH)
                                 MISC ---->  # 23 180               # 29  210
================================================================================
NOTES:
# LAST OF SEVERAL OCCURRENCES

COLUMN 17 PEAK WIND IN M.P.H.

PRELIMINARY LOCAL CLIMATOLOGICAL DATA (WS FORM: F-6) , PAGE 2

                                          STATION:  BOWLING GREEN KY
                                          MONTH:    SEPTEMBER
                                          YEAR:     2014
                                          LATITUDE:   36 58 N
                                          LONGITUDE:  86 26 W

[TEMPERATURE DATA]      [PRECIPITATION DATA]       SYMBOLS USED IN COLUMN 16

AVERAGE MONTHLY: 71.3   TOTAL FOR MONTH:   0.14    1 = FOG OR MIST
DPTR FM NORMAL:  -1.3   DPTR FM NORMAL:   -2.09    2 = FOG REDUCING VISIBILITY
HIGHEST:    91 ON  5    GRTST 24HR  1.07 ON 31- 1      TO 1/4 MILE OR LESS
LOWEST:     48 ON 14                               3 = THUNDER
                        SNOW, ICE PELLETS, HAIL    4 = ICE PELLETS
                        TOTAL MONTH:   0.0 INCH    5 = HAIL
                        GRTST 24HR     0.0         6 = FREEZING RAIN OR DRIZZLE
                        GRTST DEPTH:   0           7 = DUSTSTORM OR SANDSTORM:
                                                       VSBY 1/2 MILE OR LESS
                                                   8 = SMOKE OR HAZE
[NO. OF DAYS WITH]      [WEATHER - DAYS WITH]      9 = BLOWING SNOW
                                                   X = TORNADO
MAX 32 OR BELOW:   0    0.01 INCH OR MORE:   4
MAX 90 OR ABOVE:   1    0.10 INCH OR MORE:   0
MIN 32 OR BELOW:   0    0.50 INCH OR MORE:   0
MIN  0 OR BELOW:   0    1.00 INCH OR MORE:   0

[HDD (BASE 65) ]
TOTAL THIS MO.    15    CLEAR  (SCALE 0-3)   8
DPTR FM NORMAL    11    PTCLDY (SCALE 4-7)   6
TOTAL FM JUL 1    15    CLOUDY (SCALE 8-10)  3
DPTR FM NORMAL    10

[CDD (BASE 65) ]
TOTAL THIS MO.   127
DPTR FM NORMAL    -8    [PRESSURE DATA]
TOTAL FM JAN 1  1404    HIGHEST SLP M ON M
DPTR FM NORMAL     0    LOWEST  SLP 29.83 ON 10

[REMARKS]
