000
CXUS51 KLWX 300620
CF6BWI
PRELIMINARY LOCAL CLIMATOLOGICAL DATA (WS FORM: F-6)

                                          STATION:   BALTIMORE MD
                                          MONTH:     OCTOBER
                                          YEAR:      2014
                                          LATITUDE:   39 10 N
                                          LONGITUDE:  76 40 W

  TEMPERATURE IN F:       :PCPN:    SNOW:  WIND      :SUNSHINE: SKY     :PK WND
================================================================================
1   2   3   4   5  6A  6B    7    8   9   10  11  12  13   14  15   16   17  18
                                     12Z  AVG MX 2MIN
DY MAX MIN AVG DEP HDD CDD  WTR  SNW DPTH SPD SPD DIR MIN PSBL S-S WX    SPD DR
================================================================================

 1  74  60  67   5   0   2 0.00  0.0    0  3.7 10  40   M    M   6 1      15  40
 2  72  56  64   3   1   0 0.00  0.0    0  3.0 12 100   M    M   6 18     15  60
 3  70  56  63   2   2   0 0.12  0.0    0  6.3 16 140   M    M   8 1      21 140
 4  69  43  56  -4   9   0 0.08  0.0    0  9.4 22 290   M    M   7 1      28 290
 5  62  36  49 -11  16   0 0.00  0.0    0  4.0 21 280   M    M   3        26 280
 6  73  39  56  -4   9   0    T  0.0    0  6.1 16 150   M    M   4        22 140
 7  69  58  64   5   1   0 0.54  0.0    0  6.2 15 200   M    M   9 13     23 200
 8  76  52  64   5   1   0 0.00  0.0    0  6.9 18 270   M    M   4 18     24 280
 9  70  45  58   0   7   0    T  0.0    0  4.3  7 280   M    M   6         9 290
10  61  53  57  -1   8   0    T  0.0    0  5.4 13  70   M    M  10        16  20
11  57  52  55  -3  10   0 0.43  0.0    0  5.0 12 350   M    M  10 1      20 340
12  62  46  54  -3  11   0    T  0.0    0  4.0 12  60   M    M   7 1      17  30
13  64  58  61   4   4   0 0.04  0.0    0  2.7  9  90   M    M  10 12     12 110
14  78  63  71  14   0   6 0.00  0.0    0  9.0 22 150   M    M   8 12     33 130
15  76  61  69  13   0   4 1.23  0.0    0  7.6 17 160   M    M  10 123    26 150
16  64  57  61   5   4   0    T  0.0    0  4.0 10 240   M    M   9 18     14 240
17  72  51  62   6   3   0 0.00  0.0    0  5.9 15 210   M    M   4        21 210
18  72  50  61   6   4   0 0.00  0.0    0  9.4 24 290   M    M   5        33 290
19  59  38  49  -6  16   0 0.00  0.0    0  9.6 21 320   M    M   5        30 320
20  66  35  51  -4  14   0    T  0.0    0  3.8 17 200   M    M   7        24 210
21  70  46  58   4   7   0 0.72  0.0    0  4.1 21 250   M    M   6 13     26 250
22  55  52  54   0  11   0 0.95  0.0    0  9.9 18 320   M    M   9 1      26 330
23  63  52  58   4   7   0 0.00  0.0    0 10.9 24 330   M    M   8        32 330
24  68  48  58   5   7   0 0.00  0.0    0  9.6 22 290   M    M   4        28 290
25  71  43  57   4   8   0 0.00  0.0    0  6.2 18 250   M    M   2 8      28 280
26  69  42  56   3   9   0 0.00  0.0    0  9.5 24 290   M    M   1        32 280
27  71  39  55   3  10   0 0.00  0.0    0  2.2 10 200   M    M   2        17 320
28  80  47  64  12   1   0 0.00  0.0    0  3.2  9 210   M    M   7        15 220
29  69  44  57   5   8   0 0.05  0.0    0  3.6 21 320   M    M   7 1      25 320
================================================================================
SM 1982 1422       188  12  4.16     0.0 175.5          M      184
================================================================================
AV 68.3 49.0                               6.1 FASTST   M    M   6    MAX(MPH)
                                 MISC ---->  # 24 290               # 33  130
================================================================================
NOTES:
# LAST OF SEVERAL OCCURRENCES

COLUMN 17 PEAK WIND IN M.P.H.

PRELIMINARY LOCAL CLIMATOLOGICAL DATA (WS FORM: F-6) , PAGE 2

                                          STATION:  BALTIMORE MD
                                          MONTH:    OCTOBER
                                          YEAR:     2014
                                          LATITUDE:   39 10 N
                                          LONGITUDE:  76 40 W

[TEMPERATURE DATA]      [PRECIPITATION DATA]       SYMBOLS USED IN COLUMN 16

AVERAGE MONTHLY: 58.7   TOTAL FOR MONTH:   4.16    1 = FOG OR MIST
DPTR FM NORMAL:   2.2   DPTR FM NORMAL:    1.05    2 = FOG REDUCING VISIBILITY
HIGHEST:    80 ON 28    GRTST 24HR  1.67 ON 21-22      TO 1/4 MILE OR LESS
LOWEST:     35 ON 20                               3 = THUNDER
                        SNOW, ICE PELLETS, HAIL    4 = ICE PELLETS
                        TOTAL MONTH:   0.0 INCH    5 = HAIL
                        GRTST 24HR     0.0         6 = FREEZING RAIN OR DRIZZLE
                        GRTST DEPTH:   0           7 = DUSTSTORM OR SANDSTORM:
                                                       VSBY 1/2 MILE OR LESS
                                                   8 = SMOKE OR HAZE
[NO. OF DAYS WITH]      [WEATHER - DAYS WITH]      9 = BLOWING SNOW
                                                   X = TORNADO
MAX 32 OR BELOW:   0    0.01 INCH OR MORE:   9
MAX 90 OR ABOVE:   0    0.10 INCH OR MORE:   6
MIN 32 OR BELOW:   0    0.50 INCH OR MORE:   4
MIN  0 OR BELOW:   0    1.00 INCH OR MORE:   1

[HDD (BASE 65) ]
TOTAL THIS MO.   188    CLEAR  (SCALE 0-3)   4
DPTR FM NORMAL   -79    PTCLDY (SCALE 4-7)  15
TOTAL FM JUL 1   225    CLOUDY (SCALE 8-10) 10
DPTR FM NORMAL   -95

[CDD (BASE 65) ]
TOTAL THIS MO.    12
DPTR FM NORMAL    -3    [PRESSURE DATA]
TOTAL FM JAN 1  1084    HIGHEST SLP M ON M
DPTR FM NORMAL   -76    LOWEST  SLP 29.60 ON  4

[REMARKS]
