000
CXUS55 KRIW 010945
CF6BYG
PRELIMINARY LOCAL CLIMATOLOGICAL DATA (WS FORM: F-6)

                                          STATION:   BUFFALO WY
                                          MONTH:     APRIL
                                          YEAR:      2016
                                          LATITUDE:   44 22 N
                                          LONGITUDE: 106 43 W

  TEMPERATURE IN F:       :PCPN:    SNOW:  WIND      :SUNSHINE: SKY     :PK WND
================================================================================
1   2   3   4   5  6A  6B    7    8   9   10  11  12  13   14  15   16   17  18
                                     12Z  AVG MX 2MIN
DY MAX MIN AVG DEP HDD CDD  WTR  SNW DPTH SPD SPD DIR MIN PSBL S-S WX    SPD DR
================================================================================

 1  53  30  42   3  23   0 0.00  0.0    M 15.8 30 330   M    M   5        40 330
 2  66  36  51  12  14   0 0.00  0.0    M  6.7 14 350   M    M   0        22 340
 3  64  42  53  14  12   0 0.00  0.0    M 12.4 32 350   M    M   4        41 350
 4  71  37  54  14  11   0 0.00  0.0    M 10.7 39 350   M    M   0        50 350
 5  51  35  43   3  22   0    T    M    M 23.9 47 330   M    M   4 8      58 320
 6  64  30  47   7  18   0    T    M    M 16.3 41 340   M    M   1        53 330
 7  58  37  48   8  17   0 0.00  0.0    M 12.7 28 350   M    M   4        37 350
 8  68  33  51  10  14   0 0.00  0.0    M  7.9 21 130   M    M   0        26 130
 9  77  43  60  19   5   0 0.00  0.0    M 11.9 26 360   M    M   0        36 350
10  47  39  43   2  22   0    T    M    M  9.7 21 340   M    M   9        27 330
11  62  30  46   4  19   0 0.00  0.0    M  4.8 14 160   M    M   1        18 140
12  71  42  57  15   8   0    T    M    M  7.1 22 360   M    M   2        26 340
13  71  46  59  17   6   0    T    M    M  9.5 30 340   M    M   2        42 330
14  70  42  56  13   9   0    T    M    M 15.1 37 250   M    M   3        48 250
15  56  31  44   1  21   0 0.00  0.0    M 13.4 33 340   M    M   5        41 350
16   M   M   M   M   M   M    T    M    M 22.4 30 340   M    M   5        45 330
17  42  33  38  -6  27   0 0.01    M    M 19.8 32  70   M    M   8 1      38 330
18  39  33  36  -8  29   0 0.37    M    M 18.4 32 350   M    M  10 1      39 350
19  42  33  38  -6  27   0 0.22    M    M  7.0 23 360   M    M  10 12     35 350
20  60  34  47   2  18   0 0.00  0.0    M  9.5 21 360   M    M   2        27 340
21  71  39  55  10  10   0 0.00  0.0    M 11.4 22 150   M    M   0        30 120
22  80  52  66  21   0   1 0.00  0.0    M  8.7 22 260   M    M   0        28 260
23  74  46  60  14   5   0 0.05    M    M 13.7 29 340   M    M   3 3      41 330
24  47  33  40  -6  25   0 1.42    M    M 21.7 55 310   M    M  10 13     65 320
25  45  34  40  -6  25   0 0.01    M    M 10.0 23  10   M    M  10 1      29  10
26  35  32  34 -13  31   0 0.03    M    M 20.9 32  10   M    M  10 1      42 360
27  39  30  35 -12  30   0 0.04    M    M 16.5 25 350   M    M  10 1      35 350
28  37  29  33 -14  32   0 0.02    M    M  7.6 10 360   M    M  10 18     14 330
29   M   M   M   M   M   M    M    M    M   M   M   M   M    M   0         M  M
30   M   M   M   M   M   M    M    M    M   M   M   M   M    M   0         M  M
================================================================================
SM 1560  981       480   1  2.17     0.0 365.5          M      128
================================================================================
AV 57.8 36.3                              13.1 FASTST   M    M   4    MAX(MPH)
                                 MISC ---->  # 55 310               # 65  320
================================================================================
NOTES:
# LAST OF SEVERAL OCCURRENCES

COLUMN 17 PEAK WIND IN M.P.H.

PRELIMINARY LOCAL CLIMATOLOGICAL DATA (WS FORM: F-6) , PAGE 2

                                          STATION:  BUFFALO WY
                                          MONTH:    APRIL
                                          YEAR:     2016
                                          LATITUDE:   44 22 N
                                          LONGITUDE: 106 43 W

[TEMPERATURE DATA]      [PRECIPITATION DATA]       SYMBOLS USED IN COLUMN 16

AVERAGE MONTHLY: 47.1   TOTAL FOR MONTH:   2.17    1 = FOG OR MIST
DPTR FM NORMAL:   3.9   DPTR FM NORMAL:    0.87    2 = FOG REDUCING VISIBILITY
HIGHEST:    80 ON 22    GRTST 24HR  1.47 ON 23-24      TO 1/4 MILE OR LESS
LOWEST:     29 ON 28                               3 = THUNDER
                        SNOW, ICE PELLETS, HAIL    4 = ICE PELLETS
                        TOTAL MONTH:   0.0 INCH    5 = HAIL
                        GRTST 24HR     0.0         6 = FREEZING RAIN OR DRIZZLE
                        GRTST DEPTH:  M  ON   M    7 = DUSTSTORM OR SANDSTORM:
                                                       VSBY 1/2 MILE OR LESS
                                                   8 = SMOKE OR HAZE
[NO. OF DAYS WITH]      [WEATHER - DAYS WITH]      9 = BLOWING SNOW
                                                   X = TORNADO
MAX 32 OR BELOW:   0    0.01 INCH OR MORE:   9
MAX 90 OR ABOVE:   0    0.10 INCH OR MORE:   3
MIN 32 OR BELOW:   7    0.50 INCH OR MORE:   1
MIN  0 OR BELOW:   0    1.00 INCH OR MORE:   1

[HDD (BASE 65) ]
TOTAL THIS MO.   480    CLEAR  (SCALE 0-3)  15
DPTR FM NORMAL  -174    PTCLDY (SCALE 4-7)   7
TOTAL FM JUL 1  5545    CLOUDY (SCALE 8-10)  8
DPTR FM NORMAL -1299

[CDD (BASE 65) ]
TOTAL THIS MO.     1
DPTR FM NORMAL     1    [PRESSURE DATA]
TOTAL FM JAN 1     1    HIGHEST SLP 30.47 ON 17
DPTR FM NORMAL     1    LOWEST  SLP 29.37 ON 14

[REMARKS]
#FINAL-04-16#
