000
CXUS55 KRIW 300945
CF6BYG
PRELIMINARY LOCAL CLIMATOLOGICAL DATA (WS FORM: F-6)

                                          STATION:   BUFFALO WY
                                          MONTH:     JULY
                                          YEAR:      2015
                                          LATITUDE:   44 22 N
                                          LONGITUDE: 106 43 W

  TEMPERATURE IN F:       :PCPN:    SNOW:  WIND      :SUNSHINE: SKY     :PK WND
================================================================================
1   2   3   4   5  6A  6B    7    8   9   10  11  12  13   14  15   16   17  18
                                     12Z  AVG MX 2MIN
DY MAX MIN AVG DEP HDD CDD  WTR  SNW DPTH SPD SPD DIR MIN PSBL S-S WX    SPD DR
================================================================================

 1  86  59  73   6   0   8 0.07  0.0    0  7.3 21  20   M    M   2 3      26  20
 2  78  57  68   0   0   3    T  0.0    0  8.0 14 360   M    M   4 3      21  10
 3  86  56  71   3   0   6    T  0.0    0  4.9 13 190   M    M   1        16 200
 4  91  62  77   9   0  12 0.00  0.0    0  6.1 13 100   M    M   0        25  50
 5  78  53  66  -3   0   1 0.43  0.0    0 15.4 39 330   M    M   7 18     49 340
 6  64  51  58 -11   7   0 0.02  0.0    0  6.0 12 330   M    M   7 128    14 330
 7  73  50  62  -7   3   0 0.04  0.0    0  5.9 22 320   M    M   2 1      28 340
 8  65  53  59 -11   6   0 0.06  0.0    0  8.3 22 330   M    M   7 1      31 320
 9  81  52  67  -3   0   2    T  0.0    0  9.1 21 150   M    M   1 3      26 130
10  85  54  70   0   0   5    T  0.0    0  6.9 20 250   M    M   1 3      26 260
11  86  53  70   0   0   5 0.00  0.0    0  7.9 22 240   M    M   0        26 260
12  89  56  73   2   0   8    T  0.0    0  7.2 29 350   M    M   0        36 350
13  88  57  73   2   0   8 0.01  0.0    0  7.8 16 280   M    M   0 3      21 360
14  87  57  72   1   0   7    T  0.0    0  8.2 30 260   M    M   1 3      40 260
15  80  57  69  -2   0   4 0.02  0.0    0  7.2 24 340   M    M   3 3      31 360
16  85  53  69  -2   0   4    T  0.0    0  7.8 36 350   M    M   1        48 350
17  69  54  62 -10   3   0    T  0.0    0  9.2 28 330   M    M   6        37 320
18  71  53  62 -10   3   0    T  0.0    0  9.1 24 350   M    M   4        31 350
19  80  49  65  -7   0   0 0.02  0.0    0 10.2 24 360   M    M   1 38     34 360
20  86  61  74   2   0   9 0.00  0.0    0  6.4 16 300   M    M   6        19 210
21  87  58  73   1   0   8    T  0.0    0  6.9 28 280   M    M   1 3      36 270
22  92  56  74   2   0   9    T  0.0    0  7.7 28 330   M    M   0        36 330
23  82  60  71  -1   0   6 0.00  0.0    0  8.9 26 330   M    M   2        33 350
24  87  55  71  -1   0   6 0.08  0.0    0  7.6 29 290   M    M   1 3      35 280
25  87  56  72   0   0   7 0.00  0.0    0  6.8 15 360   M    M   1        19 350
26  94  61  78   6   0  13 0.00  0.0    0  7.0 16 160   M    M   0        23  80
27  78  49  64  -8   1   0 0.02  0.0    0 10.0 35 330   M    M   0 38     48 330
28  71  45  58 -14   7   0 0.00  0.0    0 10.8 25 360   M    M   1        37 360
29  81  48  65  -7   0   0 0.00  0.0    0  7.9 15 160   M    M   0        18 130
================================================================================
SM 2367 1585        30 131  0.77     0.0 232.5          M       60
================================================================================
AV 81.6 54.7                               8.0 FASTST   M    M   2    MAX(MPH)
                                 MISC ---->  # 39 330               # 49  340
================================================================================
NOTES:
# LAST OF SEVERAL OCCURRENCES

COLUMN 17 PEAK WIND IN M.P.H.

PRELIMINARY LOCAL CLIMATOLOGICAL DATA (WS FORM: F-6) , PAGE 2

                                          STATION:  BUFFALO WY
                                          MONTH:    JULY
                                          YEAR:     2015
                                          LATITUDE:   44 22 N
                                          LONGITUDE: 106 43 W

[TEMPERATURE DATA]      [PRECIPITATION DATA]       SYMBOLS USED IN COLUMN 16

AVERAGE MONTHLY: 68.1   TOTAL FOR MONTH:   0.77    1 = FOG OR MIST
DPTR FM NORMAL:  -2.5   DPTR FM NORMAL:   -0.78    2 = FOG REDUCING VISIBILITY
HIGHEST:    94 ON 26    GRTST 24HR  0.45 ON  5- 6      TO 1/4 MILE OR LESS
LOWEST:     45 ON 28                               3 = THUNDER
                        SNOW, ICE PELLETS, HAIL    4 = ICE PELLETS
                        TOTAL MONTH:   0.0 INCH    5 = HAIL
                        GRTST 24HR     0.0         6 = FREEZING RAIN OR DRIZZLE
                        GRTST DEPTH:   0           7 = DUSTSTORM OR SANDSTORM:
                                                       VSBY 1/2 MILE OR LESS
                                                   8 = SMOKE OR HAZE
[NO. OF DAYS WITH]      [WEATHER - DAYS WITH]      9 = BLOWING SNOW
                                                   X = TORNADO
MAX 32 OR BELOW:   0    0.01 INCH OR MORE:  10
MAX 90 OR ABOVE:   3    0.10 INCH OR MORE:   1
MIN 32 OR BELOW:   0    0.50 INCH OR MORE:   0
MIN  0 OR BELOW:   0    1.00 INCH OR MORE:   0

[HDD (BASE 65) ]
TOTAL THIS MO.    30    CLEAR  (SCALE 0-3)  22
DPTR FM NORMAL    -2    PTCLDY (SCALE 4-7)   7
TOTAL FM JUL 1    30    CLOUDY (SCALE 8-10)  0
DPTR FM NORMAL    -2

[CDD (BASE 65) ]
TOTAL THIS MO.   131
DPTR FM NORMAL   -59    [PRESSURE DATA]
TOTAL FM JAN 1   201    HIGHEST SLP M ON M
DPTR FM NORMAL   -47    LOWEST  SLP 29.63 ON 27

[REMARKS]
