000
CXUS56 KTFX 011205
CF6BZN
PRELIMINARY LOCAL CLIMATOLOGICAL DATA (WS FORM: F-6)

                                          STATION:   BOZEMAN/GALLATIN FIELD MT
                                          MONTH:     SEPTEMBER
                                          YEAR:      2016
                                          LATITUDE:   45 46 N
                                          LONGITUDE: 111  9 W

  TEMPERATURE IN F:       :PCPN:    SNOW:  WIND      :SUNSHINE: SKY     :PK WND
================================================================================
1   2   3   4   5  6A  6B    7    8   9   10  11  12  13   14  15   16   17  18
                                     12Z  AVG MX 2MIN
DY MAX MIN AVG DEP HDD CDD  WTR  SNW DPTH SPD SPD DIR MIN PSBL S-S WX    SPD DR
================================================================================

 1  91  55  73   9   0   8    T  0.0    0  8.5 30 270   M    M   2 38     37 250
 2  82  51  67   4   0   2 0.00  0.0    0  8.3 18 320   M    M   2        22 310
 3  69  50  60  -3   5   0 0.10  0.0    0  5.3 17 270   M    M   7 1      24 280
 4  51  46  49 -13  16   0 0.44  0.0    0  6.4 16 340   M    M  10 1      18 340
 5  56  39  48 -14  17   0 0.06  0.0    0  5.7 13 310   M    M   7 1      16 300
 6  72  35  54  -8  11   0    T  0.0    0  4.1 16  30   M    M   3        19  30
 7  69  45  57  -4   8   0    T  0.0    0  5.7 17 300   M    M   4        22 300
 8  73  40  57  -4   8   0    T  0.0    0  8.7 30 290   M    M   5        39 300
 9  65  37  51  -9  14   0 0.00  0.0    0  4.8 13 150   M    M   3        14 150
10  80  33  57  -3   8   0 0.00  0.0    0  5.0 18 250   M    M   0        23 250
11  74  41  58  -2   7   0 0.06  0.0    0  9.9 30 350   M    M   4        36 360
12  47  40  44 -15  21   0 0.07  0.0    0  4.2 15 200   M    M  10 1      17 210
13  57  38  48 -11  17   0 0.00  0.0    0  3.8 14 150   M    M   5        18 140
14  49  36  43 -15  22   0 0.02  0.0    0  2.4  8  40   M    M   6 1      11 250
15  68  42  55  -3  10   0 0.00  0.0    0  3.7 13 150   M    M   3 12     14 150
16  74  36  55  -3  10   0 0.00  0.0    0  5.4 14 160   M    M   1        16 160
17  75  38  57   0   8   0    T  0.0    0 11.9 26 230   M    M   5        38 250
18  74  52  63   6   2   0    T  0.0    0 11.1 25 280   M    M   6        33 280
19  78  41  60   4   5   0    T  0.0    0  5.4 13 310   M    M   2        18 300
20  68  44  56   0   9   0 0.01  0.0    0  5.8 21 340   M    M   4 3      25 340
21  53  40  47  -9  18   0 0.06  0.0    0  3.4 15 310   M    M   8 1      18 310
22  55  47  51  -4  14   0 0.26  0.0    0  4.4 10 350   M    M  10 1      12 360
23  56  47  52  -3  13   0 0.02  0.0    0  5.9 15 290   M    M  10 1      17 300
24  62  37  50  -4  15   0 0.00  0.0    0  7.8 23 290   M    M   7 8      32 320
25  68  31  50  -4  15   0 0.00  0.0    0  4.5 12 110   M    M   0        12 110
26  76  36  56   3   9   0 0.00  0.0    0  3.9 12 140   M    M   0        13 160
27  81  37  59   6   6   0 0.00  0.0    0  3.2 14 170   M    M   0 8      16 160
28  73  40  57   4   8   0 0.00  0.0    0  3.8 10 130   M    M   0        13 300
29  79  39  59   7   6   0 0.00  0.0    0  4.3 14 160   M    M   1        16 140
30  78  41  60   8   5   0 0.00  0.0    0  4.9 18 140   M    M   1        20 140
================================================================================
SM 2053 1234       307  10  1.10     0.0 172.2          M      126
================================================================================
AV 68.4 41.1                               5.7 FASTST   M    M   4    MAX(MPH)
                                 MISC ---->  # 30 270               # 39  300
================================================================================
NOTES:
# LAST OF SEVERAL OCCURRENCES

COLUMN 17 PEAK WIND IN M.P.H.

PRELIMINARY LOCAL CLIMATOLOGICAL DATA (WS FORM: F-6) , PAGE 2

                                          STATION:  BOZEMAN/GALLATIN FIELD MT
                                          MONTH:    SEPTEMBER
                                          YEAR:     2016
                                          LATITUDE:   45 46 N
                                          LONGITUDE: 111  9 W

[TEMPERATURE DATA]      [PRECIPITATION DATA]       SYMBOLS USED IN COLUMN 16

AVERAGE MONTHLY: 54.8   TOTAL FOR MONTH:   1.10    1 = FOG OR MIST
DPTR FM NORMAL:  -3.0   DPTR FM NORMAL:   -0.01    2 = FOG REDUCING VISIBILITY
HIGHEST:    91 ON  1    GRTST 24HR  0.47 ON  3- 4      TO 1/4 MILE OR LESS
LOWEST:     31 ON 25                               3 = THUNDER
                        SNOW, ICE PELLETS, HAIL    4 = ICE PELLETS
                        TOTAL MONTH:   0.0 INCH    5 = HAIL
                        GRTST 24HR     0.0         6 = FREEZING RAIN OR DRIZZLE
                        GRTST DEPTH:   0           7 = DUSTSTORM OR SANDSTORM:
                                                       VSBY 1/2 MILE OR LESS
                                                   8 = SMOKE OR HAZE
[NO. OF DAYS WITH]      [WEATHER - DAYS WITH]      9 = BLOWING SNOW
                                                   X = TORNADO
MAX 32 OR BELOW:   0    0.01 INCH OR MORE:  10
MAX 90 OR ABOVE:   1    0.10 INCH OR MORE:   3
MIN 32 OR BELOW:   1    0.50 INCH OR MORE:   0
MIN  0 OR BELOW:   0    1.00 INCH OR MORE:   0

[HDD (BASE 65) ]
TOTAL THIS MO.   307    CLEAR  (SCALE 0-3)  13
DPTR FM NORMAL    69    PTCLDY (SCALE 4-7)  13
TOTAL FM JUL 1   416    CLOUDY (SCALE 8-10)  4
DPTR FM NORMAL   111

[CDD (BASE 65) ]
TOTAL THIS MO.    10
DPTR FM NORMAL   -12    [PRESSURE DATA]
TOTAL FM JAN 1   232    HIGHEST SLP 30.52 ON 25
DPTR FM NORMAL  -136    LOWEST  SLP 29.67 ON  2

[REMARKS]
#FINAL-09-16#
