000
CXUS56 KTFX 161205
CF6BZN
PRELIMINARY LOCAL CLIMATOLOGICAL DATA (WS FORM: F-6)

                                          STATION:   BOZEMAN/GALLATIN FIELD MT
                                          MONTH:     APRIL
                                          YEAR:      2014
                                          LATITUDE:   45 46 N
                                          LONGITUDE: 111  9 W

  TEMPERATURE IN F:       :PCPN:    SNOW:  WIND      :SUNSHINE: SKY     :PK WND
================================================================================
1   2   3   4   5  6A  6B    7    8   9   10  11  12  13   14  15   16   17  18
                                     12Z  AVG MX 2MIN
DY MAX MIN AVG DEP HDD CDD  WTR  SNW DPTH SPD SPD DIR MIN PSBL S-S WX    SPD DR
================================================================================

 1  50  22  36  -6  29   0 0.00  0.0    0  5.2 17  70   M    M   1        21  70
 2  45  24  35  -7  30   0    T    T    0  3.5 16 230   M    M   7 18     20 220
 3  50  20  35  -7  30   0 0.00  0.0    0  5.9 14 180   M    M   2        19 170
 4  54  22  38  -4  27   0 0.02  0.0    0 11.3 26 240   M    M   3 1      33 230
 5  54  27  41  -1  24   0 0.02  0.0    0  7.8 25 280   M    M   5 1      31 280
 6  54  27  41  -2  24   0    T    T    0 13.0 33 310   M    M   6        40 310
 7  62  29  46   3  19   0 0.00  0.0    0  8.2 24 280   M    M   7        30 270
 8  72  25  49   6  16   0 0.00  0.0    0  7.4 24 230   M    M   0        33 220
 9  64  29  47   4  18   0 0.00  0.0    0 12.1 38 300   M    M   6        46 300
10  60  27  44   0  21   0 0.00  0.0    0  7.4 21 290   M    M   1        25 290
11  67  25  46   2  19   0 0.00  0.0    0  8.9 28 300   M    M   1        34 300
12  55  28  42  -2  23   0    T    T    0  9.8 29 350   M    M   7 1      33 350
13  43  17  30 -14  35   0    T  0.3    T  8.7 23 330   M    M   6 1      28 350
14  58  11  35 -10  30   0 0.00  0.0    0  5.5 16 220   M    M   0        22 230
15  53  35  44  -1  21   0 0.02  0.0    0  7.0 29 280   M    M   8        37 300
================================================================================
SM  841  368       366   0  0.06     0.3 121.7          M       60
================================================================================
AV 56.1 24.5                               8.1 FASTST   M    M   4    MAX(MPH)
                                 MISC ---->  # 38 300               # 46  300
================================================================================
NOTES:
# LAST OF SEVERAL OCCURRENCES

COLUMN 17 PEAK WIND IN M.P.H.

PRELIMINARY LOCAL CLIMATOLOGICAL DATA (WS FORM: F-6) , PAGE 2

                                          STATION:  BOZEMAN/GALLATIN FIELD MT
                                          MONTH:    APRIL
                                          YEAR:     2014
                                          LATITUDE:   45 46 N
                                          LONGITUDE: 111  9 W

[TEMPERATURE DATA]      [PRECIPITATION DATA]       SYMBOLS USED IN COLUMN 16

AVERAGE MONTHLY: 40.3   TOTAL FOR MONTH:   0.06    1 = FOG OR MIST
DPTR FM NORMAL:  -2.9   DPTR FM NORMAL:   -0.68    2 = FOG REDUCING VISIBILITY
HIGHEST:    72 ON  8    GRTST 24HR  0.04 ON  4- 5      TO 1/4 MILE OR LESS
LOWEST:     11 ON 14                               3 = THUNDER
                        SNOW, ICE PELLETS, HAIL    4 = ICE PELLETS
                        TOTAL MONTH:   0.3 INCH    5 = HAIL
                        GRTST 24HR   0.3 ON   M    6 = FREEZING RAIN OR DRIZZLE
                        GRTST DEPTH:   T           7 = DUSTSTORM OR SANDSTORM:
                                                       VSBY 1/2 MILE OR LESS
                                                   8 = SMOKE OR HAZE
[NO. OF DAYS WITH]      [WEATHER - DAYS WITH]      9 = BLOWING SNOW
                                                   X = TORNADO
MAX 32 OR BELOW:   0    0.01 INCH OR MORE:   3
MAX 90 OR ABOVE:   0    0.10 INCH OR MORE:   0
MIN 32 OR BELOW:  14    0.50 INCH OR MORE:   0
MIN  0 OR BELOW:   0    1.00 INCH OR MORE:   0

[HDD (BASE 65) ]
TOTAL THIS MO.   366    CLEAR  (SCALE 0-3)   7
DPTR FM NORMAL    38    PTCLDY (SCALE 4-7)   8
TOTAL FM JUL 1  7352    CLOUDY (SCALE 8-10)  0
DPTR FM NORMAL   560

[CDD (BASE 65) ]
TOTAL THIS MO.     0
DPTR FM NORMAL     0    [PRESSURE DATA]
TOTAL FM JAN 1     0    HIGHEST SLP M ON M
DPTR FM NORMAL     0    LOWEST  SLP 29.67 ON 15

[REMARKS]
