000
CXUS55 KCAE 291400
CF6CAE
PRELIMINARY LOCAL CLIMATOLOGICAL DATA (WS FORM: F-6)

                                          STATION:   COLUMBIA METRO AIRPORT SC
                                          MONTH:     JULY
                                          YEAR:      2016
                                          LATITUDE:   33 57 N
                                          LONGITUDE:  81  7 W

  TEMPERATURE IN F:       :PCPN:    SNOW:  WIND      :SUNSHINE: SKY     :PK WND
================================================================================
1   2   3   4   5  6A  6B    7    8   9   10  11  12  13   14  15   16   17  18
                                     12Z  AVG MX 2MIN
DY MAX MIN AVG DEP HDD CDD  WTR  SNW DPTH SPD SPD DIR MIN PSBL S-S WX    SPD DR
================================================================================

 1  94  73  84   2   0  19 0.05  0.0    0  4.3 15  90   M    M   6        20 100
 2  99  75  87   5   0  22 0.00  0.0    0  6.1 15 180   M    M   3        19 190
 3 104  77  91   9   0  26 0.00  0.0    0  6.5 20 190   M    M   4        27 250
 4 101  78  90   8   0  25    T  0.0    0  8.5 24 230   M    M   3        31 240
 5 103  77  90   8   0  25 0.06  0.0    0 11.3 36 280   M    M   3 38     46 280
 6 100  76  88   6   0  23 0.13  0.0    0 10.0 33 280   M    M   4 138    41 280
 7 100  74  87   5   0  22 0.02  0.0    0 10.6 25 310   M    M   4        39 320
 8 104  76  90   8   0  25    T  0.0    0  9.5 29 300   M    M   5        37 290
 9 102  75  89   7   0  24 0.00  0.0    0  8.8 20 270   M    M   4        26 320
10  99  76  88   6   0  23 0.04  0.0    0  5.4 22 190   M    M   5 3      26 180
11 101  74  88   6   0  23    T  0.0    0  5.4 20 260   M    M   4 18     25 250
12 101  74  88   6   0  23 0.00  0.0    0  6.0 16 280   M    M   3 8      21 250
13 101  75  88   6   0  23 0.06  0.0    0  5.1 16 170   M    M   4        21 180
14  99  74  87   5   0  22 0.59  0.0    0  6.6 33 300   M    M   4 38     45 290
15  98  75  87   5   0  22 0.04  0.0    0  7.0 23 190   M    M   4 3      27 190
16  92  73  83   1   0  18 0.54  0.0    0  5.2 18 280   M    M   8 13     23 270
17  94  72  83   1   0  18    T  0.0    0  3.1 25 170   M    M   6 13     31 180
18  96  72  84   2   0  19    T  0.0    0  5.0 16 240   M    M   6 12     21 240
19  97  74  86   4   0  21    T  0.0    0  5.1 25 150   M    M   3 3      32 140
20  99  74  87   5   0  22 0.00  0.0    0  7.3 16 110   M    M   3        20 110
21  92  74  83   1   0  18    T  0.0    0  5.9 26 280   M    M   7        31 280
22  97  73  85   3   0  20 0.00  0.0    0  4.4 14 180   M    M   5        18 230
23 100  76  88   6   0  23    T  0.0    0  4.7 16 180   M    M   3 3      20 170
24  98  74  86   4   0  21 0.23  0.0    0  3.8 18  70   M    M   4        24  70
25  98  78  88   6   0  23 0.00  0.0    0  7.6 16 170   M    M   3        26 170
26 102  77  90   8   0  25 0.00  0.0    0  6.2 17 190   M    M   2        22 190
27 101  78  90   8   0  25 0.00  0.0    0  6.4 18 220   M    M   2        27 220
28 101  77  89   7   0  24 0.00  0.0    0  9.5 23 210   M    M   2        30 210
================================================================================
SM 2773 2101         0 624  1.76     0.0 185.3          M      114
================================================================================
AV 99.0 75.0                               6.6 FASTST   M    M   4    MAX(MPH)
                                 MISC ---->  # 36 280               # 46  280
================================================================================
NOTES:
# LAST OF SEVERAL OCCURRENCES

COLUMN 17 PEAK WIND IN M.P.H.

PRELIMINARY LOCAL CLIMATOLOGICAL DATA (WS FORM: F-6) , PAGE 2

                                          STATION:  COLUMBIA METRO AIRPORT SC
                                          MONTH:    JULY
                                          YEAR:     2016
                                          LATITUDE:   33 57 N
                                          LONGITUDE:  81  7 W

[TEMPERATURE DATA]      [PRECIPITATION DATA]       SYMBOLS USED IN COLUMN 16

AVERAGE MONTHLY: 87.0   TOTAL FOR MONTH:   1.76    1 = FOG OR MIST
DPTR FM NORMAL:   5.0   DPTR FM NORMAL:   -3.11    2 = FOG REDUCING VISIBILITY
HIGHEST:   104 ON  8, 3 GRTST 24HR  0.65 ON 13-14      TO 1/4 MILE OR LESS
LOWEST:     72 ON 18,17                            3 = THUNDER
                        SNOW, ICE PELLETS, HAIL    4 = ICE PELLETS
                        TOTAL MONTH:   0.0 INCH    5 = HAIL
                        GRTST 24HR     0.0         6 = FREEZING RAIN OR DRIZZLE
                        GRTST DEPTH:   0           7 = DUSTSTORM OR SANDSTORM:
                                                       VSBY 1/2 MILE OR LESS
                                                   8 = SMOKE OR HAZE
[NO. OF DAYS WITH]      [WEATHER - DAYS WITH]      9 = BLOWING SNOW
                                                   X = TORNADO
MAX 32 OR BELOW:   0    0.01 INCH OR MORE:  10
MAX 90 OR ABOVE:  28    0.10 INCH OR MORE:   4
MIN 32 OR BELOW:   0    0.50 INCH OR MORE:   2
MIN  0 OR BELOW:   0    1.00 INCH OR MORE:   0

[HDD (BASE 65) ]
TOTAL THIS MO.     0    CLEAR  (SCALE 0-3)   8
DPTR FM NORMAL     0    PTCLDY (SCALE 4-7)  19
TOTAL FM JUL 1     0    CLOUDY (SCALE 8-10)  1
DPTR FM NORMAL     0

[CDD (BASE 65) ]
TOTAL THIS MO.   624
DPTR FM NORMAL   148    [PRESSURE DATA]
TOTAL FM JAN 1  1609    HIGHEST SLP M ON M
DPTR FM NORMAL   388    LOWEST  SLP 29.86 ON 28

[REMARKS]
