000
CXUS55 KCAE 271400
CF6CAE
PRELIMINARY LOCAL CLIMATOLOGICAL DATA (WS FORM: F-6)

                                          STATION:   COLUMBIA METRO AIRPORT SC
                                          MONTH:     APRIL
                                          YEAR:      2017
                                          LATITUDE:   33 57 N
                                          LONGITUDE:  81  7 W

  TEMPERATURE IN F:       :PCPN:    SNOW:  WIND      :SUNSHINE: SKY     :PK WND
================================================================================
1   2   3   4   5  6A  6B    7    8   9   10  11  12  13   14  15   16   17  18
                                     12Z  AVG MX 2MIN
DY MAX MIN AVG DEP HDD CDD  WTR  SNW DPTH SPD SPD DIR MIN PSBL S-S WX    SPD DR
================================================================================

 1  81  49  65   5   0   0 0.00  0.0    0  5.7 15 280   M    M   0        24 280
 2  81  54  68   8   0   3 0.00  0.0    0  8.1 16 120   M    M   1        21 130
 3  77  62  70  10   0   5 0.68  0.0    0 10.4 32 140   M    M   9 138    44 140
 4  87  61  74  14   0   9 0.00  0.0    0  8.2 21 270   M    M   3        26 220
 5  71  57  64   3   1   0 2.92  0.0    0  7.8 36 310   M    M   7 12358  68 300
 6  67  50  59  -2   6   0    T  0.0    0 20.5 37 270   M    M   5 3      45 250
 7  67  46  57  -4   8   0 0.00  0.0    0 15.1 29 280   M    M   1        36 260
 8  70  36  53  -8  12   0 0.00  0.0    0  1.8 10 310   M    M   2        14 290
 9  78  39  59  -3   6   0 0.00  0.0    0  3.7 12 160   M    M   3        15 180
10  81  47  64   2   1   0 0.00  0.0    0  3.9 16 160   M    M   4        22 160
11  84  54  69   7   0   4 0.00  0.0    0  4.1 12 170   M    M   2        15 170
12  84  56  70   8   0   5 0.00  0.0    0  3.7 12 230   M    M   5        16 230
13  83  57  70   7   0   5 0.00  0.0    0  3.1 14 150   M    M   3 8      18 150
14  84  59  72   9   0   7 0.00  0.0    0  2.9 14 130   M    M   3        17 130
15  84  58  71   8   0   6 0.00  0.0    0  5.5 15 190   M    M   4        24 210
16  85  60  73  10   0   8 0.00  0.0    0  6.8 17 200   M    M   5        22 260
17  87  59  73   9   0   8 0.00  0.0    0  5.4 15 210   M    M   3        19 210
18  81  64  73   9   0   8 0.01  0.0    0  6.2 15 100   M    M   7 3      19  80
19  81  65  73   9   0   8    T  0.0    0  5.5 13  90   M    M   7 8      15 100
20  86  61  74  10   0   9 0.00  0.0    0  3.0 13 280   M    M   3 18     17 270
21  90  65  78  13   0  13 0.00  0.0    0  7.5 17 200   M    M   2        20 200
22  88  66  77  12   0  12 0.00  0.0    0  8.5 21 220   M    M   4        28 220
23  74  61  68   3   0   3 1.68  0.0    0  8.6 20 250   M    M   9 13     25 230
24  64  58  61  -5   4   0 0.79  0.0    0  7.7 15  50   M    M  10 1      21  40
25  75  57  66   0   0   1 0.01  0.0    0  6.8 17 320   M    M   7 1      21 310
26  87  58  73   7   0   8 0.00  0.0    0  5.3 14 180   M    M   3        18 240
================================================================================
SM 2077 1459        38 122  6.09     0.0 175.8          M      112
================================================================================
AV 79.9 56.1                               6.8 FASTST   M    M   4    MAX(MPH)
                                 MISC ---->  # 37 270               # 68  300
================================================================================
NOTES:
# LAST OF SEVERAL OCCURRENCES

COLUMN 17 PEAK WIND IN M.P.H.

PRELIMINARY LOCAL CLIMATOLOGICAL DATA (WS FORM: F-6) , PAGE 2

                                          STATION:  COLUMBIA METRO AIRPORT SC
                                          MONTH:    APRIL
                                          YEAR:     2017
                                          LATITUDE:   33 57 N
                                          LONGITUDE:  81  7 W

[TEMPERATURE DATA]      [PRECIPITATION DATA]       SYMBOLS USED IN COLUMN 16

AVERAGE MONTHLY: 68.0   TOTAL FOR MONTH:   6.09    1 = FOG OR MIST
DPTR FM NORMAL:   5.2   DPTR FM NORMAL:    3.82    2 = FOG REDUCING VISIBILITY
HIGHEST:    90 ON 21    GRTST 24HR  2.92 ON  5- 5      TO 1/4 MILE OR LESS
LOWEST:     36 ON  8                               3 = THUNDER
                        SNOW, ICE PELLETS, HAIL    4 = ICE PELLETS
                        TOTAL MONTH:   0.0 INCH    5 = HAIL
                        GRTST 24HR     0.0         6 = FREEZING RAIN OR DRIZZLE
                        GRTST DEPTH:   0           7 = DUSTSTORM OR SANDSTORM:
                                                       VSBY 1/2 MILE OR LESS
                                                   8 = SMOKE OR HAZE
[NO. OF DAYS WITH]      [WEATHER - DAYS WITH]      9 = BLOWING SNOW
                                                   X = TORNADO
MAX 32 OR BELOW:   0    0.01 INCH OR MORE:   6
MAX 90 OR ABOVE:   1    0.10 INCH OR MORE:   4
MIN 32 OR BELOW:   0    0.50 INCH OR MORE:   4
MIN  0 OR BELOW:   0    1.00 INCH OR MORE:   2

[HDD (BASE 65) ]
TOTAL THIS MO.    38    CLEAR  (SCALE 0-3)  10
DPTR FM NORMAL   -76    PTCLDY (SCALE 4-7)  13
TOTAL FM JUL 1  1653    CLOUDY (SCALE 8-10)  3
DPTR FM NORMAL  -870

[CDD (BASE 65) ]
TOTAL THIS MO.   122
DPTR FM NORMAL    65    [PRESSURE DATA]
TOTAL FM JAN 1   189    HIGHEST SLP M ON M
DPTR FM NORMAL   110    LOWEST  SLP 29.59 ON  6

[REMARKS]
