000
CXUS55 KABQ 181000
CF6CAO
PRELIMINARY LOCAL CLIMATOLOGICAL DATA (WS FORM: F-6)

                                          STATION:   CLAYTON  NM
                                          MONTH:     SEPTEMBER
                                          YEAR:      2014
                                          LATITUDE:   36 27 N
                                          LONGITUDE: 103  9 W

  TEMPERATURE IN F:       :PCPN:    SNOW:  WIND      :SUNSHINE: SKY     :PK WND
================================================================================
1   2   3   4   5  6A  6B    7    8   9   10  11  12  13   14  15   16   17  18
                                     12Z  AVG MX 2MIN
DY MAX MIN AVG DEP HDD CDD  WTR  SNW DPTH SPD SPD DIR MIN PSBL S-S WX    SPD DR
================================================================================

 1  85  58  72   1   0   7 0.00  0.0    0  9.5 21 130   M    M   0        24 130
 2  82  61  72   1   0   7 0.01  0.0    0  8.8 13 140   M    M   3 12      M  M
 3  96  65  81  11   0  16 0.00  0.0    0 16.8 30 190   M    M   0        37 180
 4  91  62  77   7   0  12 0.75  0.0    0 16.8 31 170   M    M   2 13     38 170
 5  62  52  57 -13   8   0 1.07  0.0    0 14.2 25  10   M    M  10 1      30  20
 6  68  50  59 -11   6   0 0.01  0.0    0  8.1 18  20   M    M   8 1      22  20
 7  75  54  65  -4   0   0 0.00  0.0    0 13.4 25 200   M    M   4        31 210
 8  86  61  74   5   0   9 0.00  0.0    0 13.6 23 180   M    M   2        29 250
 9  89  61  75   7   0  10 0.00  0.0    0 13.4 26 200   M    M   1        32 190
10  75  56  66  -2   0   1 0.00  0.0    0 11.2 22  10   M    M   2        27  20
11  75  54  65  -3   0   0 0.34  0.0    0 12.8 25 130   M    M   6 13     31 150
12  55  40  48 -19  17   0 0.50  0.0    0 15.9 29  10   M    M   9 1      38  10
13  69  42  56 -11   9   0 0.00  0.0    0 16.2 29 200   M    M   4        35 200
14  79  51  65  -2   0   0 0.00  0.0    0 15.8 32 200   M    M   0        37 200
15  68  55  62  -4   3   0    T  0.0    0 12.6 25 360   M    M   7 1      32 350
16  80  52  66   0   0   1 0.00  0.0    0 13.5 24 200   M    M   2        29 190
17  80  58  69   4   0   4 0.00  0.0    0  9.8 17 200   M    M   0        20 220
================================================================================
SM 1315  932        43  67  2.68     0.0 222.4          M       60
================================================================================
AV 77.4 54.8                              13.1 FASTST   M    M   4    MAX(MPH)
                                 MISC ---->  # 32 200               # 38  170
================================================================================
NOTES:
# LAST OF SEVERAL OCCURRENCES

COLUMN 17 PEAK WIND IN M.P.H.

PRELIMINARY LOCAL CLIMATOLOGICAL DATA (WS FORM: F-6) , PAGE 2

                                          STATION:  CLAYTON  NM
                                          MONTH:    SEPTEMBER
                                          YEAR:     2014
                                          LATITUDE:   36 27 N
                                          LONGITUDE: 103  9 W

[TEMPERATURE DATA]      [PRECIPITATION DATA]       SYMBOLS USED IN COLUMN 16

AVERAGE MONTHLY: 66.1   TOTAL FOR MONTH:   2.68    1 = FOG OR MIST
DPTR FM NORMAL:  -2.3   DPTR FM NORMAL:    1.66    2 = FOG REDUCING VISIBILITY
HIGHEST:    96 ON  3    GRTST 24HR  1.70 ON  4- 5      TO 1/4 MILE OR LESS
LOWEST:     40 ON 12                               3 = THUNDER
                        SNOW, ICE PELLETS, HAIL    4 = ICE PELLETS
                        TOTAL MONTH:   0.0 INCH    5 = HAIL
                        GRTST 24HR     0.0         6 = FREEZING RAIN OR DRIZZLE
                        GRTST DEPTH:   0           7 = DUSTSTORM OR SANDSTORM:
                                                       VSBY 1/2 MILE OR LESS
                                                   8 = SMOKE OR HAZE
[NO. OF DAYS WITH]      [WEATHER - DAYS WITH]      9 = BLOWING SNOW
                                                   X = TORNADO
MAX 32 OR BELOW:   0    0.01 INCH OR MORE:   6
MAX 90 OR ABOVE:   2    0.10 INCH OR MORE:   4
MIN 32 OR BELOW:   0    0.50 INCH OR MORE:   3
MIN  0 OR BELOW:   0    1.00 INCH OR MORE:   1

[HDD (BASE 65) ]
TOTAL THIS MO.    43    CLEAR  (SCALE 0-3)   9
DPTR FM NORMAL    21    PTCLDY (SCALE 4-7)   6
TOTAL FM JUL 1    43    CLOUDY (SCALE 8-10)  2
DPTR FM NORMAL    15

[CDD (BASE 65) ]
TOTAL THIS MO.    67
DPTR FM NORMAL   -12    [PRESSURE DATA]
TOTAL FM JAN 1  1071    HIGHEST SLP M ON M
DPTR FM NORMAL   195    LOWEST  SLP 29.67 ON M

[REMARKS]
