000
CXUS51 KCAR 220600
CF6CAR
PRELIMINARY LOCAL CLIMATOLOGICAL DATA (WS FORM: F-6)

                                          STATION:   CARIBOU ME
                                          MONTH:     FEBRUARY
                                          YEAR:      2017
                                          LATITUDE:   46 52 N
                                          LONGITUDE:  68  1 W

  TEMPERATURE IN F:       :PCPN:    SNOW:  WIND      :SUNSHINE: SKY     :PK WND
================================================================================
1   2   3   4   5  6A  6B    7    8   9   10  11  12  13   14  15   16   17  18
                                     12Z  AVG MX 2MIN
DY MAX MIN AVG DEP HDD CDD  WTR  SNW DPTH SPD SPD DIR MIN PSBL S-S WX    SPD DR
================================================================================

 1  17 -13   2  -8  63   0 0.07  1.5   26  1.4  6  30   M    M   5 1       7  40
 2  23  -2  11   0  54   0 0.01  0.2   26  5.6 17 250   M    M   4 1      25 240
 3  13  -3   5  -6  60   0    T    T   26  5.1 12 250   M    M   6 1      15 230
 4  12 -14  -1 -12  66   0    T    T   25  3.5 15 310   M    M   5 1      21 300
 5  23  -4  10  -1  55   0 0.06  0.7   25  5.1 15 170   M    M  10 18     19 160
 6  21   0  11  -1  54   0    T    T   25 11.2 25 330   M    M   4 18     33 320
 7   9  -9   0 -12  65   0 0.07  0.4   25  4.3  9 110   M    M   3 1      12 300
 8  32   7  20   8  45   0 0.49  3.8   28  7.1 16 360   M    M   7 18     23 290
 9  15  -2   7  -5  58   0 0.19  2.0   27 11.1 18 330   M    M   7 8      26 350
10   6  -9  -1 -13  66   0 0.01  0.3   29 14.2 29 310   M    M   3 89     42 310
11   5 -16  -5 -18  70   0 0.01  0.2   28  1.7  7 300   M    M   4 8       8 270
12  15 -19  -2 -15  67   0 0.06  0.7   28  3.2 15 100   M    M   2 1      20 100
13  22  15  19   6  46   0 0.42  4.7   30 14.2 24  10   M    M  10 12     32  20
14  26   2  14   0  51   0 0.00  0.0   31  5.1 14 330   M    M   1        17 360
15  24  -5  10  -4  55   0 0.07  0.7   31  4.4  9  30   M    M   7 18     13 100
16  24  19  22   8  43   0    T  0.3   31 15.7 29 330   M    M   9 8      37 330
17  32  16  24   9  41   0 0.00  0.0   31 15.1 25 310   M    M   2        39 310
18  30  11  21   6  44   0    T    T   31  5.3 13 180   M    M   7        17 170
19  33  24  29  14  36   0 0.02  0.3   31  5.5 15 330   M    M  10 18     19 320
20  30  14  22   6  43   0    T    T   31 11.6 21 340   M    M   1 8      24 330
21  31   0  16   0  49   0 0.00  0.0   30  4.2 14 140   M    M   1 18     18 160
================================================================================
SM  443   12      1131   0  1.48    15.8 154.6          M      108
================================================================================
AV 21.1  0.6                               7.4 FASTST   M    M   5    MAX(MPH)
                                 MISC ---->  # 29 310               # 42  310
================================================================================
NOTES:
# LAST OF SEVERAL OCCURRENCES

COLUMN 17 PEAK WIND IN M.P.H.

PRELIMINARY LOCAL CLIMATOLOGICAL DATA (WS FORM: F-6) , PAGE 2

                                          STATION:  CARIBOU ME
                                          MONTH:    FEBRUARY
                                          YEAR:     2017
                                          LATITUDE:   46 52 N
                                          LONGITUDE:  68  1 W

[TEMPERATURE DATA]      [PRECIPITATION DATA]       SYMBOLS USED IN COLUMN 16

AVERAGE MONTHLY: 10.8   TOTAL FOR MONTH:   1.48    1 = FOG OR MIST
DPTR FM NORMAL:  -2.1   DPTR FM NORMAL:   -0.15    2 = FOG REDUCING VISIBILITY
HIGHEST:    33 ON 19    GRTST 24HR  0.56 ON  7- 8      TO 1/4 MILE OR LESS
LOWEST:    -19 ON 12                               3 = THUNDER
                        SNOW, ICE PELLETS, HAIL    4 = ICE PELLETS
                        TOTAL MONTH:  15.8 INCHES  5 = HAIL
                        GRTST 24HR   4.7 ON   M    6 = FREEZING RAIN OR DRIZZLE
                        GRTST DEPTH:  31 ON 20,19  7 = DUSTSTORM OR SANDSTORM:
                                                       VSBY 1/2 MILE OR LESS
                                                   8 = SMOKE OR HAZE
[NO. OF DAYS WITH]      [WEATHER - DAYS WITH]      9 = BLOWING SNOW
                                                   X = TORNADO
MAX 32 OR BELOW:  20    0.01 INCH OR MORE:  12
MAX 90 OR ABOVE:   0    0.10 INCH OR MORE:   3
MIN 32 OR BELOW:  21    0.50 INCH OR MORE:   0
MIN  0 OR BELOW:  13    1.00 INCH OR MORE:   0

[HDD (BASE 65) ]
TOTAL THIS MO.  1131    CLEAR  (SCALE 0-3)   6
DPTR FM NORMAL    39    PTCLDY (SCALE 4-7)  11
TOTAL FM JUL 1  5759    CLOUDY (SCALE 8-10)  4
DPTR FM NORMAL  -627

[CDD (BASE 65) ]
TOTAL THIS MO.     0
DPTR FM NORMAL     0    [PRESSURE DATA]
TOTAL FM JAN 1     0    HIGHEST SLP M ON M
DPTR FM NORMAL     0    LOWEST  SLP 29.21 ON 16

[REMARKS]
