000
CXUS55 KBOU 261109
CF6CCU
PRELIMINARY LOCAL CLIMATOLOGICAL DATA (WS FORM: F-6)

                                          STATION:   COPPER MTN CO
                                          MONTH:     JUNE
                                          YEAR:      2015
                                          LATITUDE:   39 28 N
                                          LONGITUDE: 106  9 W

  TEMPERATURE IN F:       :PCPN:    SNOW:  WIND      :SUNSHINE: SKY     :PK WND
================================================================================
1   2   3   4   5  6A  6B    7    8   9   10  11  12  13   14  15   16   17  18
                                     12Z  AVG MX 2MIN
DY MAX MIN AVG DEP HDD CDD  WTR  SNW DPTH SPD SPD DIR MIN PSBL S-S WX    SPD DR
================================================================================

 1  59  45  52   M  13   0    M    M    M 13.8 35 270   M    M   4 3      46 270
 2  55  45  50   M  15   0    M    M    M 13.6 23 180   M    M   0        30 240
 3  59  45  52   M  13   0    M    M    M 14.0 23 120   M    M   1 3      28 170
 4  61  45  53   M  12   0    M    M    M 12.0 23 170   M    M   0        28 170
 5  54  37  46   M  19   0    M    M    M 14.4 25 170   M    M   5 38     43 170
 6  46  37  42   M  23   0    M    M    M 14.4 23 180   M    M   5 38     29 260
 7  54  37  46   M  19   0    M    M    M 12.3 21 270   M    M   2 3      30 240
 8  61  41  51   M  14   0    M    M    M  7.6 20 260   M    M   2        22 250
 9  61  45  53   M  12   0    M    M    M 11.8 20 280   M    M   3        24 260
10  54  41  48   M  17   0    M    M    M 10.6 17 280   M    M   9 38     24 260
11  50  37  44   M  21   0    M    M    M  8.4 23 170   M    M   9 38     21 250
12   M   M   M   M   M   M    M    M    M   M   M   M   M    M   M 38      M  M
13  46  41  44   M  21   0    M    M    M  9.2 16 260   M    M   3        18 130
14  57  45  51   M  14   0    M    M    M  7.6 17 300   M    M   8        28 300
15  59  45  52   M  13   0    M    M    M 13.9 23 170   M    M   4 3      28 280
16  59  41  50   M  15   0    M    M    M 18.4 27 160   M    M   7 3      36 250
17  61  45  53   M  12   0    M    M    M 14.4 27 270   M    M   4        37 270
18  64  48  56   M   9   0    M    M    M 14.4 23 290   M    M   1        32 260
19  64  54  59   M   6   0    M    M    M 14.7 22 260   M    M   0        31 260
20  64  54  59   M   6   0    M    M    M 12.7 16 270   M    M   0        24 280
21  70  57  64   M   1   0    M    M    M 16.9 25 260   M    M   0        35 260
22  70  54  62   M   3   0    M    M    M 18.4 24 240   M    M   0        38 240
23  70  55  63   M   2   0    M    M    M 15.7 29 260   M    M   2        40 280
24  64  46  55   M  10   0    M    M    M 18.1 25 180   M    M   4 3      37 180
25  64  52  58   M   7   0    M    M    M 15.9 28 270   M    M   3 3      45 270
================================================================================
SM 1426 1092       297   0    M     M    323.2          M       76
================================================================================
AV 59.4 45.5                              13.5 FASTST   M    M   3    MAX(MPH)
                                 MISC ---->  # 35 270               # 46  270
================================================================================
NOTES:
# LAST OF SEVERAL OCCURRENCES

COLUMN 17 PEAK WIND IN M.P.H.

PRELIMINARY LOCAL CLIMATOLOGICAL DATA (WS FORM: F-6) , PAGE 2

                                          STATION:  COPPER MTN CO
                                          MONTH:    JUNE
                                          YEAR:     2015
                                          LATITUDE:   39 28 N
                                          LONGITUDE: 106  9 W

[TEMPERATURE DATA]      [PRECIPITATION DATA]       SYMBOLS USED IN COLUMN 16

AVERAGE MONTHLY: 52.5   TOTAL FOR MONTH:      M    1 = FOG OR MIST
DPTR FM NORMAL:     M   DPTR FM NORMAL:       M    2 = FOG REDUCING VISIBILITY
HIGHEST:    70 ON 23,22 GRTST 24HR    M  ON   M        TO 1/4 MILE OR LESS
LOWEST:     37 ON 11, 7                            3 = THUNDER
                        SNOW, ICE PELLETS, HAIL    4 = ICE PELLETS
                        TOTAL MONTH:    M          5 = HAIL
                        GRTST 24HR    M  ON   M    6 = FREEZING RAIN OR DRIZZLE
                        GRTST DEPTH:  M  ON   M    7 = DUSTSTORM OR SANDSTORM:
                                                       VSBY 1/2 MILE OR LESS
                                                   8 = SMOKE OR HAZE
[NO. OF DAYS WITH]      [WEATHER - DAYS WITH]      9 = BLOWING SNOW
                                                   X = TORNADO
MAX 32 OR BELOW:   0    0.01 INCH OR MORE:   0
MAX 90 OR ABOVE:   0    0.10 INCH OR MORE:   0
MIN 32 OR BELOW:   0    0.50 INCH OR MORE:   0
MIN  0 OR BELOW:   0    1.00 INCH OR MORE:   0

[HDD (BASE 65) ]
TOTAL THIS MO.   297    CLEAR  (SCALE 0-3)  12
DPTR FM NORMAL     M    PTCLDY (SCALE 4-7)  10
TOTAL FM JUL 1  9872    CLOUDY (SCALE 8-10)  2
DPTR FM NORMAL     M

[CDD (BASE 65) ]
TOTAL THIS MO.     0
DPTR FM NORMAL     M    [PRESSURE DATA]
TOTAL FM JAN 1     0    HIGHEST SLP M ON M
DPTR FM NORMAL     M    LOWEST  SLP M ON M

[REMARKS]
