851
CXUS55 KBOU 200900
CF6CCU
PRELIMINARY LOCAL CLIMATOLOGICAL DATA (WS FORM: F-6)

                                          STATION:   COPPER MTN/RED CLIFF
                                          MONTH:     NOVEMBER
                                          YEAR:      2017
                                          LATITUDE:   39 28 N
                                          LONGITUDE: 106  9 W

  TEMPERATURE IN F:       :PCPN:    SNOW:  WIND      :SUNSHINE: SKY     :PK WND
================================================================================
1   2   3   4   5  6A  6B    7    8   9   10  11  12  13   14  15   16   17  18
                                     12Z  AVG MX 2MIN
DY MAX MIN AVG DEP HDD CDD  WTR  SNW DPTH SPD SPD DIR MIN PSBL S-S WX    SPD DR
================================================================================

 1  41  28  35   M  30   0    M    M    M 29.0 38 290   M    M   1 8      53 260
 2  45  34  40   M  25   0    M    M    M 21.8 37 270   M    M   2 8      48 270
 3  43  34  39   M  26   0    M    M    M 19.4 24 260   M    M   1        43 240
 4  36  30  33   M  32   0    M    M    M 26.5 27 260   M    M   8 8       M  M
 5  32  28  30   M  35   0    M    M    M 10.4 10 270   M    M  10 8      22 270
 6  32  27  30   M  35   0    M    M    M 17.3 23 260   M    M   7 8      38 260
 7  32  21  27   M  38   0    M    M    M 15.0 20 270   M    M   8 18     30 270
 8  41  18  30   M  35   0    M    M    M  5.4 18 280   M    M   0         M  M
 9  43  34  39   M  26   0    M    M    M 13.3 20 280   M    M   0        31 270
10  45  34  40   M  25   0    M    M    M 12.6 25 270   M    M   0        33 270
11  34  27  31   M  34   0    M    M    M 14.0 23 270   M    M   2        30 270
12  37  27  32   M  33   0    M    M    M 10.4 15 270   M    M   0        21 270
13  45  34  40   M  25   0    M    M    M 14.4 23 270   M    M   0        32 280
14  41  27  34   M  31   0    M    M    M 14.7 25 270   M    M   1        38 270
15  39  27  33   M  32   0    M    M    M 11.6 15 270   M    M   0        24 280
16  41  34  38   M  27   0    M    M    M 17.5 28 270   M    M   2        47 270
17  36  12  24   M  41   0    M    M    M 34.5 35 270   M    M  10         M  M
18  23   5  14   M  51   0    M    M    M  3.5  7 270   M    M   3         M  M
19  32  21  27   M  38   0    M    M    M  6.0  9 280   M    M   0         M  M
================================================================================
SM  718  502       619   0    M     M    297.3          M       55
================================================================================
AV 37.8 26.4                              15.6 FASTST   M    M   3    MAX(MPH)
                                 MISC ---->  # 38 290               # 53  260
================================================================================
NOTES:
# LAST OF SEVERAL OCCURRENCES

COLUMN 17 PEAK WIND IN M.P.H.

PRELIMINARY LOCAL CLIMATOLOGICAL DATA (WS FORM: F-6) , PAGE 2

                                          STATION:  COPPER MTN/RED CLIFF
                                          MONTH:    NOVEMBER
                                          YEAR:     2017
                                          LATITUDE:   39 28 N
                                          LONGITUDE: 106  9 W

[TEMPERATURE DATA]      [PRECIPITATION DATA]       SYMBOLS USED IN COLUMN 16

AVERAGE MONTHLY: 32.1   TOTAL FOR MONTH:      M    1 = FOG OR MIST
DPTR FM NORMAL:     M   DPTR FM NORMAL:       M    2 = FOG REDUCING VISIBILITY
HIGHEST:    45 ON 13,10 GRTST 24HR    M  ON   M        TO 1/4 MILE OR LESS
LOWEST:      5 ON 18                               3 = THUNDER
                        SNOW, ICE PELLETS, HAIL    4 = ICE PELLETS
                        TOTAL MONTH:    M          5 = HAIL
                        GRTST 24HR    M  ON   M    6 = FREEZING RAIN OR DRIZZLE
                        GRTST DEPTH:  M  ON   M    7 = DUSTSTORM OR SANDSTORM:
                                                       VSBY 1/2 MILE OR LESS
                                                   8 = SMOKE OR HAZE
[NO. OF DAYS WITH]      [WEATHER - DAYS WITH]      9 = BLOWING SNOW
                                                   X = TORNADO
MAX 32 OR BELOW:   5    0.01 INCH OR MORE:   0
MAX 90 OR ABOVE:   0    0.10 INCH OR MORE:   0
MIN 32 OR BELOW:  13    0.50 INCH OR MORE:   0
MIN  0 OR BELOW:   0    1.00 INCH OR MORE:   0

[HDD (BASE 65) ]
TOTAL THIS MO.   619    CLEAR  (SCALE 0-3)  14
DPTR FM NORMAL     M    PTCLDY (SCALE 4-7)   3
TOTAL FM JUL 1  2478    CLOUDY (SCALE 8-10)  2
DPTR FM NORMAL     M

[CDD (BASE 65) ]
TOTAL THIS MO.     0
DPTR FM NORMAL     M    [PRESSURE DATA]
TOTAL FM JAN 1     0    HIGHEST SLP M ON M
DPTR FM NORMAL     M    LOWEST  SLP M ON M

[REMARKS]
