000
CXAK56 PACD 291110
CF6CDB

PRELIMINARY LOCAL CLIMATOLOGICAL DATA (WS FORM: F-6)

                                          STATION:   COLD BAY
                                          MONTH:     04
                                          YEAR:      2016
                                          LATITUDE:   55 13 N
                                          LONGITUDE: 162 44 W

  TEMPERATURE IN F:       :PCPN:    SNOW:  WIND      :SUNSHINE: SKY     :PK WND
================================================================================
1   2   3   4   5  6A  6B    7     8   9   10  11  12  13   14  15   16  17  18
                                      12Z  AVG MX 2MIN
DY MAX MIN AVG DEP HDD CDD  WTR   SNW DPTH SPD SPD DIR MIN PSBL S-S WX   SPD DR
================================================================================

 1  46  35  41  10  24   0  0.31  0.0   0  9.4 24  160   M    M   M       29 170
 2  42  35  39   8  26   0  0.01  0.0   0 15.5 26  120   M    M   M       32 130
 3  40  35  38   6  27   0  0.20  0.0   0 18.3 33  120   M    M   M 1     40 120
 4  45  37  41   9  24   0  0.01  0.0   0 10.9 30   90   M    M   M       36  90
 5  44  35  40   8  25   0  0.03  0.0   0  0.0 17  320   M    M   M 12    20 330
 6  46  34  40   8  25   0     T  0.0   0  9.2 22  150   M    M   M 1     26 150
 7  45  33  39   7  26   0     T  0.0   0 14.3 28  120   M    M   M       33 120
 8  45  35  40   8  25   0  0.04    T   0 21.2 32  160   M    M   M       41 160
 9  45  31  38   5  27   0  0.03  0.0   0  8.4 20  140   M    M   M 1     29 130
10  46  31  39   6  26   0     T  0.0   0 10.4 21  240   M    M   M       24 250
11  46  30  38   5  27   0     T  0.0   0  7.7 15  360   M    M   M       21 300
12  45  37  41   8  24   0     T  0.0   0 17.1 26  340   M    M   M       31 330
13  42  33  38   5  27   0  0.53  0.2   0  8.4 17  140   M    M   M 1     21 150
14  44  35  40   6  25   0  0.18  0.0   0  9.1 18   20   M    M   M 1     23  20
15  44  33  39   5  26   0  0.05    T   0 17.8 28  320   M    M   M 1     43 330
16  41  32  37   3  28   0  0.07  0.5   0 12.0 21  290   M    M   M 1     24 290
17  40  35  38   4  27   0  0.23  0.0   0 29.3 41  140   M    M   M 1     51 140
18  46  36  41   7  24   0  0.19  0.0   0 18.3 35  130   M    M   M 1     43 140
19  43  34  39   4  26   0  0.22    T   0 18.6 30  120   M    M   M 1     38 150
20  42  38  40   5  25   0  0.27  0.0   0 25.8 41  120   M    M   M 1     50 120
21  44  40  42   7  23   0  0.14  0.0   0 20.3 31  120   M    M   M       38 120
22  47  38  43   8  22   0     T  0.0   0 13.7 25   80   M    M   M       33  80
23  49  34  42   6  23   0  0.04  0.0   0 12.7 30  150   M    M   M 1     35 160
24  49  39  44   8  21   0     T  0.0   0 26.0 43   90   M    M   M       54  90
25  53  38  46  10  19   0     T  0.0   0 19.6 29   30   M    M   M       34  30
26  47  37  42   6  23   0  0.27  0.0   0 19.8 30  140   M    M   M 1     37 140
27  42  37  40   4  25   0  0.10  0.0   0 14.7 26  140   M    M   M       32 140
28  49  30  40   3  25   0  0.03  0.0   0 11.1 22  120   M    M   M 1     26 130
================================================================================
SM 1257  977       695   0  2.95 0.7    419.6           M        M
================================================================================
AV 44.9 34.9                             15.0 FASTST  PSBL  %   M    MAX(MPH)
                                 MISC ---->     43   90                 54  90
================================================================================
NOTES:
# LAST OF SEVERAL OCCURRENCES

COLUMN 17 PEAK WIND IN M.P.H.

PRELIMINARY LOCAL CLIMATOLOGICAL DATA (WS FORM: F-6) , PAGE 2

                                          STATION:   COLD BAY
                                          MONTH:     04
                                          YEAR:      2016
                                          LATITUDE:  55 13 N
                                          LONGITUDE: 162 44 W

[TEMPERATURE DATA]      [PRECIPITATION DATA]       SYMBOLS USED IN COLUMN 16

AVERAGE MONTHLY:39.9   TOTAL FOR MONTH: 2.95       1 = FOG
DPTR FM NORMAL:  6.1   DPTR FM NORMAL: 0.68       2 = FOG REDUCING VISIBILITY
HIGHEST:    53 ON 25    GRTST 24HR   0.53 ON 13        TO 1/4 MILE OR LESS
LOWEST:     30 ON 28                               3 = THUNDER
                        SNOW, ICE PELLETS, HAIL    4 = ICE PELLETS
                        TOTAL MONTH: 0.7   INCH  5 = HAIL
                        GRTST 24HR   0.5 ON 16     6 = GLAZE OR RIME
                        GRTST DEPTH:    0          7 = BLOWING DUST OR SAND:
                                                       VSBY 1/2 MILE OR LESS
                                                   8 = SMOKE OR HAZE
[NO. OF DAYS WITH]      [WEATHER - DAYS WITH]      9 = BLOWING SNOW
                                                   X = TORNADO
MAX 32 OR BELOW:   0    0.01 INCH OR MORE:  20
MAX 70 OR ABOVE:   0    0.10 INCH OR MORE:  11
MIN 32 OR BELOW:   5    0.50 INCH OR MORE:   1
MIN  0 OR BELOW:   0    1.00 INCH OR MORE:   0

[HDD (BASE 65) ]
TOTAL THIS MO.   695    CLEAR  (SCALE 0-3)   M
DPTR FM NORMAL  -179    PTCLDY (SCALE 4-7)   M
SEASONAL TOTAL  7408    CLOUDY (SCALE 8-10)  M
DPTR FM NORMAL  -769

[CDD (BASE 65) ]
TOTAL THIS MO.     0
DPTR FM NORMAL     0    [PRESSURE DATA]
SEASONAL TOTAL     0    HIGHEST SLP     M
DPTR FM NORMAL     0    LOWEST  SLP     M

[REMARKS]
