000
CXAK56 PACD 011128
CF6CDB

PRELIMINARY LOCAL CLIMATOLOGICAL DATA (WS FORM: F-6)

                                          STATION:   COLD BAY
                                          MONTH:     08
                                          YEAR:      2014
                                          LATITUDE:   55 13 N
                                          LONGITUDE: 162 44 W

  TEMPERATURE IN F:       :PCPN:    SNOW:  WIND      :SUNSHINE: SKY     :PK WND
================================================================================
1   2   3   4   5  6A  6B    7     8   9   10  11  12  13   14  15   16  17  18
                                      12Z  AVG MX 2MIN
DY MAX MIN AVG DEP HDD CDD  WTR   SNW DPTH SPD SPD DIR MIN PSBL S-S WX   SPD DR
================================================================================

 1  66  49  58   6   7   0  0.02  0.0   0  4.6 12  290   M    M   M 1    13 300
 2  61  55  58   6   7   0  0.08  0.0   0  9.1 17  280   M    M   M 1    19 280
 3  64  54  59   7   6   0     T  0.0   0  5.7 13  300   M    M   M 1    16 320
 4  65  53  59   7   6   0  0.03  0.0   0  8.2 16  280   M    M   M 1    18 280
 5  60  56  58   6   7   0  0.05  0.0   0 13.7 20  270   M    M   M 1    24 290
 6  63  53  58   6   7   0  0.22  0.0   0 14.0 31  160   M    M   M 1    39 160
 7  60  53  57   5   8   0  0.14  0.0   0 12.7 21  260   M    M   M 1    25 260
 8  59  52  56   4   9   0  0.18  0.0   0  4.6 10  250   M    M   M 1    13 250
 9  62  54  58   6   7   0     T  0.0   0  8.7 13  320   M    M   M 1    16 300
10  65  55  60   8   5   0  0.02  0.0   0  9.8 22  150   M    M   M 1    26 140
11  63  53  58   6   7   0  0.55  0.0   0 18.7 30  150   M    M   M 1    37 150
12  63  54  59   7   6   0  0.01  0.0   0 15.2 23  150   M    M   M 1    27 160
13  66  50  58   6   7   0     T  0.0   0  6.6 15  330   M    M   M      20 320
14  66  50  58   6   7   0  0.00  0.0   0  5.8 13  250   M    M   M 12   16 310
15  58  51  55   3  10   0  0.70  0.0   0 13.0 29  120   M    M   M 1    36 120
16  62  48  55   3  10   0  0.06  0.0   0 17.9 29  310   M    M   M 1    35 300
17  60  52  56   4   9   0     T  0.0   0 17.3 26  270   M    M   M 1    31 270
18  64  46  55   3  10   0  0.00  0.0   0  6.0 13  250   M    M   M      16 250
19  66  50  58   6   7   0  0.00  0.0   0  9.8 22  360   M    M   M      26 360
20  65  43  54   2  11   0  0.00  0.0   0  6.7 16  160   M    M   M 1    19 130
21  65  52  59   7   6   0     T  0.0   0 11.8 18  130   M    M   M 1    22 120
22  60  55  58   6   7   0  0.03  0.0   0 19.7 30  130   M    M   M 1    40 130
23  65  54  60   8   5   0  0.01  0.0   0  9.7 30  240   M    M   M      38 120
24  60  50  55   3  10   0  0.20  0.0   0  9.4 24  230   M    M   M      28 230
25  57  51  54   2  11   0  0.21  0.0   0 20.8 32  270   M    M   M 1    37 270
26  61  45  53   1  12   0  0.07  0.0   0 13.5 25  150   M    M   M      33 150
27  56  52  54   2  11   0  0.24  0.0   0 17.3 31  260   M    M   M 1    37 270
28  61  43  52   0  13   0     T  0.0   0  9.0 16  330   M    M   M      20 320
29  59  42  51   0  14   0     T  0.0   0  5.4 21  140   M    M   M 1    24 140
30  61  53  57   6   8   0  0.43  0.0   0 14.1 24  310   M    M   M 1    30 250
31  59  45  52   1  13   0  0.00  0.0   0 10.8 21  360   M    M   M      24 350
================================================================================
SM 1922 1573       263   0  3.25  0.0    349.6           M        M
================================================================================
AV 62.0 50.7                             11.3 FASTST  PSBL  %   M    MAX(MPH)
                                 MISC ---->     32  270                 40 130
================================================================================
NOTES:
# LAST OF SEVERAL OCCURRENCES

COLUMN 17 PEAK WIND IN M.P.H.

PRELIMINARY LOCAL CLIMATOLOGICAL DATA (WS FORM: F-6) , PAGE 2

                                          STATION:   COLD BAY
                                          MONTH:     08
                                          YEAR:      2014
                                          LATITUDE:  55 13 N
                                          LONGITUDE: 162 44 W

[TEMPERATURE DATA]      [PRECIPITATION DATA]       SYMBOLS USED IN COLUMN 16

AVERAGE MONTHLY:56.4   TOTAL FOR MONTH: 3.25       1 = FOG
DPTR FM NORMAL:  4.5   DPTR FM NORMAL: -0.43       2 = FOG REDUCING VISIBILITY
HIGHEST:    66 ON 19    GRTST 24HR   0.70 ON 15        TO 1/4 MILE OR LESS
LOWEST:     42 ON 29                               3 = THUNDER
                        SNOW, ICE PELLETS, HAIL    4 = ICE PELLETS
                        TOTAL MONTH:  0.0         5 = HAIL
                        GRTST 24HR   0.0           6 = GLAZE OR RIME
                        GRTST DEPTH:    0          7 = BLOWING DUST OR SAND:
                                                       VSBY 1/2 MILE OR LESS
                                                   8 = SMOKE OR HAZE
[NO. OF DAYS WITH]      [WEATHER - DAYS WITH]      9 = BLOWING SNOW
                                                   X = TORNADO
MAX 32 OR BELOW:   0    0.01 INCH OR MORE:  19
MAX 70 OR ABOVE:   0    0.10 INCH OR MORE:   9
MIN 32 OR BELOW:   0    0.50 INCH OR MORE:   2
MIN  0 OR BELOW:   0    1.00 INCH OR MORE:   0

[HDD (BASE 65) ]
TOTAL THIS MO.   263    CLEAR  (SCALE 0-3)   M
DPTR FM NORMAL  -143    PTCLDY (SCALE 4-7)   M
SEASONAL TOTAL   542    CLOUDY (SCALE 8-10)  M
DPTR FM NORMAL  -302

[CDD (BASE 65) ]
TOTAL THIS MO.     0
DPTR FM NORMAL     0    [PRESSURE DATA]
SEASONAL TOTAL     0    HIGHEST SLP     M
DPTR FM NORMAL     0    LOWEST  SLP     M

[REMARKS]
#FINAL-08-14#
