000
CXUS56 KSLC 011220
CF6CDC
PRELIMINARY LOCAL CLIMATOLOGICAL DATA (WS FORM: F-6)

                                          STATION:   CEDAR CITY UT
                                          MONTH:     FEBRUARY
                                          YEAR:      2015
                                          LATITUDE:   37 42 N
                                          LONGITUDE: 113  6 W

  TEMPERATURE IN F:       :PCPN:    SNOW:  WIND      :SUNSHINE: SKY     :PK WND
================================================================================
1   2   3   4   5  6A  6B    7    8   9   10  11  12  13   14  15   16   17  18
                                     12Z  AVG MX 2MIN
DY MAX MIN AVG DEP HDD CDD  WTR  SNW DPTH SPD SPD DIR MIN PSBL S-S WX    SPD DR
================================================================================

 1  50  22  36   6  29   0 0.00  0.0    0  2.6  9 140   M    M   0        13  30
 2  60  26  43  12  22   0 0.00  0.0    0  3.9 12 150   M    M   1        14 320
 3  60  31  46  15  19   0 0.00  0.0    0  5.5 14 290   M    M   0        16 280
 4  62  32  47  16  18   0 0.00  0.0    0  4.0 12 220   M    M   0        15 210
 5  65  31  48  17  17   0 0.00  0.0    0  8.4 26 230   M    M   0        33 230
 6  67  32  50  19  15   0 0.00  0.0    0 11.1 30 200   M    M   0        36 200
 7  63  40  52  20  13   0 0.00  0.0    0 11.0 25 190   M    M   1        32 190
 8  64  32  48  16  17   0 0.00  0.0    0  6.9 22 230   M    M   1        26 220
 9  64  37  51  19  14   0 0.00  0.0    0 11.2 29 210   M    M   0        35 210
10  54  28  41   9  24   0 0.00  0.0    0  8.4 20 340   M    M   0        26 330
11  56  21  39   7  26   0 0.00  0.0    0  4.8 15 340   M    M   0        20 340
12  61  21  41   8  24   0 0.00  0.0    0  3.1  9 120   M    M   0        13 350
13  66  22  44  11  21   0 0.00  0.0    0  2.8  9  50   M    M   0        11  50
14  70  23  47  14  18   0 0.00  0.0    0  5.8 16 220   M    M   0        20 220
15  58  25  42   9  23   0 0.00  0.0    0  8.0 24 360   M    M   0        33 340
16  51  14  33  -1  32   0 0.00  0.0    0  8.6 24  20   M    M   0        33  20
17  53  16  35   1  30   0 0.00  0.0    0  3.0  9 360   M    M   0        19 330
18  63  18  41   7  24   0 0.00  0.0    0  4.3 13 320   M    M   0        19 310
19  67  24  46  12  19   0 0.00  0.0    0  4.1 16 210   M    M   0        28 150
20  61  29  45  11  20   0 0.00  0.0    0  6.2 16 310   M    M   0        22 280
21  52  22  37   2  28   0 0.00  0.0    0  3.6 12 360   M    M   2        17  10
22  37  25  31  -4  34   0 0.48    M    0  7.9 16 360   M    M  10 12     21 360
23  27  16  22 -13  43   0 0.44    M    0  7.1 14 360   M    M  10 128    19 360
24  39  14  27  -9  38   0    T    M    0  1.3  8 320   M    M   3 12      9  50
25  48  11  30  -6  35   0 0.00  0.0    0  2.5  9 200   M    M   0 8      10 200
26  48  22  35  -1  30   0 0.00  0.0    0  5.8 15  10   M    M   6        20  10
27  44  21  33  -3  32   0 0.00  0.0    0  3.2 10 230   M    M   2        13  90
28  38  24  31  -6  34   0 0.47    M    0  5.8 21 170   M    M  10 12     24 170
================================================================================
SM 1548  679       699   0  1.39     0.0 160.9          M       46
================================================================================
AV 55.3 24.2                               5.7 FASTST   M    M   2    MAX(MPH)
                                 MISC ---->  # 30 200               # 36  200
================================================================================
NOTES:
# LAST OF SEVERAL OCCURRENCES

COLUMN 17 PEAK WIND IN M.P.H.

PRELIMINARY LOCAL CLIMATOLOGICAL DATA (WS FORM: F-6) , PAGE 2

                                          STATION:  CEDAR CITY UT
                                          MONTH:    FEBRUARY
                                          YEAR:     2015
                                          LATITUDE:   37 42 N
                                          LONGITUDE: 113  6 W

[TEMPERATURE DATA]      [PRECIPITATION DATA]       SYMBOLS USED IN COLUMN 16

AVERAGE MONTHLY: 39.8   TOTAL FOR MONTH:   1.39    1 = FOG OR MIST
DPTR FM NORMAL:   6.5   DPTR FM NORMAL:    0.39    2 = FOG REDUCING VISIBILITY
HIGHEST:    70 ON 14    GRTST 24HR  0.57 ON 22-23      TO 1/4 MILE OR LESS
LOWEST:     11 ON 25                               3 = THUNDER
                        SNOW, ICE PELLETS, HAIL    4 = ICE PELLETS
                        TOTAL MONTH:   0.0 INCH    5 = HAIL
                        GRTST 24HR     0.0         6 = FREEZING RAIN OR DRIZZLE
                        GRTST DEPTH:   0           7 = DUSTSTORM OR SANDSTORM:
                                                       VSBY 1/2 MILE OR LESS
                                                   8 = SMOKE OR HAZE
[NO. OF DAYS WITH]      [WEATHER - DAYS WITH]      9 = BLOWING SNOW
                                                   X = TORNADO
MAX 32 OR BELOW:   1    0.01 INCH OR MORE:   3
MAX 90 OR ABOVE:   0    0.10 INCH OR MORE:   3
MIN 32 OR BELOW:  26    0.50 INCH OR MORE:   0
MIN  0 OR BELOW:   0    1.00 INCH OR MORE:   0

[HDD (BASE 65) ]
TOTAL THIS MO.   699    CLEAR  (SCALE 0-3)  23
DPTR FM NORMAL  -188    PTCLDY (SCALE 4-7)   2
TOTAL FM JUL 1  3838    CLOUDY (SCALE 8-10)  3
DPTR FM NORMAL  -724

[CDD (BASE 65) ]
TOTAL THIS MO.     0
DPTR FM NORMAL     0    [PRESSURE DATA]
TOTAL FM JAN 1     0    HIGHEST SLP 30.46 ON 12
DPTR FM NORMAL     0    LOWEST  SLP 29.52 ON 28

[REMARKS]
#FINAL-02-15#
