000
CXUS56 KEKA 011230
CF6CEC
PRELIMINARY LOCAL CLIMATOLOGICAL DATA (WS FORM: F-6)

                                          STATION:   CRESCENT CITY CA
                                          MONTH:     FEBRUARY
                                          YEAR:      2015
                                          LATITUDE:   41 46 N
                                          LONGITUDE: 124 14 W

  TEMPERATURE IN F:       :PCPN:    SNOW:  WIND      :SUNSHINE: SKY     :PK WND
================================================================================
1   2   3   4   5  6A  6B    7    8   9   10  11  12  13   14  15   16   17  18
                                     12Z  AVG MX 2MIN
DY MAX MIN AVG DEP HDD CDD  WTR  SNW DPTH SPD SPD DIR MIN PSBL S-S WX    SPD DR
================================================================================

 1  60  47  54   6  11   0 0.05    M    0  5.1 17 270   M    M   6 18     21 270
 2  56  52  54   6  11   0 2.09  0.0    0 11.9 16 190   M    M   9 13     21 190
 3  57  55  56   9   9   0 0.95  0.0    0 11.3 22 180   M    M  10 2      27 190
 4  56  53  55   8  10   0    T  0.0    0 12.0 23 180   M    M   9 1      28 190
 5  61  56  59  12   6   0 0.82  0.0    0 22.6 29 160   M    M  10 1      46 180
 6  63  56  60  13   5   0 2.53  0.0    0 19.6 40 150   M    M  10 1      56 160
 7  61  54  58  11   7   0 0.27  0.0    0 23.2 54 180   M    M   9 18     65 180
 8  65  51  58  11   7   0 0.23    M    0 14.6 30 190   M    M   7 1      53 180
 9  57  49  53   6  12   0 0.33    M    0 14.4 51 180   M    M  10 18     64 190
10  56  44  50   3  15   0 0.00  0.0    0  5.9 12 340   M    M   1        14 350
11  58  43  51   4  14   0 0.00  0.0    0  2.5  8 190   M    M   1 18     11  60
12  62  41  52   5  13   0 0.00  0.0    0  3.6 14 310   M    M   1 18     18 320
13  55  43  49   1  16   0 0.00  0.0    0  5.8 12 330   M    M   3 18     16 340
14  63  42  53   5  12   0 0.00  0.0    0  5.4 13 360   M    M   4 28     19  M
15  72  46  59  11   6   0 0.00  0.0    0  5.5 14  90   M    M   0 1      20  80
16  67  46  57   9   8   0 0.00  0.0    0  5.1  8 190   M    M   2 2       M  M
17  54  49  52   4  13   0 0.00  0.0    M  7.7 13 180   M    M  10 2      15 180
18  55  45  50   2  15   0    T    M    0  4.6 13 330   M    M   9 1      17 320
19  59  44  52   4  13   0 0.00  0.0    0  7.3 18 350   M    M   2        25 340
20  59  50  55   7  10   0 0.00  0.0    0 13.7 24 340   M    M   0        33 340
21  58  46  52   4  13   0 0.00  0.0    0 12.6 23 340   M    M   0        33 330
22  60  43  52   4  13   0 0.00  0.0    0  8.1 20 340   M    M   0        25 310
23  64  45  55   7  10   0 0.00  0.0    0  8.3 17 340   M    M   0 8      22 340
24  58  41  50   2  15   0 0.00  0.0    0  5.9 12 330   M    M   0 18     14 330
25  58  37  48   0  17   0 0.00  0.0    0 10.4 25 340   M    M   0        36 340
26  56  47  52   4  13   0 0.31    M    0  8.4 22 340   M    M   6 1      29 350
27  54  47  51   3  14   0 0.35    M    0  6.5 18 320   M    M   9 1      22 320
28  62  41  52   4  13   0    T    M    0  8.3 18  40   M    M   2 18     28  30
================================================================================
SM 1666 1313       321   0  7.93     0.0 270.3          M      130
================================================================================
AV 59.5 46.9                               9.7 FASTST   M    M   5    MAX(MPH)
                                 MISC ---->  # 54 180               # 65  180
================================================================================
NOTES:
# LAST OF SEVERAL OCCURRENCES

COLUMN 17 PEAK WIND IN M.P.H.

PRELIMINARY LOCAL CLIMATOLOGICAL DATA (WS FORM: F-6) , PAGE 2

                                          STATION:  CRESCENT CITY CA
                                          MONTH:    FEBRUARY
                                          YEAR:     2015
                                          LATITUDE:   41 46 N
                                          LONGITUDE: 124 14 W

[TEMPERATURE DATA]      [PRECIPITATION DATA]       SYMBOLS USED IN COLUMN 16

AVERAGE MONTHLY: 53.2   TOTAL FOR MONTH:   7.93    1 = FOG OR MIST
DPTR FM NORMAL:   5.6   DPTR FM NORMAL:   -0.95    2 = FOG REDUCING VISIBILITY
HIGHEST:    72 ON 15    GRTST 24HR  2.53 ON  6- 6      TO 1/4 MILE OR LESS
LOWEST:     37 ON 25                               3 = THUNDER
                        SNOW, ICE PELLETS, HAIL    4 = ICE PELLETS
                        TOTAL MONTH:   0.0 INCH    5 = HAIL
                        GRTST 24HR     0.0         6 = FREEZING RAIN OR DRIZZLE
                        GRTST DEPTH:   0           7 = DUSTSTORM OR SANDSTORM:
                                                       VSBY 1/2 MILE OR LESS
                                                   8 = SMOKE OR HAZE
[NO. OF DAYS WITH]      [WEATHER - DAYS WITH]      9 = BLOWING SNOW
                                                   X = TORNADO
MAX 32 OR BELOW:   0    0.01 INCH OR MORE:  10
MAX 90 OR ABOVE:   0    0.10 INCH OR MORE:   9
MIN 32 OR BELOW:   0    0.50 INCH OR MORE:   4
MIN  0 OR BELOW:   0    1.00 INCH OR MORE:   2

[HDD (BASE 65) ]
TOTAL THIS MO.   321    CLEAR  (SCALE 0-3)  14
DPTR FM NORMAL  -166    PTCLDY (SCALE 4-7)   4
TOTAL FM JUL 1  2221    CLOUDY (SCALE 8-10) 10
DPTR FM NORMAL  -952

[CDD (BASE 65) ]
TOTAL THIS MO.     0
DPTR FM NORMAL     0    [PRESSURE DATA]
TOTAL FM JAN 1     0    HIGHEST SLP 30.41 ON 25
DPTR FM NORMAL     0    LOWEST  SLP 29.45 ON  6

[REMARKS]
#FINAL-02-15#
