000
CXUS55 KGJT 281000
CF6CEZ
PRELIMINARY LOCAL CLIMATOLOGICAL DATA (WS FORM: F-6)

                                          STATION:   CORTEZ CO
                                          MONTH:     FEBRUARY
                                          YEAR:      2015
                                          LATITUDE:   37 17 N
                                          LONGITUDE: 108 38 W

  TEMPERATURE IN F:       :PCPN:    SNOW:  WIND      :SUNSHINE: SKY     :PK WND
================================================================================
1   2   3   4   5  6A  6B    7    8   9   10  11  12  13   14  15   16   17  18
                                     12Z  AVG MX 2MIN
DY MAX MIN AVG DEP HDD CDD  WTR  SNW DPTH SPD SPD DIR MIN PSBL S-S WX    SPD DR
================================================================================

 1  50  23  37   8  28   0 0.00    M    M  6.4 20 300   M    M   0        24 310
 2  52  20  36   6  29   0 0.00    M    M  6.6 20 280   M    M   0 1      23 290
 3  54  23  39   9  26   0 0.00    M    M  5.5 16 220   M    M   0 1      26 310
 4  60  26  43  13  22   0 0.00    M    M  6.8 20 310   M    M   0        25 310
 5  59  24  42  12  23   0 0.00    M    M  5.0 12 200   M    M   0        13 210
 6  62  20  41  11  24   0 0.00    M    M  4.9 15  50   M    M   0        17 240
 7  61  21  41  11  24   0 0.00    M    M  7.2 20 300   M    M   0        26 290
 8  62  24  43  13  22   0 0.00    M    M  5.6 14 300   M    M   0        18 250
 9  64  22  43  12  22   0 0.00    M    M  5.5 16 290   M    M   0        23 220
10  60  21  41  10  24   0 0.00    M    M  6.5 18 330   M    M   1        24 330
11  55  24  40   9  25   0    T    M    M  6.7 23 140   M    M   3        30 140
12  55  19  37   6  28   0 0.00    M    M  6.3 16 290   M    M   0        20 280
13  61  19  40   8  25   0 0.00    M    M  6.9 16 200   M    M   0        19 210
14  64  20  42  10  23   0 0.00    M    M  5.6 15 210   M    M   0        21 270
15  61  21  41   9  24   0 0.00    M    M  8.6 26 310   M    M   0        35 310
16  50  18  34   2  31   0 0.00    M    M  8.2 26 360   M    M   1 8      36 360
17  46  11  29  -3  36   0 0.00    M    M  8.6 22 310   M    M   0        34 320
18  58  15  37   4  28   0 0.00    M    M  8.4 21 290   M    M   0        26 260
19  60  16  38   5  27   0 0.00    M    M  7.6 20 280   M    M   0        24 280
20  59  20  40   7  25   0 0.00    M    M  8.2 25 270   M    M   0        30 270
21  48  19  34   1  31   0    T    M    M  6.2 17 290   M    M   5 1      23 210
22  37  31  34   0  31   0 0.62    M    M  1.8  7  50   M    M  10 12      8  50
23  36  29  33  -1  32   0 0.62    M    M  4.7 13 220   M    M  10 12     15 220
24  39  22  31  -3  34   0 0.00    M    M  5.1 15 200   M    M   8 12     17 200
25  43  17  30  -4  35   0    T    M    M  6.9 15 280   M    M   1        23  20
26  40  18  29  -5  36   0 0.13    M    M  4.5 20 200   M    M   4 128    23 190
27  34  26  30  -5  35   0    T    M    M  2.3 12 180   M    M  10 12     13 180
================================================================================
SM 1430  569       750   0  1.37    M    166.6          M       53
================================================================================
AV 53.0 21.1                               6.2 FASTST   M    M   2    MAX(MPH)
                                 MISC ---->  # 26 310               # 36  360
================================================================================
NOTES:
# LAST OF SEVERAL OCCURRENCES

COLUMN 17 PEAK WIND IN M.P.H.

PRELIMINARY LOCAL CLIMATOLOGICAL DATA (WS FORM: F-6) , PAGE 2

                                          STATION:  CORTEZ CO
                                          MONTH:    FEBRUARY
                                          YEAR:     2015
                                          LATITUDE:   37 17 N
                                          LONGITUDE: 108 38 W

[TEMPERATURE DATA]      [PRECIPITATION DATA]       SYMBOLS USED IN COLUMN 16

AVERAGE MONTHLY: 37.0   TOTAL FOR MONTH:   1.37    1 = FOG OR MIST
DPTR FM NORMAL:   5.2   DPTR FM NORMAL:    0.52    2 = FOG REDUCING VISIBILITY
HIGHEST:    64 ON 14, 9 GRTST 24HR  0.70 ON 22-23      TO 1/4 MILE OR LESS
LOWEST:     11 ON 17                               3 = THUNDER
                        SNOW, ICE PELLETS, HAIL    4 = ICE PELLETS
                        TOTAL MONTH:    M          5 = HAIL
                        GRTST 24HR    M  ON   M    6 = FREEZING RAIN OR DRIZZLE
                        GRTST DEPTH:  M  ON   M    7 = DUSTSTORM OR SANDSTORM:
                                                       VSBY 1/2 MILE OR LESS
                                                   8 = SMOKE OR HAZE
[NO. OF DAYS WITH]      [WEATHER - DAYS WITH]      9 = BLOWING SNOW
                                                   X = TORNADO
MAX 32 OR BELOW:   0    0.01 INCH OR MORE:   3
MAX 90 OR ABOVE:   0    0.10 INCH OR MORE:   3
MIN 32 OR BELOW:  27    0.50 INCH OR MORE:   2
MIN  0 OR BELOW:   0    1.00 INCH OR MORE:   0

[HDD (BASE 65) ]
TOTAL THIS MO.   750    CLEAR  (SCALE 0-3)  21
DPTR FM NORMAL  -144    PTCLDY (SCALE 4-7)   3
TOTAL FM JUL 1  4065    CLOUDY (SCALE 8-10)  3
DPTR FM NORMAL  -634

[CDD (BASE 65) ]
TOTAL THIS MO.     0
DPTR FM NORMAL     0    [PRESSURE DATA]
TOTAL FM JAN 1     0    HIGHEST SLP M ON M
DPTR FM NORMAL     0    LOWEST  SLP 29.66 ON 20

[REMARKS]
