000
CXUS54 KMRX 281000
CF6CHA
PRELIMINARY LOCAL CLIMATOLOGICAL DATA (WS FORM: F-6)

                                          STATION:   CHATTANOOGA  ASOS
                                          MONTH:     JULY
                                          YEAR:      2015
                                          LATITUDE:   35  1 N
                                          LONGITUDE:  85 12 W

  TEMPERATURE IN F:       :PCPN:    SNOW:  WIND      :SUNSHINE: SKY     :PK WND
================================================================================
1   2   3   4   5  6A  6B    7    8   9   10  11  12  13   14  15   16   17  18
                                     12Z  AVG MX 2MIN
DY MAX MIN AVG DEP HDD CDD  WTR  SNW DPTH SPD SPD DIR MIN PSBL S-S WX    SPD DR
================================================================================

 1  82  68  75  -4   0  10 0.34  0.0    0  6.2 16 250   M    M   9 13     21 250
 2  76  67  72  -7   0   7 1.87  0.0    0  4.8 14 340   M    M   7 13     20 210
 3  81  70  76  -3   0  11 0.27  0.0    0  6.8 22 230   M    M   6 13     29 260
 4  83  69  76  -4   0  11 0.51  0.0    0  4.6 12 230   M    M   8 18     18 210
 5  84  69  77  -3   0  12 0.10  0.0    0  7.6 16 240   M    M   8 18     23 240
 6  88  69  79  -1   0  14 0.00  0.0    0  3.3 15 280   M    M   4        19 290
 7  91  70  81   1   0  16 0.00  0.0    0  5.7 18 200   M    M   4 1      25 190
 8  92  74  83   3   0  18 0.00  0.0    0  4.7 16 220   M    M   5        21 250
 9  94  73  84   4   0  19 0.00  0.0    0  4.8 14 230   M    M   2        19 230
10  94  71  83   3   0  18 0.00  0.0    0  3.5 13 310   M    M   2        16 250
11  92  73  83   3   0  18 0.14  0.0    0  1.7 33  10   M    M   5 138    41  10
12  93  73  83   3   0  18    T  0.0    0  3.4 25  20   M    M   6 13     30  20
13  95  73  84   4   0  19 0.00  0.0    0  3.4 13 270   M    M   5        16 260
14  93  72  83   3   0  18 0.62  0.0    0  7.2 37 360   M    M   6 138    43 360
15  90  72  81   1   0  16    T  0.0    0  6.2 15  30   M    M   M        20  10
16  91  69  80   0   0  15 0.00  0.0    0  3.9 10  20   M    M   M        14  20
17  93  70  82   2   0  17 0.00  0.0    0  2.7  9 120   M    M   3        13 210
18  96  75  86   6   0  21    T  0.0    0  2.3 12 310   M    M   6 13     14 260
19  94  76  85   5   0  20 0.02  0.0    0  3.1 18  30   M    M   5 13     23  60
20  95  75  85   5   0  20    T  0.0    0  2.9 21 340   M    M   5 3      26 340
21  92  74  83   3   0  18 0.02  0.0    0  4.3 18 290   M    M   6 3      24 280
22  91  70  81   1   0  16 1.61  0.0    0  2.1 25 280   M    M   6 1238   34 290
23  86  73  80   0   0  15 0.68  0.0    0  4.7 15 320   M    M   6 13     21 320
24  91  73  82   2   0  17 0.00  0.0    0  4.2 12  30   M    M   6        15  20
25  94  69  82   2   0  17 0.00  0.0    0  3.1  9 360   M    M   5 1      11 340
26  95  73  84   4   0  19 0.00  0.0    0  3.1 15 200   M    M   5 1      19 190
27  95  74  85   5   0  20 0.00  0.0    0  2.1 14 220   M    M   5        17 220
================================================================================
SM 2441 1934         0 440  6.18     0.0 112.4          M      135
================================================================================
AV 90.4 71.6                               4.2 FASTST   M    M   5    MAX(MPH)
                                 MISC ---->  # 37 360               # 43  360
================================================================================
NOTES:
# LAST OF SEVERAL OCCURRENCES

COLUMN 17 PEAK WIND IN M.P.H.

PRELIMINARY LOCAL CLIMATOLOGICAL DATA (WS FORM: F-6) , PAGE 2

                                          STATION:  CHATTANOOGA  ASOS
                                          MONTH:    JULY
                                          YEAR:     2015
                                          LATITUDE:   35  1 N
                                          LONGITUDE:  85 12 W

[TEMPERATURE DATA]      [PRECIPITATION DATA]       SYMBOLS USED IN COLUMN 16

AVERAGE MONTHLY: 81.0   TOTAL FOR MONTH:   6.18    1 = FOG OR MIST
DPTR FM NORMAL:   1.1   DPTR FM NORMAL:    1.86    2 = FOG REDUCING VISIBILITY
HIGHEST:    96 ON 18    GRTST 24HR  2.29 ON 22-23      TO 1/4 MILE OR LESS
LOWEST:     67 ON  2                               3 = THUNDER
                        SNOW, ICE PELLETS, HAIL    4 = ICE PELLETS
                        TOTAL MONTH:   0.0 INCH    5 = HAIL
                        GRTST 24HR     0.0         6 = FREEZING RAIN OR DRIZZLE
                        GRTST DEPTH:   0           7 = DUSTSTORM OR SANDSTORM:
                                                       VSBY 1/2 MILE OR LESS
                                                   8 = SMOKE OR HAZE
[NO. OF DAYS WITH]      [WEATHER - DAYS WITH]      9 = BLOWING SNOW
                                                   X = TORNADO
MAX 32 OR BELOW:   0    0.01 INCH OR MORE:  11
MAX 90 OR ABOVE:  20    0.10 INCH OR MORE:   9
MIN 32 OR BELOW:   0    0.50 INCH OR MORE:   5
MIN  0 OR BELOW:   0    1.00 INCH OR MORE:   2

[HDD (BASE 65) ]
TOTAL THIS MO.     0    CLEAR  (SCALE 0-3)   3
DPTR FM NORMAL     0    PTCLDY (SCALE 4-7)  21
TOTAL FM JUL 1     0    CLOUDY (SCALE 8-10)  1
DPTR FM NORMAL     0

[CDD (BASE 65) ]
TOTAL THIS MO.   440
DPTR FM NORMAL    39    [PRESSURE DATA]
TOTAL FM JAN 1  1157    HIGHEST SLP M ON M
DPTR FM NORMAL   215    LOWEST  SLP 29.69 ON 14

[REMARKS]
