000
CXUS51 KLWX 010620
CF6CHO
PRELIMINARY LOCAL CLIMATOLOGICAL DATA (WS FORM: F-6)

                                          STATION:   CHARLOTTESVILLE VA
                                          MONTH:     JUNE
                                          YEAR:      2015
                                          LATITUDE:   38  7 N
                                          LONGITUDE:  78 27 W

  TEMPERATURE IN F:       :PCPN:    SNOW:  WIND      :SUNSHINE: SKY     :PK WND
================================================================================
1   2   3   4   5  6A  6B    7    8   9   10  11  12  13   14  15   16   17  18
                                     12Z  AVG MX 2MIN
DY MAX MIN AVG DEP HDD CDD  WTR  SNW DPTH SPD SPD DIR MIN PSBL S-S WX    SPD DR
================================================================================

 1  87  65  76   8   0  11 1.56    M    M  4.5 16 320   M    M   4 13     27 310
 2  70  59  65  -3   0   0 0.01    M    M  6.4 15  50   M    M  10 18     19  50
 3  60  57  59  -9   6   0 0.36    M    M  8.5 14  30   M    M  10 1      19  30
 4  62  57  60  -9   5   0 0.48    M    M  7.1 14  40   M    M  10 1      17  30
 5  74  59  67  -2   0   2 0.00    M    M  3.8  8  60   M    M   9 18     12  30
 6  82  60  71   1   0   6    T    M    M  4.5 16  50   M    M   4 12     20  60
 7  79  60  70   0   0   5 0.00    M    M  5.8 15 190   M    M   7        23 160
 8  87  64  76   6   0  11    T    M    M 11.6 23 200   M    M   2        29 200
 9  84  64  74   4   0   9 0.01    M    M  6.5 15 200   M    M   2        19 190
10  82  59  71   0   0   6 0.00    M    M  4.6 13 180   M    M   0 18     15 180
11  91  64  78   7   0  13 0.00    M    M  3.8 13 200   M    M   0 18     23 210
12  91  69  80   9   0  15 1.32    M    M  4.9 24 310   M    M   1 13     37 300
13  90  71  81   9   0  16 0.02    M    M  4.0 15 210   M    M   2 13     20 210
14  90  70  80   8   0  15 0.06    M    M  2.6 10 210   M    M   1 13     14 190
15  92  71  82  10   0  17    T    M    M  4.4 12 200   M    M   1        15 200
16  92  76  84  12   0  19 0.00    M    M  4.8 14 280   M    M   1        17 300
17  81  71  76   3   0  11 0.93    M    M  3.9 14 320   M    M   9 13     23 320
18  92  69  81   8   0  16 0.00    M    M  5.1 15 190   M    M   3 12     20 190
19  86  70  78   5   0  13    T    M    M  4.5 16  40   M    M   3 3      21  30
20  90  69  80   7   0  15 0.66    M    M  4.8 21 170   M    M   M 13     25 160
21  90  71  81   7   0  16 0.04    M    M  5.0 14 200   M    M   0 1      18 200
22  89  71  80   6   0  15    T    M    M  2.8 10 200   M    M   1 3      12 210
23  93  70  82   8   0  17 0.00    M    M  6.1 15 200   M    M   1        21 200
24  86  70  78   4   0  13 0.00    M    M  2.9 10 350   M    M   1 1      12  10
25  86  68  77   3   0  12 0.56    M    M  2.7 21 340   M    M   4 13     30 350
26  77  68  73  -1   0   8 0.12    M    M  3.4 12  50   M    M   9 18     13  50
27  79  68  74  -1   0   9 2.10    M    M  6.0 15 150   M    M   9 13     20 140
28  76  62  69  -6   0   4 0.00    M    M  5.1 21 310   M    M   2        26 270
29  81  56  69  -6   0   4 0.00    M    M  4.6 15 190   M    M   2        22 190
30  84  61  73  -2   0   8    T    M    M  5.4 22 180   M    M   1 3      27 180
================================================================================
SM 2503 1969        11 306  8.23    M    150.1          M      109
================================================================================
AV 83.4 65.6                               5.0 FASTST   M    M   4    MAX(MPH)
                                 MISC ---->  # 24 310               # 37  300
================================================================================
NOTES:
# LAST OF SEVERAL OCCURRENCES

COLUMN 17 PEAK WIND IN M.P.H.

PRELIMINARY LOCAL CLIMATOLOGICAL DATA (WS FORM: F-6) , PAGE 2

                                          STATION:  CHARLOTTESVILLE VA
                                          MONTH:    JUNE
                                          YEAR:     2015
                                          LATITUDE:   38  7 N
                                          LONGITUDE:  78 27 W

[TEMPERATURE DATA]      [PRECIPITATION DATA]       SYMBOLS USED IN COLUMN 16

AVERAGE MONTHLY: 74.5   TOTAL FOR MONTH:   8.23    1 = FOG OR MIST
DPTR FM NORMAL:   2.6   DPTR FM NORMAL:    4.50    2 = FOG REDUCING VISIBILITY
HIGHEST:    93 ON 23    GRTST 24HR  2.10 ON 27-27      TO 1/4 MILE OR LESS
LOWEST:     56 ON 29                               3 = THUNDER
                        SNOW, ICE PELLETS, HAIL    4 = ICE PELLETS
                        TOTAL MONTH:    M          5 = HAIL
                        GRTST 24HR    M  ON   M    6 = FREEZING RAIN OR DRIZZLE
                        GRTST DEPTH:  M  ON   M    7 = DUSTSTORM OR SANDSTORM:
                                                       VSBY 1/2 MILE OR LESS
                                                   8 = SMOKE OR HAZE
[NO. OF DAYS WITH]      [WEATHER - DAYS WITH]      9 = BLOWING SNOW
                                                   X = TORNADO
MAX 32 OR BELOW:   0    0.01 INCH OR MORE:  14
MAX 90 OR ABOVE:  10    0.10 INCH OR MORE:   9
MIN 32 OR BELOW:   0    0.50 INCH OR MORE:   6
MIN  0 OR BELOW:   0    1.00 INCH OR MORE:   3

[HDD (BASE 65) ]
TOTAL THIS MO.    11    CLEAR  (SCALE 0-3)  16
DPTR FM NORMAL     0    PTCLDY (SCALE 4-7)   6
TOTAL FM JUL 1  4419    CLOUDY (SCALE 8-10)  7
DPTR FM NORMAL   -25

[CDD (BASE 65) ]
TOTAL THIS MO.   306
DPTR FM NORMAL    87    [PRESSURE DATA]
TOTAL FM JAN 1   483    HIGHEST SLP M ON M
DPTR FM NORMAL   178    LOWEST  SLP 29.66 ON 28

[REMARKS]
#FINAL-06-15#
