000
CXUS52 KCHS 290715
CF6CHS
PRELIMINARY LOCAL CLIMATOLOGICAL DATA (WS FORM: F-6)

                                          STATION:   NORTH CHARLESTON SC
                                          MONTH:     MARCH
                                          YEAR:      2015
                                          LATITUDE:   32 54 N
                                          LONGITUDE:  80  2 W

  TEMPERATURE IN F:       :PCPN:    SNOW:  WIND      :SUNSHINE: SKY     :PK WND
================================================================================
1   2   3   4   5  6A  6B    7    8   9   10  11  12  13   14  15   16   17  18
                                     12Z  AVG MX 2MIN
DY MAX MIN AVG DEP HDD CDD  WTR  SNW DPTH SPD SPD DIR MIN PSBL S-S WX    SPD DR
================================================================================

 1  45  39  42 -13  23   0 0.14  0.0    0  7.5 15  20   M    M  10 12     18  20
 2  74  43  59   4   6   0 0.00  0.0    0  6.0 18  50   M    M   9 12     22 310
 3  64  52  58   3   7   0 0.00  0.0    0  4.8 15  90   M    M   8 1      18 100
 4  81  53  67  12   0   2 0.00  0.0    0 13.4 25 210   M    M   6 12     30 210
 5  80  44  62   6   3   0 0.17  0.0    0 12.8 26 200   M    M   7 12     37 230
 6  47  37  42 -14  23   0    T  0.0    0  9.7 24  30   M    M   9 1      31  30
 7  61  30  46 -10  19   0 0.00  0.0    0  3.7 15 150   M    M   2        23 190
 8  71  38  55  -1  10   0 0.00  0.0    0  4.7 15 220   M    M   3 1      22 210
 9  75  44  60   3   5   0 0.00  0.0    0  5.0 16 200   M    M   5        24 210
10  81  52  67  10   0   2 0.00  0.0    0  6.7 20 200   M    M   5 1      24 190
11  85  63  74  17   0   9 0.00  0.0    0  9.2 17 220   M    M   6 1      22 210
12  73  58  66   9   0   1 0.00  0.0    0 11.3 24  90   M    M   7        32 100
13  65  53  59   1   6   0 0.01  0.0    0 11.9 17 100   M    M  10 1      24  70
14  76  58  67   9   0   2 0.27  0.0    0 11.3 28 210   M    M   8 1      33 210
15  80  55  68  10   0   3 0.00  0.0    0  5.9 15 330   M    M   4 1      18  10
16  82  47  65   7   0   0 0.00  0.0    0  6.6 16 200   M    M   4 1      22 230
17  86  55  71  13   0   6 0.00  0.0    0  9.5 24 260   M    M   4        32 260
18  69  53  61   2   4   0 0.00  0.0    0 10.3 20 130   M    M   4        28 120
19  63  52  58  -1   7   0 0.61  0.0    0  7.5 16 120   M    M  10 1      22 130
20  70  54  62   3   3   0 0.06  0.0    0  5.7 13 290   M    M   8 1      16 280
21  67  58  63   4   2   0    T  0.0    0  5.4 13 110   M    M   7 1      21  90
22  63  56  60   0   5   0 0.36  0.0    0   M   M   M   M    M  10 1       M  M
23  62  53  58  -2   7   0 0.49  0.0    0  9.5 18  70   M    M  10 1      25  80
24  70  49  60   0   5   0    T  0.0    0  8.5 12  60   M    M   9        16  40
25  78  60  69   9   0   4 0.01  0.0    0 10.3 21 160   M    M   8 1       M 180
26  79  59  69   9   0   4    T  0.0    0  8.4 21 210   M    M   8 1      29 210
27  73  48  61   0   4   0 0.14  0.0    0 11.2 24 340   M    M   8 1      30 350
28  60  39  50 -11  15   0 0.00  0.0    0  8.0 18 330   M    M   2        25 340
================================================================================
SM 1980 1402       154  33  2.26     0.0 224.8          M      191
================================================================================
AV 70.7 50.1                               8.3 FASTST   M    M   7    MAX(MPH)
                                 MISC ---->  # 28 210               # 37  230
================================================================================
NOTES:
# LAST OF SEVERAL OCCURRENCES

COLUMN 17 PEAK WIND IN M.P.H.

PRELIMINARY LOCAL CLIMATOLOGICAL DATA (WS FORM: F-6) , PAGE 2

                                          STATION:  NORTH CHARLESTON SC
                                          MONTH:    MARCH
                                          YEAR:     2015
                                          LATITUDE:   32 54 N
                                          LONGITUDE:  80  2 W

[TEMPERATURE DATA]      [PRECIPITATION DATA]       SYMBOLS USED IN COLUMN 16

AVERAGE MONTHLY: 60.4   TOTAL FOR MONTH:   2.26    1 = FOG OR MIST
DPTR FM NORMAL:   2.5   DPTR FM NORMAL:   -1.09    2 = FOG REDUCING VISIBILITY
HIGHEST:    86 ON 17    GRTST 24HR  0.61 ON 19-19      TO 1/4 MILE OR LESS
LOWEST:     30 ON  7                               3 = THUNDER
                        SNOW, ICE PELLETS, HAIL    4 = ICE PELLETS
                        TOTAL MONTH:   0.0 INCH    5 = HAIL
                        GRTST 24HR     0.0         6 = FREEZING RAIN OR DRIZZLE
                        GRTST DEPTH:   0           7 = DUSTSTORM OR SANDSTORM:
                                                       VSBY 1/2 MILE OR LESS
                                                   8 = SMOKE OR HAZE
[NO. OF DAYS WITH]      [WEATHER - DAYS WITH]      9 = BLOWING SNOW
                                                   X = TORNADO
MAX 32 OR BELOW:   0    0.01 INCH OR MORE:  10
MAX 90 OR ABOVE:   0    0.10 INCH OR MORE:   7
MIN 32 OR BELOW:   1    0.50 INCH OR MORE:   1
MIN  0 OR BELOW:   0    1.00 INCH OR MORE:   0

[HDD (BASE 65) ]
TOTAL THIS MO.   154    CLEAR  (SCALE 0-3)   2
DPTR FM NORMAL   -71    PTCLDY (SCALE 4-7)  16
TOTAL FM JUL 1  1891    CLOUDY (SCALE 8-10) 10
DPTR FM NORMAL    30

[CDD (BASE 65) ]
TOTAL THIS MO.    33
DPTR FM NORMAL     7    [PRESSURE DATA]
TOTAL FM JAN 1    37    HIGHEST SLP M ON M
DPTR FM NORMAL     4    LOWEST  SLP 29.62 ON 27

[REMARKS]
