000
CXUS55 KDVN 011100
CF6CID
PRELIMINARY LOCAL CLIMATOLOGICAL DATA (WS FORM: F-6)

                                          STATION:   CEDAR RAPIDS IA
                                          MONTH:     JUNE
                                          YEAR:      2015
                                          LATITUDE:   41 52 N
                                          LONGITUDE:  91 42 W

  TEMPERATURE IN F:       :PCPN:    SNOW:  WIND      :SUNSHINE: SKY     :PK WND
================================================================================
1   2   3   4   5  6A  6B    7    8   9   10  11  12  13   14  15   16   17  18
                                     12Z  AVG MX 2MIN
DY MAX MIN AVG DEP HDD CDD  WTR  SNW DPTH SPD SPD DIR MIN PSBL S-S WX    SPD DR
================================================================================

 1  71  44  58  -7   7   0 0.00    M    M  7.6 15  90   M    M   1        18  80
 2  74  51  63  -3   2   0 0.00    M    M  7.5 15 190   M    M   4        24 120
 3  79  54  67   1   0   2 0.00    M    M  9.9 21 170   M    M   2        28 180
 4  84  59  72   6   0   7 0.00    M    M  5.3 13  40   M    M   3 128    17 230
 5  82  62  72   5   0   7 0.00    M    M 11.4 18  80   M    M   2        23  50
 6  78  56  67   0   0   2 0.00    M    M  9.5 15 120   M    M   1        21 100
 7  84  63  74   7   0   9 1.15    M    M 10.7 20 290   M    M   4 13     26 180
 8  84  58  71   3   0   6 0.00    M    M  9.1 25 300   M    M   1        32 300
 9  91  59  75   7   0  10 0.00    M    M  9.6 22 240   M    M   0 18     27 240
10  89  69  79  11   0  14    T    M    M  7.4 16  70   M    M   1        20  70
11  74  65  70   1   0   5 4.47    M    M  9.4 36 330   M    M   8 138    44 320
12  67  62  65  -4   0   0 0.14    M    M  8.7 16  30   M    M  10 1      20  50
13  74  63  69   0   0   4 0.07    M    M  4.1 10 220   M    M   9 12     15 200
14  82  68  75   6   0  10 0.06    M    M  3.7 16 190   M    M   8 13     20 200
15  78  61  70   0   0   5 0.77    M    M  7.0 23 350   M    M   7 13     31 340
16  79  56  68  -2   0   3    T    M    M  7.9 15  80   M    M   1        19  60
17  77  60  69  -1   0   4 0.01    M    M  6.7 17 120   M    M   5        21 120
18  79  62  71   1   0   6 0.00    M    M  8.8 16 350   M    M   1 1      19 360
19  79  60  70  -1   0   5 0.00    M    M  8.5 16  80   M    M   0        20  80
20  82  57  70  -1   0   5 0.71    M    M  8.5 23 160   M    M   3 123    31 170
21  82  63  73   2   0   8 0.00    M    M  3.9 10 190   M    M   3 12     13 190
22  78  64  71   0   0   6 0.28    M    M  8.8 21 150   M    M   7 13     29 140
23  78  57  68  -4   0   3 0.00    M    M  6.0 14 350   M    M   0        17  10
24  70  59  65  -7   0   0 0.57    M    M  6.9 17  70   M    M   5 13     23 110
25  80  66  73   1   0   8    T    M    M  6.2 14 240   M    M   6 13     21 290
26  72  61  67  -5   0   2 0.03    M    M  7.3 17  80   M    M   5 1      20  70
27  80  57  69  -3   0   4 0.00    M    M  4.6 12 350   M    M   1 1      16 360
28  72  58  65  -7   0   0 0.45    M    M  6.5 15 190   M    M   6 13     19 190
29  82  57  70  -2   0   5 0.14    M    M  7.4 46  40   M    M   4 123    56  30
30  81  59  70  -3   0   5 0.00  0.0    0  5.8 14  40   M    M   1 18     25 110
================================================================================
SM 2362 1790         9 145  8.85     0.0 224.7          M      109
================================================================================
AV 78.7 59.7                               7.5 FASTST   M    M   4    MAX(MPH)
                                 MISC ---->  # 46  40               # 56   30
================================================================================
NOTES:
# LAST OF SEVERAL OCCURRENCES

COLUMN 17 PEAK WIND IN M.P.H.

PRELIMINARY LOCAL CLIMATOLOGICAL DATA (WS FORM: F-6) , PAGE 2

                                          STATION:  CEDAR RAPIDS IA
                                          MONTH:    JUNE
                                          YEAR:     2015
                                          LATITUDE:   41 52 N
                                          LONGITUDE:  91 42 W

[TEMPERATURE DATA]      [PRECIPITATION DATA]       SYMBOLS USED IN COLUMN 16

AVERAGE MONTHLY: 69.2   TOTAL FOR MONTH:   8.85    1 = FOG OR MIST
DPTR FM NORMAL:  -0.4   DPTR FM NORMAL:    3.93    2 = FOG REDUCING VISIBILITY
HIGHEST:    91 ON  9    GRTST 24HR  4.61 ON 11-12      TO 1/4 MILE OR LESS
LOWEST:     44 ON  1                               3 = THUNDER
                        SNOW, ICE PELLETS, HAIL    4 = ICE PELLETS
                        TOTAL MONTH:   0.0 INCH    5 = HAIL
                        GRTST 24HR     0.0         6 = FREEZING RAIN OR DRIZZLE
                        GRTST DEPTH:   0           7 = DUSTSTORM OR SANDSTORM:
                                                       VSBY 1/2 MILE OR LESS
                                                   8 = SMOKE OR HAZE
[NO. OF DAYS WITH]      [WEATHER - DAYS WITH]      9 = BLOWING SNOW
                                                   X = TORNADO
MAX 32 OR BELOW:   0    0.01 INCH OR MORE:  13
MAX 90 OR ABOVE:   1    0.10 INCH OR MORE:   9
MIN 32 OR BELOW:   0    0.50 INCH OR MORE:   5
MIN  0 OR BELOW:   0    1.00 INCH OR MORE:   2

[HDD (BASE 65) ]
TOTAL THIS MO.     9    CLEAR  (SCALE 0-3)  15
DPTR FM NORMAL   -20    PTCLDY (SCALE 4-7)  13
TOTAL FM JUL 1  6966    CLOUDY (SCALE 8-10)  2
DPTR FM NORMAL   100

[CDD (BASE 65) ]
TOTAL THIS MO.   145
DPTR FM NORMAL   -21    [PRESSURE DATA]
TOTAL FM JAN 1   195    HIGHEST SLP 30.24 ON  1
DPTR FM NORMAL   -20    LOWEST  SLP 29.62 ON 11

[REMARKS]
#FINAL-06-15#
