000
CXUS55 KDVN 301100
CF6CID
PRELIMINARY LOCAL CLIMATOLOGICAL DATA (WS FORM: F-6)

                                          STATION:   CEDAR RAPIDS IA
                                          MONTH:     JANUARY
                                          YEAR:      2015
                                          LATITUDE:   41 52 N
                                          LONGITUDE:  91 42 W

  TEMPERATURE IN F:       :PCPN:    SNOW:  WIND      :SUNSHINE: SKY     :PK WND
================================================================================
1   2   3   4   5  6A  6B    7    8   9   10  11  12  13   14  15   16   17  18
                                     12Z  AVG MX 2MIN
DY MAX MIN AVG DEP HDD CDD  WTR  SNW DPTH SPD SPD DIR MIN PSBL S-S WX    SPD DR
================================================================================

 1  37  12  25   5  40   0 0.00    M    M 11.7 22 240   M    M   1        26 240
 2  33  12  23   3  42   0    T    M    M  4.5  9 120   M    M   2        11 120
 3  34  28  31  11  34   0    T    M    M  4.7 14 360   M    M  10 12     16 360
 4  31  -4  14  -6  51   0 0.10    M    M 20.5 30 320   M    M   5 189    38 330
 5   7  -8   0 -20  65   0 0.24    M    M  8.5 16 160   M    M   5 128    22 150
 6   9  -9   0 -20  65   0 0.01    M    M 13.8 33 320   M    M   4 189    38 320
 7   4 -15  -5 -24  70   0 0.00    M    M 16.5 28 320   M    M   2 89     35 320
 8  21 -14   4 -15  61   0 0.03    M    M 20.6 38 310   M    M   6 19     48 310
 9   9  -6   2 -17  63   0    T    M    M 17.5 40 320   M    M   4 89     49 320
10  25  -9   8 -11  57   0 0.00    M    M  9.7 23 190   M    M   3        29 190
11  30  12  21   2  44   0 0.00    M    M  6.3 13 350   M    M   0 8      15 350
12  18  -4   7 -12  58   0 0.00    M    M 12.1 21 340   M    M   1        26 360
13  20  -7   7 -12  58   0 0.00    M    M  5.5 12 360   M    M   1        12 100
14  26   4  15  -4  50   0 0.00    M    M  6.4 13 200   M    M   7 18     15 180
15  36  16  26   7  39   0 0.00    M    M  9.4 16 290   M    M   0 1      20 290
16  40  17  29  10  36   0 0.00    M    M  8.9 16 160   M    M   0 12     21 160
17  42  34  38  19  27   0    T    M    M 16.0 25 290   M    M   5        33 280
18  43  24  34  15  31   0 0.00    M    M 10.6 20 290   M    M   0        25 280
19  42  22  32  13  33   0    T    M    M  6.0 16 170   M    M   4 1      20 170
20  39  29  34  15  31   0 0.00    M    M  7.8 17 290   M    M   7 1      20 300
21  35  29  32  13  33   0 0.01    M    M 12.3 20 300   M    M  10 16     23 300
22  31  27  29   9  36   0 0.00    M    M  7.6 14 230   M    M  10 1      17 330
23  40  21  31  11  34   0 0.00    M    M 10.4 18 210   M    M   4 18     23 200
24  49  23  36  16  29   0 0.00    M    M  7.4 15 260   M    M   0        18 260
25  36  18  27   7  38   0 0.08    M    M 12.5 26  50   M    M   9 1      35  50
26  39  20  30  10  35   0 0.01    M    M  8.2 15 160   M    M  10 1      19 160
27  33  27  30  10  35   0 0.00    M    M  7.5 16  30   M    M   8 1      20  30
28  39  25  32  12  33   0 0.00    M    M 12.7 21 140   M    M   4 18     29 140
29  35  23  29   9  36   0    T    M    M 20.3 30 320   M    M   9 1      39 320
================================================================================
SM  883  347      1264   0  0.48    M    315.9          M      131
================================================================================
AV 30.4 12.0                              10.9 FASTST   M    M   5    MAX(MPH)
                                 MISC ---->  # 40 320               # 49  320
================================================================================
NOTES:
# LAST OF SEVERAL OCCURRENCES

COLUMN 17 PEAK WIND IN M.P.H.

PRELIMINARY LOCAL CLIMATOLOGICAL DATA (WS FORM: F-6) , PAGE 2

                                          STATION:  CEDAR RAPIDS IA
                                          MONTH:    JANUARY
                                          YEAR:     2015
                                          LATITUDE:   41 52 N
                                          LONGITUDE:  91 42 W

[TEMPERATURE DATA]      [PRECIPITATION DATA]       SYMBOLS USED IN COLUMN 16

AVERAGE MONTHLY: 21.2   TOTAL FOR MONTH:   0.48    1 = FOG OR MIST
DPTR FM NORMAL:   1.7   DPTR FM NORMAL:   -0.37    2 = FOG REDUCING VISIBILITY
HIGHEST:    49 ON 24    GRTST 24HR  0.24 ON  5- 5      TO 1/4 MILE OR LESS
LOWEST:    -15 ON  7                               3 = THUNDER
                        SNOW, ICE PELLETS, HAIL    4 = ICE PELLETS
                        TOTAL MONTH:    M          5 = HAIL
                        GRTST 24HR    M  ON   M    6 = FREEZING RAIN OR DRIZZLE
                        GRTST DEPTH:  M  ON   M    7 = DUSTSTORM OR SANDSTORM:
                                                       VSBY 1/2 MILE OR LESS
                                                   8 = SMOKE OR HAZE
[NO. OF DAYS WITH]      [WEATHER - DAYS WITH]      9 = BLOWING SNOW
                                                   X = TORNADO
MAX 32 OR BELOW:  12    0.01 INCH OR MORE:   7
MAX 90 OR ABOVE:   0    0.10 INCH OR MORE:   2
MIN 32 OR BELOW:  28    0.50 INCH OR MORE:   0
MIN  0 OR BELOW:   9    1.00 INCH OR MORE:   0

[HDD (BASE 65) ]
TOTAL THIS MO.  1264    CLEAR  (SCALE 0-3)  11
DPTR FM NORMAL   -58    PTCLDY (SCALE 4-7)  12
TOTAL FM JUL 1  3972    CLOUDY (SCALE 8-10)  6
DPTR FM NORMAL   -89

[CDD (BASE 65) ]
TOTAL THIS MO.     0
DPTR FM NORMAL     0    [PRESSURE DATA]
TOTAL FM JAN 1     0    HIGHEST SLP M ON M
DPTR FM NORMAL     0    LOWEST  SLP 29.58 ON 25

[REMARKS]
