000
CXUS51 KCLE 240800
CF6CLE
PRELIMINARY LOCAL CLIMATOLOGICAL DATA (WS FORM: F-6)

                                          STATION:   CLEVELAND OH
                                          MONTH:     SEPTEMBER
                                          YEAR:      2017
                                          LATITUDE:   41 24 N
                                          LONGITUDE:  81 51 W

  TEMPERATURE IN F:       :PCPN:    SNOW:  WIND      :SUNSHINE: SKY     :PK WND
================================================================================
1   2   3   4   5  6A  6B    7    8   9   10  11  12  13   14  15   16   17  18
                                     12Z  AVG MX 2MIN
DY MAX MIN AVG DEP HDD CDD  WTR  SNW DPTH SPD SPD DIR MIN PSBL S-S WX    SPD DR
================================================================================

 1  71  56  64  -6   1   0 0.00  0.0    0 12.8 22  40   M    M  10        28  50
 2  66  59  63  -7   2   0 0.12  0.0    0  8.8 15 120   M    M  10 1      19  80
 3  78  61  70   1   0   5 0.04  0.0    0  9.3 18 280   M    M   7 13     26 280
 4  88  62  75   6   0  10 0.26  0.0    0 14.2 28 210   M    M   4 13     37 210
 5  78  57  68  -1   0   3 0.05  0.0    0  7.5 24 280   M    M   7 138    32 290
 6  69  52  61  -7   4   0 0.04  0.0    0  6.9 25 290   M    M   6 3      33 290
 7  70  50  60  -8   5   0 0.09  0.0    0 10.0 20 290   M    M   8 13     26 280
 8  69  53  61  -7   4   0 0.16  0.0    0  8.5 18 290   M    M   7 13     24 280
 9  69  50  60  -8   5   0 0.00  0.0    0  7.9 18  10   M    M   4        24  10
10  72  45  59  -8   6   0 0.00  0.0    0  6.7 18  40   M    M   0        22  20
11  77  50  64  -3   1   0 0.00  0.0    0  7.5 18  30   M    M   7        23  40
12  77  53  65  -1   0   0 0.00  0.0    0  5.6 15  30   M    M   8        20  30
13  83  64  74   8   0   9 0.04  0.0    0  6.7 20 210   M    M   8        26 210
14  75  61  68   2   0   3 0.01  0.0    0  4.8 12 270   M    M   7        17 230
15  81  56  69   4   0   4 0.00  0.0    0  4.1 13  20   M    M   2 1      17  10
16  81  60  71   6   0   6 0.00  0.0    0  3.7 12  10   M    M   2 1      15  30
17  85  63  74   9   0   9 0.00  0.0    0  3.5 12 360   M    M   4 1      14 350
18  88  62  75  11   0  10 0.00  0.0    0  5.6 13 350   M    M   7 1      17 350
19  83  66  75  11   0  10    T  0.0    0  4.7 14 200   M    M   9        17 200
20  88  68  78  15   0  13 0.00  0.0    0  4.0 14 360   M    M   6 1      16  10
21  92  64  78  15   0  13 0.00  0.0    0  4.5 13  30   M    M   2 1      16  10
22  92  64  78  15   0  13 0.00  0.0    0  3.6 15  40   M    M   2        18  10
23  91  62  77  15   0  12 0.00  0.0    0  3.6 13  10   M    M   0        18  20
================================================================================
SM 1823 1338        28 120  0.81     0.0 154.5          M      127
================================================================================
AV 79.3 58.2                               6.7 FASTST   M    M   6    MAX(MPH)
                                 MISC ---->  # 28 210               # 37  210
================================================================================
NOTES:
# LAST OF SEVERAL OCCURRENCES

COLUMN 17 PEAK WIND IN M.P.H.

PRELIMINARY LOCAL CLIMATOLOGICAL DATA (WS FORM: F-6) , PAGE 2

                                          STATION:  CLEVELAND OH
                                          MONTH:    SEPTEMBER
                                          YEAR:     2017
                                          LATITUDE:   41 24 N
                                          LONGITUDE:  81 51 W

[TEMPERATURE DATA]      [PRECIPITATION DATA]       SYMBOLS USED IN COLUMN 16

AVERAGE MONTHLY: 68.7   TOTAL FOR MONTH:   0.81    1 = FOG OR MIST
DPTR FM NORMAL:   2.4   DPTR FM NORMAL:   -2.12    2 = FOG REDUCING VISIBILITY
HIGHEST:    92 ON 22,21 GRTST 24HR  0.26 ON  4- 4      TO 1/4 MILE OR LESS
LOWEST:     45 ON 10                               3 = THUNDER
                        SNOW, ICE PELLETS, HAIL    4 = ICE PELLETS
                        TOTAL MONTH:   0.0 INCH    5 = HAIL
                        GRTST 24HR     0.0         6 = FREEZING RAIN OR DRIZZLE
                        GRTST DEPTH:   0           7 = DUSTSTORM OR SANDSTORM:
                                                       VSBY 1/2 MILE OR LESS
                                                   8 = SMOKE OR HAZE
[NO. OF DAYS WITH]      [WEATHER - DAYS WITH]      9 = BLOWING SNOW
                                                   X = TORNADO
MAX 32 OR BELOW:   0    0.01 INCH OR MORE:   9
MAX 90 OR ABOVE:   3    0.10 INCH OR MORE:   3
MIN 32 OR BELOW:   0    0.50 INCH OR MORE:   0
MIN  0 OR BELOW:   0    1.00 INCH OR MORE:   0

[HDD (BASE 65) ]
TOTAL THIS MO.    28    CLEAR  (SCALE 0-3)   6
DPTR FM NORMAL   -22    PTCLDY (SCALE 4-7)  13
TOTAL FM JUL 1    30    CLOUDY (SCALE 8-10)  4
DPTR FM NORMAL   -32

[CDD (BASE 65) ]
TOTAL THIS MO.   120
DPTR FM NORMAL    41    [PRESSURE DATA]
TOTAL FM JAN 1  1011    HIGHEST SLP M ON M
DPTR FM NORMAL   217    LOWEST  SLP 29.69 ON  4

[REMARKS]
