000
CXUS55 KLOX 251655
CF6CMA
PRELIMINARY LOCAL CLIMATOLOGICAL DATA (WS FORM: F-6)

                                          STATION:   CAMARILLO AIRPORT CA
                                          MONTH:     JUNE
                                          YEAR:      2017
                                          LATITUDE:   34 12 N
                                          LONGITUDE: 119  6 W

  TEMPERATURE IN F:       :PCPN:    SNOW:  WIND      :SUNSHINE: SKY     :PK WND
================================================================================
1   2   3   4   5  6A  6B    7    8   9   10  11  12  13   14  15   16   17  18
                                     12Z  AVG MX 2MIN
DY MAX MIN AVG DEP HDD CDD  WTR  SNW DPTH SPD SPD DIR MIN PSBL S-S WX    SPD DR
================================================================================

 1  73  60  67   4   0   2 0.00  0.0    0  5.2 14 210   M    M   5        24 220
 2  73  57  65   2   0   0 0.00  0.0    0  5.3 14 260   M    M   1 8      17 260
 3  74  59  67   4   0   2 0.00  0.0    0  5.7 14 240   M    M   6 18     18 230
 4  71  59  65   2   0   0 0.00  0.0    0  4.5 14 220   M    M   5 1      16 220
 5  70  58  64   1   1   0 0.00  0.0    0  4.1 13 220   M    M   8 18     16 220
 6  67  58  63   0   2   0 0.00  0.0    0  4.9 10 240   M    M  10 18     14 240
 7  68  59  64   0   1   0 0.00  0.0    0  5.6 13 260   M    M  10 1      16 250
 8  68  57  63  -1   2   0 0.00  0.0    0  6.1 18 260   M    M   6 1      29 210
 9  73  53  63  -1   2   0 0.00  0.0    0  6.9 20 260   M    M   4 1      22 270
10  69  58  64   0   1   0 0.00  0.0    0  5.5 13 260   M    M   8        17 220
11  70  55  63  -1   2   0 0.00  0.0    0  7.2 21 260   M    M   4        24 260
12  72  47  60  -4   5   0 0.00  0.0    0  5.3 15 240   M    M   0        20 240
13  75  49  62  -2   3   0 0.00  0.0    0  5.3 15 240   M    M   0        18 220
14  79  55  67   3   0   2 0.00  0.0    0  4.7 14 220   M    M   0        17 220
15  83  57  70   6   0   5 0.00  0.0    0  4.2 13 230   M    M   0 1      16 230
16  81  59  70   6   0   5 0.00  0.0    0  5.2 14 240   M    M   1 12     18 230
17  79  59  69   5   0   4 0.00  0.0    0  5.2 12 220   M    M   2 128    16 240
18  75  61  68   3   0   3 0.00  0.0    0  5.0 14 240   M    M   4 18     18 240
19  80  61  71   6   0   6 0.00  0.0    0  4.6 13 240   M    M   4 128    19 250
20  76  61  69   4   0   4 0.00  0.0    0  5.1 12 270   M    M   4 1      16 260
21  78  61  70   5   0   5 0.00  0.0    0  4.9 12 270   M    M   1 18     15 270
22  74  61  68   3   0   3 0.00  0.0    0  5.7 18 230   M    M   7 18     23 220
23  71  61  66   1   0   1 0.00  0.0    0  5.3 13 270   M    M   9 1      16 260
24  74  60  67   2   0   2 0.00  0.0    0  5.7 13 230   M    M   4 1      18 240
================================================================================
SM 1773 1385        19  44  0.00     0.0 127.3          M      103
================================================================================
AV 73.9 57.7                               5.3 FASTST   M    M   4    MAX(MPH)
                                 MISC ---->  # 21 260               # 29  210
================================================================================
NOTES:
# LAST OF SEVERAL OCCURRENCES

COLUMN 17 PEAK WIND IN M.P.H.

PRELIMINARY LOCAL CLIMATOLOGICAL DATA (WS FORM: F-6) , PAGE 2

                                          STATION:  CAMARILLO AIRPORT CA
                                          MONTH:    JUNE
                                          YEAR:     2017
                                          LATITUDE:   34 12 N
                                          LONGITUDE: 119  6 W

[TEMPERATURE DATA]      [PRECIPITATION DATA]       SYMBOLS USED IN COLUMN 16

AVERAGE MONTHLY: 65.8   TOTAL FOR MONTH:   0.00    1 = FOG OR MIST
DPTR FM NORMAL:   1.8   DPTR FM NORMAL:   -0.05    2 = FOG REDUCING VISIBILITY
HIGHEST:    83 ON 15    GRTST 24HR    T  ON 31- 1      TO 1/4 MILE OR LESS
LOWEST:     47 ON 12                               3 = THUNDER
                        SNOW, ICE PELLETS, HAIL    4 = ICE PELLETS
                        TOTAL MONTH:   0.0 INCH    5 = HAIL
                        GRTST 24HR     0.0         6 = FREEZING RAIN OR DRIZZLE
                        GRTST DEPTH:   0           7 = DUSTSTORM OR SANDSTORM:
                                                       VSBY 1/2 MILE OR LESS
                                                   8 = SMOKE OR HAZE
[NO. OF DAYS WITH]      [WEATHER - DAYS WITH]      9 = BLOWING SNOW
                                                   X = TORNADO
MAX 32 OR BELOW:   0    0.01 INCH OR MORE:   0
MAX 90 OR ABOVE:   0    0.10 INCH OR MORE:   0
MIN 32 OR BELOW:   0    0.50 INCH OR MORE:   0
MIN  0 OR BELOW:   0    1.00 INCH OR MORE:   0

[HDD (BASE 65) ]
TOTAL THIS MO.    19    CLEAR  (SCALE 0-3)   8
DPTR FM NORMAL   -17    PTCLDY (SCALE 4-7)  12
TOTAL FM JUL 1  1351    CLOUDY (SCALE 8-10)  4
DPTR FM NORMAL  -628

[CDD (BASE 65) ]
TOTAL THIS MO.    44
DPTR FM NORMAL    32    [PRESSURE DATA]
TOTAL FM JAN 1    85    HIGHEST SLP M ON M
DPTR FM NORMAL    42    LOWEST  SLP 29.64 ON 21

[REMARKS]
