000
CXUS53 KTOP 300800
CF6CNK
PRELIMINARY LOCAL CLIMATOLOGICAL DATA (WS FORM: F-6)

                                          STATION:   Concordia KS
                                          MONTH:     JULY
                                          YEAR:      2015
                                          LATITUDE:   39 32 N
                                          LONGITUDE:  97 39 W

  TEMPERATURE IN F:       :PCPN:    SNOW:  WIND      :SUNSHINE: SKY     :PK WND
================================================================================
1   2   3   4   5  6A  6B    7    8   9   10  11  12  13   14  15   16   17  18
                                     12Z  AVG MX 2MIN
DY MAX MIN AVG DEP HDD CDD  WTR  SNW DPTH SPD SPD DIR MIN PSBL S-S WX    SPD DR
================================================================================

 1  92  71  82   4   0  17 0.00  0.0    0  8.1 20  10   M    M   0 18     24  10
 2  84  64  74  -4   0   9 0.12  0.0    0  5.4 22  40   M    M   6 13     29  40
 3  80  63  72  -6   0   7    T  0.0    0  6.8 15  30   M    M   6 12     18  30
 4  86  57  72  -6   0   7 0.00  0.0    0  8.6 17 130   M    M   0 18     22 160
 5  97  71  84   5   0  19 0.00  0.0    0 15.8 28 180   M    M   0        33 180
 6  85  66  76  -3   0  11 0.40  0.0    0 12.8 26 190   M    M   6 138    34 180
 7  74  58  66 -13   0   1 0.00  0.0    0  9.6 21  30   M    M   2 18     25  30
 8  77  53  65 -14   0   0    T  0.0    0  3.7 10  20   M    M   1        12  70
 9  82  62  72  -7   0   7    T  0.0    0  5.9 14 160   M    M   3 128    17 160
10  82  64  73  -6   0   8 0.33  0.0    0 11.2 21 160   M    M   4 1      25 150
11  94  68  81   2   0  16 0.00  0.0    0 13.5 22 190   M    M   1        28 190
12  97  74  86   7   0  21 0.00  0.0    0 11.0 20 190   M    M   0 3      26 190
13  96  74  85   6   0  20 0.00  0.0    0  8.9 17  20   M    M   0        22  20
14  97  73  85   6   0  20 0.00  0.0    0  5.5 16 210   M    M   0        20 210
15  86  69  78  -1   0  13 1.00  0.0    0  9.6 37 220   M    M   2 13     57 230
16  93  70  82   3   0  17 0.12  0.0    0  7.8 18 320   M    M   1 13     24 310
17  94  69  82   3   0  17 0.00  0.0    0  9.9 22 150   M    M   0        26 150
18  92  71  82   3   0  17 0.00  0.0    0  8.5 22  10   M    M   1        27  10
19  86  68  77  -2   0  12 1.33  0.0    0  6.4 32 260   M    M   2 13     42 260
20  87  68  78  -1   0  13 0.14  0.0    0  7.4 18 320   M    M   2 13     23 320
21  81  61  71  -8   0   6 0.00  0.0    0  4.8 13  70   M    M   0 8      17  80
22  83  62  73  -6   0   8 0.00  0.0    0  7.7 15 150   M    M   3        19 150
23  90  67  79   0   0  14 0.00  0.0    0  9.5 16 150   M    M   2 1      24 130
24 101  70  86   7   0  21    T  0.0    0  7.6 25 340   M    M   1 3      33 330
25  79  72  76  -3   0  11 0.13  0.0    0  8.0 26 100   M    M   3 13     35 100
26  92  72  82   3   0  17    T  0.0    0  6.9 20 270   M    M   1 1      24 260
27  92  72  82   3   0  17    T  0.0    0 10.9 21 290   M    M   0        26 150
28  96  73  85   6   0  20 0.00  0.0    0 13.2 23 180   M    M   2 3      32 180
29  83  63  73  -6   0   8 0.00  0.0    0  6.0 17  40   M    M   2 3      21  50
================================================================================
SM 2558 1945         0 374  3.57     0.0 251.0          M       51
================================================================================
AV 88.2 67.1                               8.7 FASTST   M    M   2    MAX(MPH)
                                 MISC ---->  # 37 220               # 57  230
================================================================================
NOTES:
# LAST OF SEVERAL OCCURRENCES

COLUMN 17 PEAK WIND IN M.P.H.

PRELIMINARY LOCAL CLIMATOLOGICAL DATA (WS FORM: F-6) , PAGE 2

                                          STATION:  Concordia KS
                                          MONTH:    JULY
                                          YEAR:     2015
                                          LATITUDE:   39 32 N
                                          LONGITUDE:  97 39 W

[TEMPERATURE DATA]      [PRECIPITATION DATA]       SYMBOLS USED IN COLUMN 16

AVERAGE MONTHLY: 77.6   TOTAL FOR MONTH:   3.57    1 = FOG OR MIST
DPTR FM NORMAL:  -1.2   DPTR FM NORMAL:   -0.12    2 = FOG REDUCING VISIBILITY
HIGHEST:   101 ON 24    GRTST 24HR  1.47 ON 19-20      TO 1/4 MILE OR LESS
LOWEST:     53 ON  8                               3 = THUNDER
                        SNOW, ICE PELLETS, HAIL    4 = ICE PELLETS
                        TOTAL MONTH:   0.0 INCH    5 = HAIL
                        GRTST 24HR     0.0         6 = FREEZING RAIN OR DRIZZLE
                        GRTST DEPTH:   0           7 = DUSTSTORM OR SANDSTORM:
                                                       VSBY 1/2 MILE OR LESS
                                                   8 = SMOKE OR HAZE
[NO. OF DAYS WITH]      [WEATHER - DAYS WITH]      9 = BLOWING SNOW
                                                   X = TORNADO
MAX 32 OR BELOW:   0    0.01 INCH OR MORE:   8
MAX 90 OR ABOVE:  14    0.10 INCH OR MORE:   8
MIN 32 OR BELOW:   0    0.50 INCH OR MORE:   2
MIN  0 OR BELOW:   0    1.00 INCH OR MORE:   2

[HDD (BASE 65) ]
TOTAL THIS MO.     0    CLEAR  (SCALE 0-3)  25
DPTR FM NORMAL     0    PTCLDY (SCALE 4-7)   4
TOTAL FM JUL 1     0    CLOUDY (SCALE 8-10)  0
DPTR FM NORMAL     0

[CDD (BASE 65) ]
TOTAL THIS MO.   374
DPTR FM NORMAL   -28    [PRESSURE DATA]
TOTAL FM JAN 1   738    HIGHEST SLP M ON M
DPTR FM NORMAL   -18    LOWEST  SLP 29.67 ON 13

[REMARKS]
