353
CXUS53 KTOP 010800
CF6CNK
PRELIMINARY LOCAL CLIMATOLOGICAL DATA (WS FORM: F-6)

                                          STATION:   Concordia KS
                                          MONTH:     APRIL
                                          YEAR:      2016
                                          LATITUDE:   39 32 N
                                          LONGITUDE:  97 39 W

  TEMPERATURE IN F:       :PCPN:    SNOW:  WIND      :SUNSHINE: SKY     :PK WND
================================================================================
1   2   3   4   5  6A  6B    7    8   9   10  11  12  13   14  15   16   17  18
                                     12Z  AVG MX 2MIN
DY MAX MIN AVG DEP HDD CDD  WTR  SNW DPTH SPD SPD DIR MIN PSBL S-S WX    SPD DR
================================================================================

 1  50  30  40  -8  25   0 0.00  0.0    0 15.6 33 340   M    M   1        44 330
 2  68  30  49   0  16   0 0.00  0.0    0 11.3 20 310   M    M   1        30 330
 3  81  47  64  15   1   0 0.00  0.0    0 14.4 25 260   M    M   0        33 230
 4  66  44  55   6  10   0 0.00  0.0    0  8.6 17  40   M    M   1 8      20  40
 5  78  46  62  12   3   0 0.03  0.0    0 15.5 29 310   M    M   1 38     39 320
 6  66  47  57   7   8   0    T  0.0    0 17.7 33 320   M    M   2        50 300
 7  65  42  54   4  11   0 0.00  0.0    0 16.9 39 340   M    M   1        48 350
 8  67  30  49  -2  16   0 0.00  0.0    0  8.6 22 330   M    M   1        32 300
 9  71  29  50  -1  15   0 0.00  0.0    0 17.3 30 190   M    M   0        40 190
10  70  49  60   9   5   0 0.00  0.0    0 12.6 26 190   M    M   3        36 190
11  61  37  49  -3  16   0 0.00  0.0    0 10.9 21  40   M    M   3        27  30
12  66  30  48  -4  17   0 0.00  0.0    0 11.2 22 190   M    M   1 8      27 180
13  74  44  59   7   6   0 0.00  0.0    0 12.4 21 190   M    M   0 8      26 190
14  74  46  60   7   5   0 0.00  0.0    0 14.7 24 160   M    M   0 18     29 150
15  77  52  65  12   0   0 0.00  0.0    0 18.8 35 140   M    M   0 8      42 160
16  73  58  66  13   0   1 0.00  0.0    0 18.8 28 140   M    M   8        35 140
17  64  57  61   7   4   0 0.35  0.0    0 12.0 23 140   M    M  10 13     29 130
18  60  45  53  -1  12   0 0.43  0.0    0  9.9 20 330   M    M   8 1      25 320
19  64  47  56   2   9   0 0.22  0.0    0  6.8 16 360   M    M   8 1      19 360
20  65  48  57   2   8   0 0.14  0.0    0 11.2 23 300   M    M   6 1      31 290
21  70  47  59   4   6   0 0.01  0.0    0 11.1 22 320   M    M   5        27 310
22  72  44  58   3   7   0 0.00  0.0    0  6.4 14  30   M    M   0 18     18  20
23  80  50  65   9   0   0 0.00  0.0    0 19.0 31 170   M    M   0 18     41 160
24  77  59  68  12   0   3    T  0.0    0 17.0 30 180   M    M   1 3      37 180
25  77  48  63   7   2   0 0.00  0.0    0  6.0 16 330   M    M   1        21 340
26  80  58  69  12   0   4 0.09  0.0    0 13.2 31 130   M    M   7 13     39 130
27  59  41  50  -7  15   0 0.02  0.0    0 16.5 32 130   M    M   6 3      38 130
28  58  37  48  -9  17   0 0.00  0.0    0 10.7 20 280   M    M   6        27 330
29  49  45  47 -11  18   0 0.51  0.0    0 13.2 25  60   M    M  10 138    33  60
30  56  46  51  -7  14   0 0.10  0.0    0  9.1 18 280   M    M  10 1      23 280
================================================================================
SM 2038 1333       266   8  1.90     0.0 387.4          M      101
================================================================================
AV 67.9 44.4                              12.9 FASTST   M    M   3    MAX(MPH)
                                 MISC ---->  # 39 340               # 50  300
================================================================================
NOTES:
# LAST OF SEVERAL OCCURRENCES

COLUMN 17 PEAK WIND IN M.P.H.

PRELIMINARY LOCAL CLIMATOLOGICAL DATA (WS FORM: F-6) , PAGE 2

                                          STATION:  Concordia KS
                                          MONTH:    APRIL
                                          YEAR:     2016
                                          LATITUDE:   39 32 N
                                          LONGITUDE:  97 39 W

[TEMPERATURE DATA]      [PRECIPITATION DATA]       SYMBOLS USED IN COLUMN 16

AVERAGE MONTHLY: 56.2   TOTAL FOR MONTH:   1.90    1 = FOG OR MIST
DPTR FM NORMAL:   3.1   DPTR FM NORMAL:   -0.55    2 = FOG REDUCING VISIBILITY
HIGHEST:    81 ON  3    GRTST 24HR  0.61 ON 29-30      TO 1/4 MILE OR LESS
LOWEST:     29 ON  9                               3 = THUNDER
                        SNOW, ICE PELLETS, HAIL    4 = ICE PELLETS
                        TOTAL MONTH:   0.0 INCH    5 = HAIL
                        GRTST 24HR     0.0         6 = FREEZING RAIN OR DRIZZLE
                        GRTST DEPTH:   0           7 = DUSTSTORM OR SANDSTORM:
                                                       VSBY 1/2 MILE OR LESS
                                                   8 = SMOKE OR HAZE
[NO. OF DAYS WITH]      [WEATHER - DAYS WITH]      9 = BLOWING SNOW
                                                   X = TORNADO
MAX 32 OR BELOW:   0    0.01 INCH OR MORE:  10
MAX 90 OR ABOVE:   0    0.10 INCH OR MORE:   6
MIN 32 OR BELOW:   5    0.50 INCH OR MORE:   1
MIN  0 OR BELOW:   0    1.00 INCH OR MORE:   0

[HDD (BASE 65) ]
TOTAL THIS MO.   266    CLEAR  (SCALE 0-3)  18
DPTR FM NORMAL  -107    PTCLDY (SCALE 4-7)   8
TOTAL FM JUL 1  4225    CLOUDY (SCALE 8-10)  4
DPTR FM NORMAL -1039

[CDD (BASE 65) ]
TOTAL THIS MO.     8
DPTR FM NORMAL    -8    [PRESSURE DATA]
TOTAL FM JAN 1    11    HIGHEST SLP M ON M
DPTR FM NORMAL    -6    LOWEST  SLP 29.30 ON 27

[REMARKS]
#FINAL-04-16#
