906
CXUS56 KSGX 231545
CF6CNO
PRELIMINARY LOCAL CLIMATOLOGICAL DATA (WS FORM: F-6)

                                          STATION:   CHINO AIRPORT CA
                                          MONTH:     JANUARY
                                          YEAR:      2017
                                          LATITUDE:   33 58 N
                                          LONGITUDE: 117 38 W

  TEMPERATURE IN F:       :PCPN:    SNOW:  WIND      :SUNSHINE: SKY     :PK WND
================================================================================
1   2   3   4   5  6A  6B    7    8   9   10  11  12  13   14  15   16   17  18
                                     12Z  AVG MX 2MIN
DY MAX MIN AVG DEP HDD CDD  WTR  SNW DPTH SPD SPD DIR MIN PSBL S-S WX    SPD DR
================================================================================

 1  59  37  48  -5  17   0 0.00  0.0    0  4.2 15 240   M    M   6 128    18 240
 2  57  46  52  -1  13   0 0.00  0.0    0  1.8  9 250   M    M   8 18     11 230
 3  58  42  50  -3  15   0 0.00  0.0    0  0.5  6 170   M    M   5 128     7 220
 4  64  39  52  -1  13   0    T    M    0  2.1 10 270   M    M   6 128    12 270
 5  63  54  59   6   6   0 0.46  0.0    0  5.3 18 220   M    M   8 1      22 220
 6  66  45  56   3   9   0 0.00  0.0    0  2.1 14 120   M    M   4 18     18 120
 7  70  48  59   6   6   0 0.02    M    0  2.4  8 100   M    M   6        10  90
 8  79  46  63  10   2   0 0.00  0.0    0  3.5 12 250   M    M   2 18     14 270
 9  62  54  58   5   7   0 0.47  0.0    0  3.2 10 300   M    M   8 138    12 330
10  59  48  54   1  11   0 0.05    M    0  2.9 13 270   M    M   8 128    14 270
11  65  50  58   5   7   0 0.19  0.0    0  6.3 15 230   M    M   8 1      18 220
12  54  51  53   0  12   0 1.29  0.0    0  2.2  9 180   M    M  10 1      12 330
13  64  48  56   3   9   0 0.02    M    0  5.2 17 110   M    M   7 1      23  90
14  71  42  57   4   8   0 0.00  0.0    0  3.7 14 280   M    M   2 128    17 280
15  65  41  53   0  12   0 0.00  0.0    0  2.0  7 310   M    M   3 18      9 320
16  68  48  58   5   7   0 0.00  0.0    0  3.3 12 310   M    M   5 18     15 300
17  69  39  54   1  11   0 0.00  0.0    0  3.1 14 280   M    M   1 18     16 280
18  62  38  50  -3  15   0 0.01    M    0  4.3 16 250   M    M   4 18     20 270
19  63  50  57   4   8   0 0.98  0.0    0  7.5 20 230   M    M   8 18     24 230
20  59  49  54   1  11   0 0.70    M    0  9.4 28 240   M    M   8 1      37 240
21  60  42  51  -2  14   0 0.00  0.0    0  6.7 14 240   M    M   5        19 260
22  56  50  53   0  12   0 2.96  0.0    0  5.6 22 210   M    M  10 1      27 200
================================================================================
SM 1393 1007       225   0  7.15     0.0  87.3          M      132
================================================================================
AV 63.3 45.8                               4.0 FASTST   M    M   6    MAX(MPH)
                                 MISC ---->  # 28 240               # 37  240
================================================================================
NOTES:
# LAST OF SEVERAL OCCURRENCES

COLUMN 17 PEAK WIND IN M.P.H.

PRELIMINARY LOCAL CLIMATOLOGICAL DATA (WS FORM: F-6) , PAGE 2

                                          STATION:  CHINO AIRPORT CA
                                          MONTH:    JANUARY
                                          YEAR:     2017
                                          LATITUDE:   33 58 N
                                          LONGITUDE: 117 38 W

[TEMPERATURE DATA]      [PRECIPITATION DATA]       SYMBOLS USED IN COLUMN 16

AVERAGE MONTHLY: 54.5   TOTAL FOR MONTH:   7.15    1 = FOG OR MIST
DPTR FM NORMAL:   1.5   DPTR FM NORMAL:    4.74    2 = FOG REDUCING VISIBILITY
HIGHEST:    79 ON  8    GRTST 24HR  2.96 ON 22-22      TO 1/4 MILE OR LESS
LOWEST:     37 ON  1                               3 = THUNDER
                        SNOW, ICE PELLETS, HAIL    4 = ICE PELLETS
                        TOTAL MONTH:   0.0 INCH    5 = HAIL
                        GRTST 24HR     0.0         6 = FREEZING RAIN OR DRIZZLE
                        GRTST DEPTH:   0           7 = DUSTSTORM OR SANDSTORM:
                                                       VSBY 1/2 MILE OR LESS
                                                   8 = SMOKE OR HAZE
[NO. OF DAYS WITH]      [WEATHER - DAYS WITH]      9 = BLOWING SNOW
                                                   X = TORNADO
MAX 32 OR BELOW:   0    0.01 INCH OR MORE:  11
MAX 90 OR ABOVE:   0    0.10 INCH OR MORE:   7
MIN 32 OR BELOW:   0    0.50 INCH OR MORE:   4
MIN  0 OR BELOW:   0    1.00 INCH OR MORE:   2

[HDD (BASE 65) ]
TOTAL THIS MO.   225    CLEAR  (SCALE 0-3)   4
DPTR FM NORMAL   -39    PTCLDY (SCALE 4-7)  12
TOTAL FM JUL 1   614    CLOUDY (SCALE 8-10)  6
DPTR FM NORMAL  -330

[CDD (BASE 65) ]
TOTAL THIS MO.     0
DPTR FM NORMAL     0    [PRESSURE DATA]
TOTAL FM JAN 1     0    HIGHEST SLP M ON M
DPTR FM NORMAL     0    LOWEST  SLP 29.35 ON 20

[REMARKS]
