000
CXUS53 KICT 230800
CF6CNU
PRELIMINARY LOCAL CLIMATOLOGICAL DATA (WS FORM: F-6)

                                          STATION:   CHANUTE KS
                                          MONTH:     NOVEMBER
                                          YEAR:      2017
                                          LATITUDE:   37 40 N
                                          LONGITUDE:  95 29 W

  TEMPERATURE IN F:       :PCPN:    SNOW:  WIND      :SUNSHINE: SKY     :PK WND
================================================================================
1   2   3   4   5  6A  6B    7    8   9   10  11  12  13   14  15   16   17  18
                                     12Z  AVG MX 2MIN
DY MAX MIN AVG DEP HDD CDD  WTR  SNW DPTH SPD SPD DIR MIN PSBL S-S WX    SPD DR
================================================================================

 1  60  33  47  -6  18   0 0.00    M    M  9.4 20 180   M    M   3 1      26 170
 2  69  48  59   6   6   0 0.00    M    M  9.0 22 350   M    M   7 12     28 360
 3  51  43  47  -5  18   0    T    M    M  7.5 20  60   M    M   8 18     25  70
 4  56  46  51  -1  14   0 0.00    M    M  3.5 10 130   M    M   9 12     14 180
 5  62  42  52   1  13   0    T    M    M 10.2 18 350   M    M   8 128    24 340
 6  42  37  40 -11  25   0    T    M    M 10.0 15  40   M    M   8 18     20  40
 7  45  37  41  -9  24   0 0.00    M    M 10.8 17  10   M    M  10 1      24  10
 8  55  30  43  -7  22   0 0.00    M    M  4.8 12  40   M    M   0        15  30
 9  59  27  43  -7  22   0 0.00    M    M  5.6 15  40   M    M   0 8      20  50
10  53  30  42  -7  23   0 0.00    M    M  9.8 16  60   M    M   2        20  70
11  52  41  47  -2  18   0 0.02    M    M  9.7 20 160   M    M   8 18     23 150
12  56  46  51   3  14   0 0.00    M    M  6.5 15  20   M    M  10 1      18  30
13  56  46  51   3  14   0 0.02    M    M  5.9 13 130   M    M  10 1      16 150
14  58  53  56   9   9   0 0.03    M    M 11.9 18 180   M    M   9 1      40 200
15  62  36  49   2  16   0 0.33    M    M  8.4 22 360   M    M   4 1      29 340
16  61  32  47   1  18   0 0.00    M    M  8.4 16 170   M    M   3        20 170
17  77  58  68  22   0   3 0.00    M    M 16.3 26 190   M    M   6 1      34 190
18  70  38  54   9  11   0 0.08    M    M 16.0 30 320   M    M   4 1      43 320
19  56  26  41  -4  24   0 0.00    M    M  6.6 16 190   M    M   0        19 190
20  63  38  51   7  14   0 0.00    M    M 16.0 30 200   M    M   0        40 210
21  58  29  44   0  21   0 0.00    M    M 11.4 25 340   M    M   0        32 350
22  44  19  32 -11  33   0 0.00    M    M  4.4 13 360   M    M   0        15 360
================================================================================
SM 1265  835       377   3  0.48    M    202.1          M      109
================================================================================
AV 57.5 38.0                               9.2 FASTST   M    M   5    MAX(MPH)
                                 MISC ---->  # 30 320               # 43  320
================================================================================
NOTES:
# LAST OF SEVERAL OCCURRENCES

COLUMN 17 PEAK WIND IN M.P.H.

PRELIMINARY LOCAL CLIMATOLOGICAL DATA (WS FORM: F-6) , PAGE 2

                                          STATION:  CHANUTE KS
                                          MONTH:    NOVEMBER
                                          YEAR:     2017
                                          LATITUDE:   37 40 N
                                          LONGITUDE:  95 29 W

[TEMPERATURE DATA]      [PRECIPITATION DATA]       SYMBOLS USED IN COLUMN 16

AVERAGE MONTHLY: 47.7   TOTAL FOR MONTH:   0.48    1 = FOG OR MIST
DPTR FM NORMAL:  -0.6   DPTR FM NORMAL:   -1.41    2 = FOG REDUCING VISIBILITY
HIGHEST:    77 ON 17    GRTST 24HR  0.33 ON 15-15      TO 1/4 MILE OR LESS
LOWEST:     19 ON 22                               3 = THUNDER
                        SNOW, ICE PELLETS, HAIL    4 = ICE PELLETS
                        TOTAL MONTH:    M          5 = HAIL
                        GRTST 24HR    M  ON   M    6 = FREEZING RAIN OR DRIZZLE
                        GRTST DEPTH:  M  ON   M    7 = DUSTSTORM OR SANDSTORM:
                                                       VSBY 1/2 MILE OR LESS
                                                   8 = SMOKE OR HAZE
[NO. OF DAYS WITH]      [WEATHER - DAYS WITH]      9 = BLOWING SNOW
                                                   X = TORNADO
MAX 32 OR BELOW:   0    0.01 INCH OR MORE:   5
MAX 90 OR ABOVE:   0    0.10 INCH OR MORE:   1
MIN 32 OR BELOW:   7    0.50 INCH OR MORE:   0
MIN  0 OR BELOW:   0    1.00 INCH OR MORE:   0

[HDD (BASE 65) ]
TOTAL THIS MO.   377    CLEAR  (SCALE 0-3)   8
DPTR FM NORMAL     8    PTCLDY (SCALE 4-7)   7
TOTAL FM JUL 1   605    CLOUDY (SCALE 8-10)  7
DPTR FM NORMAL   -52

[CDD (BASE 65) ]
TOTAL THIS MO.     3
DPTR FM NORMAL     3    [PRESSURE DATA]
TOTAL FM JAN 1  1619    HIGHEST SLP M ON M
DPTR FM NORMAL    90    LOWEST  SLP 29.35 ON 18

[REMARKS]
