000
CXUS55 KRIW 210901
CF6COD
PRELIMINARY LOCAL CLIMATOLOGICAL DATA (WS FORM: F-6)

                                          STATION:   CODY WY
                                          MONTH:     DECEMBER
                                          YEAR:      2014
                                          LATITUDE:   44 31 N
                                          LONGITUDE: 109  1 W

  TEMPERATURE IN F:       :PCPN:    SNOW:  WIND      :SUNSHINE: SKY     :PK WND
================================================================================
1   2   3   4   5  6A  6B    7    8   9   10  11  12  13   14  15   16   17  18
                                     12Z  AVG MX 2MIN
DY MAX MIN AVG DEP HDD CDD  WTR  SNW DPTH SPD SPD DIR MIN PSBL S-S WX    SPD DR
================================================================================

 1  43  -8  18 -10  47   0    M    M    M  6.3 14 270   M    M   2        29 310
 2  39  12  26  -2  39   0    M    M    M  6.1 17 190   M    M   1        22 210
 3  46  12  29   1  36   0    M    M    M  4.3 13 210   M    M   3        16 260
 4  52  28  40  13  25   0 0.00  0.0    M 10.2 17 260   M    M   3        31 260
 5  54  32  43  16  22   0 0.00  0.0    0  5.8 13 270   M    M   3        17 270
 6  52  36  44  17  21   0 0.00  0.0    M  8.4 15 320   M    M   2        23 250
 7  52  39  46  19  19   0 0.00  0.0    M 10.8 21 260   M    M   0        35 260
 8  54  30  42  16  23   0 0.00  0.0    M  5.6 15 210   M    M   0         M  M
 9  55  36  46  20  19   0    M    M    M 10.8 21 230   M    M   1        30 250
10  57  30  44  18  21   0    M    M    M  7.0 14 210   M    M   0        24 250
11  55  32  44  18  21   0 0.00  0.0    M  7.2 16 200   M    M   0         M  M
12  52  32  42  16  23   0 0.00  0.0    M  4.6 13 140   M    M   0         M  M
13  54  32  43  17  22   0    M    M    M  6.7 17 140   M    M   3        17  10
14  34  25  30   5  35   0    M    M    M  9.0 15  10   M    M  10         M  M
15  28  10  19  -6  46   0    M    M    M  5.3 12 340   M    M   7        18 350
16  25   9  17  -8  48   0    M    M    M  3.3  9 210   M    M   5         M  M
17  27  12  20  -5  45   0    M    M    M  2.8  8  60   M    M   4         M  M
18  39  18  29   4  36   0    M    M    M  4.1 14 250   M    M   0        23 250
19  43  25  34   9  31   0    M    M    M  9.2 20 190   M    M   4        29 250
20  43  27  35  10  30   0    M    M    M  9.7 21 240   M    M   3        31 240
================================================================================
SM  904  469       609   0  0.00     0.0 137.2          M       51
================================================================================
AV 45.2 23.5                               6.9 FASTST   M    M   3    MAX(MPH)
                                 MISC ---->    21   M               # 35  260
================================================================================
NOTES:
# LAST OF SEVERAL OCCURRENCES

COLUMN 17 PEAK WIND IN M.P.H.

PRELIMINARY LOCAL CLIMATOLOGICAL DATA (WS FORM: F-6) , PAGE 2

                                          STATION:  CODY WY
                                          MONTH:    DECEMBER
                                          YEAR:     2014
                                          LATITUDE:   44 31 N
                                          LONGITUDE: 109  1 W

[TEMPERATURE DATA]      [PRECIPITATION DATA]       SYMBOLS USED IN COLUMN 16

AVERAGE MONTHLY: 34.3   TOTAL FOR MONTH:   0.00    1 = FOG OR MIST
DPTR FM NORMAL:   8.2   DPTR FM NORMAL:   -0.20    2 = FOG REDUCING VISIBILITY
HIGHEST:    57 ON 10    GRTST 24HR  0.00 ON 12-12      TO 1/4 MILE OR LESS
LOWEST:     -8 ON  1                               3 = THUNDER
                        SNOW, ICE PELLETS, HAIL    4 = ICE PELLETS
                        TOTAL MONTH:   0.0 INCH    5 = HAIL
                        GRTST 24HR     0.0         6 = FREEZING RAIN OR DRIZZLE
                        GRTST DEPTH:   0           7 = DUSTSTORM OR SANDSTORM:
                                                       VSBY 1/2 MILE OR LESS
                                                   8 = SMOKE OR HAZE
[NO. OF DAYS WITH]      [WEATHER - DAYS WITH]      9 = BLOWING SNOW
                                                   X = TORNADO
MAX 32 OR BELOW:   3    0.01 INCH OR MORE:   0
MAX 90 OR ABOVE:   0    0.10 INCH OR MORE:   0
MIN 32 OR BELOW:  17    0.50 INCH OR MORE:   0
MIN  0 OR BELOW:   1    1.00 INCH OR MORE:   0

[HDD (BASE 65) ]
TOTAL THIS MO.   609    CLEAR  (SCALE 0-3)  13
DPTR FM NORMAL     M    PTCLDY (SCALE 4-7)   6
TOTAL FM JUL 1  2163    CLOUDY (SCALE 8-10)  1
DPTR FM NORMAL     M

[CDD (BASE 65) ]
TOTAL THIS MO.     0
DPTR FM NORMAL     0    [PRESSURE DATA]
TOTAL FM JAN 1   244    HIGHEST SLP M ON M
DPTR FM NORMAL   244    LOWEST  SLP M ON M

[REMARKS]
